{"id":9934,"date":"2024-02-29T21:12:43","date_gmt":"2024-02-29T21:12:43","guid":{"rendered":"https:\/\/elouedshop.com\/?post_type=product&#038;p=9934"},"modified":"2024-02-29T21:12:44","modified_gmt":"2024-02-29T21:12:44","slug":"114-conseils-pour-memoriser-le-quran","status":"publish","type":"product","link":"https:\/\/elouedshop.com\/?product=114-conseils-pour-memoriser-le-quran","title":{"rendered":"114 conseils pour m\u00e9moriser le Quran"},"content":{"rendered":"<table class=\"ce-product-features\">\n<tbody>\n<tr class=\"ce-product-features__row\">\n<th class=\"ce-product-features__label\">Couverture<\/th>\n<td class=\"ce-product-features__value\">Souple<\/td>\n<\/tr>\n<tr class=\"ce-product-features__row\">\n<th class=\"ce-product-features__label\">Nb. Pages<\/th>\n<td class=\"ce-product-features__value\">176<\/td>\n<\/tr>\n<tr class=\"ce-product-features__row\">\n<th class=\"ce-product-features__label\">Langue<\/th>\n<td class=\"ce-product-features__value\">fran\u00e7aise<\/td>\n<\/tr>\n<\/tbody>\n<\/table>\n","protected":false},"excerpt":{"rendered":"<p>Voici enfin le livre qui ne laisse plus aucune excuse apr\u00e8s lui ! En\u00a0114\u00a0conseils, cet ouvrage fournit \u00e0 tous ses lecteurs les informations, la motivation et les m\u00e9thodes n\u00e9cessaires pour d\u00e9buter, poursuivre ou achever la m\u00e9morisation du Qur\u2019\u00e2n, en r\u00e9futant au passage les fausses excuses les plus courantes.<\/p>\n<p>L\u2019auteur y enseigne notamment les conditions requises, la mani\u00e8re de planifier l\u2019ensemble de votre parcours de m\u00e9morisation en 20 minutes, les diverses techniques de m\u00e9morisation, \u00e9tape par \u00e9tape, les m\u00e9rites et r\u00e9compenses associ\u00e9es au Qur\u2019\u00e2n, les facteurs qui peuvent affecter positivement ou n\u00e9gativement votre m\u00e9morisation, la mani\u00e8re de motiver et d\u2019enseigner le Qur\u2019\u00e2n \u00e0 vos enfants, la fa\u00e7on de surmonter la barri\u00e8re de la langue ou encore l\u2019hygi\u00e8ne de vie \u00e0 adopter.<\/p>\n","protected":false},"featured_media":9935,"template":"","meta":[],"product_brand":[],"product_cat":[47,22,21,187],"product_tag":[],"class_list":{"0":"post-9934","1":"product","2":"type-product","3":"status-publish","4":"has-post-thumbnail","6":"product_cat-comprendre-lislam","7":"product_cat-coran","8":"product_cat-livre","9":"product_cat-pratiques-religieuse","10":"description-off","12":"first","13":"instock","14":"shipping-taxable","15":"purchasable","16":"product-type-simple"},"jetpack_sharing_enabled":true,"_links":{"self":[{"href":"https:\/\/elouedshop.com\/index.php?rest_route=\/wp\/v2\/product\/9934","targetHints":{"allow":["GET"]}}],"collection":[{"href":"https:\/\/elouedshop.com\/index.php?rest_route=\/wp\/v2\/product"}],"about":[{"href":"https:\/\/elouedshop.com\/index.php?rest_route=\/wp\/v2\/types\/product"}],"wp:featuredmedia":[{"embeddable":true,"href":"https:\/\/elouedshop.com\/index.php?rest_route=\/wp\/v2\/media\/9935"}],"wp:attachment":[{"href":"https:\/\/elouedshop.com\/index.php?rest_route=%2Fwp%2Fv2%2Fmedia&parent=9934"}],"wp:term":[{"taxonomy":"product_brand","embeddable":true,"href":"https:\/\/elouedshop.com\/index.php?rest_route=%2Fwp%2Fv2%2Fproduct_brand&post=9934"},{"taxonomy":"product_cat","embeddable":true,"href":"https:\/\/elouedshop.com\/index.php?rest_route=%2Fwp%2Fv2%2Fproduct_cat&post=9934"},{"taxonomy":"product_tag","embeddable":true,"href":"https:\/\/elouedshop.com\/index.php?rest_route=%2Fwp%2Fv2%2Fproduct_tag&post=9934"}],"curies":[{"name":"wp","href":"https:\/\/api.w.org\/{rel}","templated":true}]}}