{"id":9626,"date":"2024-02-25T14:46:52","date_gmt":"2024-02-25T14:46:52","guid":{"rendered":"https:\/\/elouedshop.com\/?post_type=product&#038;p=9626"},"modified":"2024-02-25T14:47:12","modified_gmt":"2024-02-25T14:47:12","slug":"le-livre-du-comportement-2","status":"publish","type":"product","link":"https:\/\/elouedshop.com\/?product=le-livre-du-comportement-2","title":{"rendered":"Le Livre du Comportement"},"content":{"rendered":"","protected":false},"excerpt":{"rendered":"<p class=\"cvGsUA direction-ltr align-center para-style-body\"><span class=\"OYPEnA text-decoration-none text-strikethrough-none\">Tu te demandes comment agir lors de moments cruciaux de ta vie ? Parfois, il n&rsquo;est pas facile de savoir quelle attitude adopter. Comment \u00eatre un bon ami ? Doit-on toujours emp\u00eacher le mal ? Quelles sont les r\u00e8gles \u00e0 respecter en voyage ?<\/span><\/p>\n<p class=\"cvGsUA direction-ltr align-center para-style-body\"><span class=\"OYPEnA text-decoration-none text-strikethrough-none\">Dans ce livre, L&rsquo;Imam Ibn Qudamah Al-Maqdissi r\u00e9pond \u00e0 toutes ces questions et bien plus encore. Il d\u00e9taille les comportements \u00e0 adopter dans tous les aspects de la vie d&rsquo;un musulman : du comportement \u00e0 table, en passant par le mariage, la vie professionnelle, la notion de licite et d&rsquo;illicite, l&rsquo;amiti\u00e9 et la fraternit\u00e9, la solitude, le voyage et m\u00eame la notion de bien et de mal.<\/span><\/p>\n<p class=\"cvGsUA direction-ltr align-center para-style-body\"><span class=\"OYPEnA text-decoration-none text-strikethrough-none\">Ce livre est un guide indispensable pour tous les musulmans cherchant \u00e0 adopter la meilleure attitude tout au long de leur vie.<\/span><\/p>\n","protected":false},"featured_media":3310,"template":"","meta":[],"product_brand":[],"product_cat":[44,21],"product_tag":[],"class_list":{"0":"post-9626","1":"product","2":"type-product","3":"status-publish","4":"has-post-thumbnail","6":"product_cat-ethique-education","7":"product_cat-livre","8":"description-off","10":"first","11":"instock","12":"shipping-taxable","13":"purchasable","14":"product-type-simple"},"jetpack_sharing_enabled":true,"_links":{"self":[{"href":"https:\/\/elouedshop.com\/index.php?rest_route=\/wp\/v2\/product\/9626","targetHints":{"allow":["GET"]}}],"collection":[{"href":"https:\/\/elouedshop.com\/index.php?rest_route=\/wp\/v2\/product"}],"about":[{"href":"https:\/\/elouedshop.com\/index.php?rest_route=\/wp\/v2\/types\/product"}],"wp:featuredmedia":[{"embeddable":true,"href":"https:\/\/elouedshop.com\/index.php?rest_route=\/wp\/v2\/media\/3310"}],"wp:attachment":[{"href":"https:\/\/elouedshop.com\/index.php?rest_route=%2Fwp%2Fv2%2Fmedia&parent=9626"}],"wp:term":[{"taxonomy":"product_brand","embeddable":true,"href":"https:\/\/elouedshop.com\/index.php?rest_route=%2Fwp%2Fv2%2Fproduct_brand&post=9626"},{"taxonomy":"product_cat","embeddable":true,"href":"https:\/\/elouedshop.com\/index.php?rest_route=%2Fwp%2Fv2%2Fproduct_cat&post=9626"},{"taxonomy":"product_tag","embeddable":true,"href":"https:\/\/elouedshop.com\/index.php?rest_route=%2Fwp%2Fv2%2Fproduct_tag&post=9626"}],"curies":[{"name":"wp","href":"https:\/\/api.w.org\/{rel}","templated":true}]}}