{"id":9251,"date":"2024-02-19T20:32:43","date_gmt":"2024-02-19T20:32:43","guid":{"rendered":"https:\/\/elouedshop.com\/?post_type=product&#038;p=9251"},"modified":"2024-02-19T20:32:44","modified_gmt":"2024-02-19T20:32:44","slug":"le-bien-dans-le-mois-du-bien-ramadan","status":"publish","type":"product","link":"https:\/\/elouedshop.com\/?product=le-bien-dans-le-mois-du-bien-ramadan","title":{"rendered":"Le bien dans le mois du bien : Ramadan"},"content":{"rendered":"<div class=\"elementor-element elementor-element-361e069 elementor-widget elementor-widget-product-features elementor-widget-heading\" data-id=\"361e069\" data-element_type=\"widget\" data-widget_type=\"product-features.default\">\n<div class=\"elementor-widget-container\">\n<table class=\"ce-product-features\">\n<tbody>\n<tr class=\"ce-product-features__row\">\n<th class=\"ce-product-features__label\">Ann\u00e9e<\/th>\n<td class=\"ce-product-features__value\">2019<\/td>\n<\/tr>\n<tr class=\"ce-product-features__row\">\n<th class=\"ce-product-features__label\">Couverture<\/th>\n<td class=\"ce-product-features__value\">Souple<\/td>\n<\/tr>\n<tr class=\"ce-product-features__row\">\n<th class=\"ce-product-features__label\">Nb. Pages<\/th>\n<td class=\"ce-product-features__value\">80<\/td>\n<\/tr>\n<\/tbody>\n<\/table>\n<\/div>\n<\/div>\n<div class=\"elementor-element elementor-element-123f77ba ce-product-variants--layout-table elementor-widget elementor-widget-product-variants elementor-overflow-hidden\" data-id=\"123f77ba\" data-element_type=\"widget\" data-widget_type=\"product-variants.default\">\n<div class=\"elementor-widget-container\">\n<div class=\"ce-product-variants\"><\/div>\n<\/div>\n<\/div>\n<div class=\"elementor-element elementor-element-136e24d8 elementor-hidden-phone elementor-widget elementor-widget-divider\" data-id=\"136e24d8\" data-element_type=\"widget\" data-widget_type=\"divider.default\">\n<div class=\"elementor-widget-container\">\n<div class=\"elementor-divider\"><\/div>\n<\/div>\n<\/div>\n","protected":false},"excerpt":{"rendered":"<p>\u00d4 Musulmans, nous sommes certes dans une grande faiblesse. Nos p\u00e9ch\u00e9s nous ont emport\u00e9s et nos espoirs nous ont retard\u00e9. Ramadan est une grande occasion de se rapprocher de notre Seigneur et de nous d\u00e9barrasser de nos p\u00e9ch\u00e9s, afin que le voile qui enveloppe nos c\u0153urs disparaisse et qu\u2019ils s\u2019apaisent dans l\u2019ob\u00e9issance de leur Seigneur et la mention de leur Ma\u00eetre. Est \u00e9loign\u00e9 celui qui atteint Ramadan est n\u2019est pas pardonn\u00e9 ! Bienheureux, \u00f4 serviteurs d\u2019Allah, bienheureux est celui qui est proche. Bienheureux est celui qui a atteint Ramadan et qui a \u00e9t\u00e9 atteint par la Mis\u00e9ricorde du Tout Mis\u00e9ricordieux. Bienheureux est celui qui a atteint Ramadan et que le Pardon et l\u2019agr\u00e9ment du G\u00e9n\u00e9reux, de Celui Qui comble de bienfaits atteignent.<\/p>\n","protected":false},"featured_media":9252,"template":"","meta":[],"product_brand":[],"product_cat":[140,21,225],"product_tag":[],"class_list":{"0":"post-9251","1":"product","2":"type-product","3":"status-publish","4":"has-post-thumbnail","6":"product_cat-jeune-ramadan","7":"product_cat-livre","8":"product_cat-ramadan","9":"description-off","11":"first","12":"instock","13":"shipping-taxable","14":"purchasable","15":"product-type-simple"},"jetpack_sharing_enabled":true,"_links":{"self":[{"href":"https:\/\/elouedshop.com\/index.php?rest_route=\/wp\/v2\/product\/9251","targetHints":{"allow":["GET"]}}],"collection":[{"href":"https:\/\/elouedshop.com\/index.php?rest_route=\/wp\/v2\/product"}],"about":[{"href":"https:\/\/elouedshop.com\/index.php?rest_route=\/wp\/v2\/types\/product"}],"wp:featuredmedia":[{"embeddable":true,"href":"https:\/\/elouedshop.com\/index.php?rest_route=\/wp\/v2\/media\/9252"}],"wp:attachment":[{"href":"https:\/\/elouedshop.com\/index.php?rest_route=%2Fwp%2Fv2%2Fmedia&parent=9251"}],"wp:term":[{"taxonomy":"product_brand","embeddable":true,"href":"https:\/\/elouedshop.com\/index.php?rest_route=%2Fwp%2Fv2%2Fproduct_brand&post=9251"},{"taxonomy":"product_cat","embeddable":true,"href":"https:\/\/elouedshop.com\/index.php?rest_route=%2Fwp%2Fv2%2Fproduct_cat&post=9251"},{"taxonomy":"product_tag","embeddable":true,"href":"https:\/\/elouedshop.com\/index.php?rest_route=%2Fwp%2Fv2%2Fproduct_tag&post=9251"}],"curies":[{"name":"wp","href":"https:\/\/api.w.org\/{rel}","templated":true}]}}