{"id":9229,"date":"2024-02-18T13:42:32","date_gmt":"2024-02-18T13:42:32","guid":{"rendered":"https:\/\/elouedshop.com\/?post_type=product&#038;p=9229"},"modified":"2025-01-19T23:50:38","modified_gmt":"2025-01-19T23:50:38","slug":"japprends-mes-premieres-phrases-les-vetements","status":"publish","type":"product","link":"https:\/\/elouedshop.com\/?product=japprends-mes-premieres-phrases-les-vetements","title":{"rendered":"J&rsquo;apprends mes premi\u00e8res phrases : les v\u00eatements"},"content":{"rendered":"<table border=\"0\" width=\"100%\" cellspacing=\"0\" cellpadding=\"0\">\n<tbody>\n<tr>\n<td align=\"left\"><span style=\"font-family: Verdana, Arial; font-size: small;\"><b>Type de produit :<\/b>\u00a0Livre<br \/>\n<\/span><\/td>\n<\/tr>\n<tr>\n<td align=\"left\"><span style=\"font-family: Verdana, Arial; font-size: small;\"><b>Nombre de pages :<\/b>\u00a040<br \/>\n<\/span><\/td>\n<\/tr>\n<tr>\n<td align=\"left\"><span style=\"font-family: Verdana, Arial; font-size: small;\"><b>Mod\u00e8le &#8211; Format :<\/b>\u00a015 x 15 cm<br \/>\n<\/span><\/td>\n<\/tr>\n<tr>\n<td align=\"left\"><span style=\"font-family: Verdana, Arial; font-size: small;\"><b>Editeur :<\/b>\u00a0Athariya Kids<br \/>\n<\/span><\/td>\n<\/tr>\n<tr>\n<td align=\"left\"><span style=\"font-family: Verdana, Arial; font-size: small;\"><b>Langue :<\/b>\u00a0arabe &#8211; fran\u00e7ais &#8211; phon\u00e9tique<br \/>\n<\/span><\/td>\n<\/tr>\n<tr>\n<td align=\"left\"><span style=\"font-family: Verdana, Arial; font-size: small;\"><b>ISBN\/EAN :<\/b>\u00a05430000251099<br \/>\n<\/span><\/td>\n<\/tr>\n<\/tbody>\n<\/table>\n","protected":false},"excerpt":{"rendered":"<p>L&rsquo;imagier \u00ab\u00a0j&rsquo;apprends mes premi\u00e8res phrases\u00a0\u00bb \u00e0 pour but d&rsquo;initier les enfants \u00e0 l&rsquo;assemblage des premiers mots en arabe et en fran\u00e7ais. A travers cet imagier, votre enfant va acqu\u00e9rir et \u00e9largir son vocabulaire.<\/p>\n<p>Votre enfant sera ainsi capable de :<\/p>\n<ul>\n<li>Apprendre le vocabulaire<\/li>\n<li>Identifier les v\u00eatements<\/li>\n<li>Associer les mots et l&rsquo;image<\/li>\n<\/ul>\n<p>Adapt\u00e9 aux enfants de 3 \u00e0 7 ans, cet imagier est accompagn\u00e9 de jeux, de coloriages et de questions en fin de livre afin de les \u00e9valuer et vous assurer ainsi qu\u2019il ont bien retenu les mots associ\u00e9s aux animaux, aussi bien en arabe qu\u2019en fran\u00e7ais !<\/p>\n<p>Gr\u00e2ce \u00e0 cet imagier richement illustr\u00e9, l\u2019apprentissage et la lecture des mots en arabe et en fran\u00e7ais deviendra un beau moment de plaisir et de partage.<\/p>\n","protected":false},"featured_media":9230,"template":"","meta":[],"product_brand":[],"product_cat":[24,171,183,21],"product_tag":[],"class_list":{"0":"post-9229","1":"product","2":"type-product","3":"status-publish","4":"has-post-thumbnail","6":"product_cat-enfants","7":"product_cat-imagiers","8":"product_cat-langues-arabe-anglais","9":"product_cat-livre","10":"description-off","12":"first","13":"instock","14":"shipping-taxable","15":"purchasable","16":"product-type-simple"},"jetpack_sharing_enabled":true,"_links":{"self":[{"href":"https:\/\/elouedshop.com\/index.php?rest_route=\/wp\/v2\/product\/9229","targetHints":{"allow":["GET"]}}],"collection":[{"href":"https:\/\/elouedshop.com\/index.php?rest_route=\/wp\/v2\/product"}],"about":[{"href":"https:\/\/elouedshop.com\/index.php?rest_route=\/wp\/v2\/types\/product"}],"wp:featuredmedia":[{"embeddable":true,"href":"https:\/\/elouedshop.com\/index.php?rest_route=\/wp\/v2\/media\/9230"}],"wp:attachment":[{"href":"https:\/\/elouedshop.com\/index.php?rest_route=%2Fwp%2Fv2%2Fmedia&parent=9229"}],"wp:term":[{"taxonomy":"product_brand","embeddable":true,"href":"https:\/\/elouedshop.com\/index.php?rest_route=%2Fwp%2Fv2%2Fproduct_brand&post=9229"},{"taxonomy":"product_cat","embeddable":true,"href":"https:\/\/elouedshop.com\/index.php?rest_route=%2Fwp%2Fv2%2Fproduct_cat&post=9229"},{"taxonomy":"product_tag","embeddable":true,"href":"https:\/\/elouedshop.com\/index.php?rest_route=%2Fwp%2Fv2%2Fproduct_tag&post=9229"}],"curies":[{"name":"wp","href":"https:\/\/api.w.org\/{rel}","templated":true}]}}