{"id":9211,"date":"2024-02-18T12:47:56","date_gmt":"2024-02-18T12:47:56","guid":{"rendered":"https:\/\/elouedshop.com\/?post_type=product&#038;p=9211"},"modified":"2024-02-18T12:48:22","modified_gmt":"2024-02-18T12:48:22","slug":"les-compagnons-du-prophete-racontes-aux-enfants","status":"publish","type":"product","link":"https:\/\/elouedshop.com\/?product=les-compagnons-du-prophete-racontes-aux-enfants","title":{"rendered":"Les Compagnons du Proph\u00e8te racont\u00e9s aux enfants"},"content":{"rendered":"<div class=\"elementor-element elementor-element-361e069 elementor-widget elementor-widget-product-features elementor-widget-heading\" data-id=\"361e069\" data-element_type=\"widget\" data-widget_type=\"product-features.default\">\n<div class=\"elementor-widget-container\">\n<table class=\"ce-product-features\">\n<tbody>\n<tr class=\"ce-product-features__row\">\n<th class=\"ce-product-features__label\">EAN-13<\/th>\n<td class=\"ce-product-features__value\">9782848623900<\/td>\n<\/tr>\n<tr class=\"ce-product-features__row\">\n<th class=\"ce-product-features__label\">Couverture<\/th>\n<td class=\"ce-product-features__value\">Rigide<\/td>\n<\/tr>\n<tr class=\"ce-product-features__row\">\n<th class=\"ce-product-features__label\">ISBN<\/th>\n<td class=\"ce-product-features__value\">9782848623900<\/td>\n<\/tr>\n<tr class=\"ce-product-features__row\">\n<th class=\"ce-product-features__label\">Langue<\/th>\n<td class=\"ce-product-features__value\">fran\u00e7aise<\/td>\n<\/tr>\n<tr class=\"ce-product-features__row\">\n<th class=\"ce-product-features__label\">Auteur<\/th>\n<td class=\"ce-product-features__value\">Siham Andalouci<\/td>\n<\/tr>\n<\/tbody>\n<\/table>\n<\/div>\n<\/div>\n<div class=\"elementor-element elementor-element-123f77ba ce-product-variants--layout-table elementor-widget elementor-widget-product-variants elementor-overflow-hidden\" data-id=\"123f77ba\" data-element_type=\"widget\" data-widget_type=\"product-variants.default\">\n<div class=\"elementor-widget-container\">\n<div class=\"ce-product-variants\"><\/div>\n<\/div>\n<\/div>\n<div class=\"elementor-element elementor-element-136e24d8 elementor-hidden-phone elementor-widget elementor-widget-divider\" data-id=\"136e24d8\" data-element_type=\"widget\" data-widget_type=\"divider.default\">\n<div class=\"elementor-widget-container\">\n<div class=\"elementor-divider\"><\/div>\n<\/div>\n<\/div>\n","protected":false},"excerpt":{"rendered":"<p>Les compagnons sont ces personnages illustres, femmes et hommes, qui ont accompagn\u00e9 le Proph\u00e8te Muhammad. Ils sont une source d&rsquo;inspiration et, comme le Proph\u00e8te l&rsquo;a dit, ils sont telles des \u00e9toiles dans le ciel, quelle que soit celle que l&rsquo;on suit, nous serons guid\u00e9s.<\/p>\n<p>Les Compagnons du Proph\u00e8te racont\u00e9s aux enfants, est un ouvrage compos\u00e9 d&rsquo;histoires \u00e0 la fois simples et profondes. Elles relatent des moments importants de la vie de ces belles \u00e2mes qui ont fa\u00e7onn\u00e9 l&rsquo;histoire de l&rsquo;Islam \u00e0 ses d\u00e9buts.<\/p>\n<p>Chaque histoire de cet ouvrage contient un enseignement pr\u00e9cieux et transmet des valeurs et des principes que les Compagnons ont port\u00e9s, valeurs qui aideront votre enfant \u00e0 percevoir les qualit\u00e9s essentielles du musulman et les d\u00e9fauts qu&rsquo;il faut \u00e9viter.<\/p>\n","protected":false},"featured_media":1902,"template":"","meta":[],"product_brand":[],"product_cat":[179,66,24,21],"product_tag":[],"class_list":{"0":"post-9211","1":"product","2":"type-product","3":"status-publish","4":"has-post-thumbnail","6":"product_cat-biographie","7":"product_cat-compagnons","8":"product_cat-enfants","9":"product_cat-livre","10":"description-off","12":"first","13":"instock","14":"shipping-taxable","15":"purchasable","16":"product-type-simple"},"jetpack_sharing_enabled":true,"_links":{"self":[{"href":"https:\/\/elouedshop.com\/index.php?rest_route=\/wp\/v2\/product\/9211","targetHints":{"allow":["GET"]}}],"collection":[{"href":"https:\/\/elouedshop.com\/index.php?rest_route=\/wp\/v2\/product"}],"about":[{"href":"https:\/\/elouedshop.com\/index.php?rest_route=\/wp\/v2\/types\/product"}],"wp:featuredmedia":[{"embeddable":true,"href":"https:\/\/elouedshop.com\/index.php?rest_route=\/wp\/v2\/media\/1902"}],"wp:attachment":[{"href":"https:\/\/elouedshop.com\/index.php?rest_route=%2Fwp%2Fv2%2Fmedia&parent=9211"}],"wp:term":[{"taxonomy":"product_brand","embeddable":true,"href":"https:\/\/elouedshop.com\/index.php?rest_route=%2Fwp%2Fv2%2Fproduct_brand&post=9211"},{"taxonomy":"product_cat","embeddable":true,"href":"https:\/\/elouedshop.com\/index.php?rest_route=%2Fwp%2Fv2%2Fproduct_cat&post=9211"},{"taxonomy":"product_tag","embeddable":true,"href":"https:\/\/elouedshop.com\/index.php?rest_route=%2Fwp%2Fv2%2Fproduct_tag&post=9211"}],"curies":[{"name":"wp","href":"https:\/\/api.w.org\/{rel}","templated":true}]}}