{"id":8998,"date":"2024-02-10T17:31:32","date_gmt":"2024-02-10T17:31:32","guid":{"rendered":"https:\/\/elouedshop.com\/?post_type=product&#038;p=8998"},"modified":"2024-03-16T07:55:53","modified_gmt":"2024-03-16T07:55:53","slug":"cest-quoi-medine","status":"publish","type":"product","link":"https:\/\/elouedshop.com\/?product=cest-quoi-medine","title":{"rendered":"C\u2019est quoi M\u00e9dine ?"},"content":{"rendered":"","protected":false},"excerpt":{"rendered":"<p>Viens \u00e9couter avec nous ! Aujourd\u2019hui Salima va M\u00e9dine\u2026 Lorsque le Proph\u00e8te Muhammad (saw) a \u00e9t\u00e9 pers\u00e9cut\u00e9 et rejet\u00e9 par les Mecquois, il se r\u00e9fugie dans une ville nomm\u00e9e Yathrib. Elle est aujourd\u2019hui al madina al mounawwara \u2013 la Ville illumin\u00e9e. Chaque ann\u00e9e des millions de musulmans vont en p\u00e8lerinage pour honorer le cinqui\u00e8me pilier de l&rsquo;islam, le hajj, et en profitent pour visiter la Ville de notre Bien-aim\u00e9.<\/p>\n","protected":false},"featured_media":7444,"template":"","meta":[],"product_brand":[],"product_cat":[39,47,181,24,21],"product_tag":[],"class_list":{"0":"post-8998","1":"product","2":"type-product","3":"status-publish","4":"has-post-thumbnail","6":"product_cat-bebe-3ans","7":"product_cat-comprendre-lislam","8":"product_cat-education-religieuse","9":"product_cat-enfants","10":"product_cat-livre","11":"description-off","13":"first","14":"instock","15":"shipping-taxable","16":"purchasable","17":"product-type-simple"},"jetpack_sharing_enabled":true,"_links":{"self":[{"href":"https:\/\/elouedshop.com\/index.php?rest_route=\/wp\/v2\/product\/8998","targetHints":{"allow":["GET"]}}],"collection":[{"href":"https:\/\/elouedshop.com\/index.php?rest_route=\/wp\/v2\/product"}],"about":[{"href":"https:\/\/elouedshop.com\/index.php?rest_route=\/wp\/v2\/types\/product"}],"wp:featuredmedia":[{"embeddable":true,"href":"https:\/\/elouedshop.com\/index.php?rest_route=\/wp\/v2\/media\/7444"}],"wp:attachment":[{"href":"https:\/\/elouedshop.com\/index.php?rest_route=%2Fwp%2Fv2%2Fmedia&parent=8998"}],"wp:term":[{"taxonomy":"product_brand","embeddable":true,"href":"https:\/\/elouedshop.com\/index.php?rest_route=%2Fwp%2Fv2%2Fproduct_brand&post=8998"},{"taxonomy":"product_cat","embeddable":true,"href":"https:\/\/elouedshop.com\/index.php?rest_route=%2Fwp%2Fv2%2Fproduct_cat&post=8998"},{"taxonomy":"product_tag","embeddable":true,"href":"https:\/\/elouedshop.com\/index.php?rest_route=%2Fwp%2Fv2%2Fproduct_tag&post=8998"}],"curies":[{"name":"wp","href":"https:\/\/api.w.org\/{rel}","templated":true}]}}