{"id":8797,"date":"2024-02-06T22:05:09","date_gmt":"2024-02-06T22:05:09","guid":{"rendered":"https:\/\/elouedshop.com\/?post_type=product&#038;p=8797"},"modified":"2025-01-02T15:11:23","modified_gmt":"2025-01-02T15:11:23","slug":"alphacubes-le-jeu-dempilement-de-lalphabet-arabe-et-francais-copie","status":"publish","type":"product","link":"https:\/\/elouedshop.com\/?product=alphacubes-le-jeu-dempilement-de-lalphabet-arabe-et-francais-copie","title":{"rendered":"AlphaCubes &#8211; Le jeu d&#8217;empilement de l\u2019alphabet arabe et fran\u00e7ais"},"content":{"rendered":"<table border=\"0\" width=\"100%\" cellspacing=\"0\" cellpadding=\"0\">\n<tbody>\n<tr>\n<td align=\"left\"><span style=\"font-family: Verdana, Arial; font-size: small;\"><b>Type de produit :<\/b>\u00a0Jeu \/ jouet<br \/>\n<\/span><\/td>\n<\/tr>\n<tr>\n<td align=\"left\"><span style=\"font-family: Verdana, Arial; font-size: small;\"><b>Editeur :<\/b>\u00a0Orientica\u00a0&#8211;\u00a0Goodword<br \/>\n<\/span><\/td>\n<\/tr>\n<tr>\n<td align=\"left\"><span style=\"font-family: Verdana, Arial; font-size: small;\"><b>Langue :<\/b>\u00a0fran\u00e7ais &#8211; arabe<br \/>\n<\/span><\/td>\n<\/tr>\n<tr>\n<td align=\"left\"><span style=\"font-family: Verdana, Arial; font-size: small;\"><b>EAN :<\/b>\u00a0978-93-5179-166-9 \/ 9789351791874<\/span><\/td>\n<\/tr>\n<\/tbody>\n<\/table>\n","protected":false},"excerpt":{"rendered":"<p><span class=\"OYPEnA text-decoration-none text-strikethrough-none\">Laissez votre petit aventurier explorer l&rsquo;alphabet arabe avec le jeu Alpha Cubes ! Les dix blocs color\u00e9s et illustr\u00e9s vont lui permettre de construire une tour atteignant jusqu&rsquo;\u00e0 90 cm de haut ! Avec ses cinq faces repr\u00e9sentant les lettres de l&rsquo;alphabet (arabe et fran\u00e7ais), des animaux, des mots, des couleurs et des chiffres, votre enfant va d\u00e9velopper sa dext\u00e9rit\u00e9, sa confiance, son \u00e9quilibre et sa capacit\u00e9 \u00e0 r\u00e9soudre des probl\u00e8mes. Ce jeu \u00e9ducatif est parfait pour les enfants de 12 \u00e0 36 mois, les aidant \u00e0 stimuler leur m\u00e9moire et leurs habilet\u00e9s de concentration. Avec Alpha Cubes, votre petit bout apprendra l&rsquo;alphabet arabe, les chiffres, le calcul, les couleurs, les mots et les noms d&rsquo;animaux tout en s&rsquo;amusant !<\/span><\/p>\n","protected":false},"featured_media":410,"template":"","meta":[],"product_brand":[],"product_cat":[26],"product_tag":[],"class_list":{"0":"post-8797","1":"product","2":"type-product","3":"status-publish","4":"has-post-thumbnail","6":"product_cat-jouets-educatifs","7":"description-off","9":"first","10":"instock","11":"shipping-taxable","12":"purchasable","13":"product-type-simple"},"jetpack_sharing_enabled":true,"_links":{"self":[{"href":"https:\/\/elouedshop.com\/index.php?rest_route=\/wp\/v2\/product\/8797","targetHints":{"allow":["GET"]}}],"collection":[{"href":"https:\/\/elouedshop.com\/index.php?rest_route=\/wp\/v2\/product"}],"about":[{"href":"https:\/\/elouedshop.com\/index.php?rest_route=\/wp\/v2\/types\/product"}],"wp:featuredmedia":[{"embeddable":true,"href":"https:\/\/elouedshop.com\/index.php?rest_route=\/wp\/v2\/media\/410"}],"wp:attachment":[{"href":"https:\/\/elouedshop.com\/index.php?rest_route=%2Fwp%2Fv2%2Fmedia&parent=8797"}],"wp:term":[{"taxonomy":"product_brand","embeddable":true,"href":"https:\/\/elouedshop.com\/index.php?rest_route=%2Fwp%2Fv2%2Fproduct_brand&post=8797"},{"taxonomy":"product_cat","embeddable":true,"href":"https:\/\/elouedshop.com\/index.php?rest_route=%2Fwp%2Fv2%2Fproduct_cat&post=8797"},{"taxonomy":"product_tag","embeddable":true,"href":"https:\/\/elouedshop.com\/index.php?rest_route=%2Fwp%2Fv2%2Fproduct_tag&post=8797"}],"curies":[{"name":"wp","href":"https:\/\/api.w.org\/{rel}","templated":true}]}}