{"id":8608,"date":"2024-02-03T19:23:39","date_gmt":"2024-02-03T19:23:39","guid":{"rendered":"https:\/\/elouedshop.com\/?post_type=product&#038;p=8608"},"modified":"2024-02-03T19:24:00","modified_gmt":"2024-02-03T19:24:00","slug":"le-livre-de-la-vertu","status":"publish","type":"product","link":"https:\/\/elouedshop.com\/?product=le-livre-de-la-vertu","title":{"rendered":"Le Livre de La Vertu"},"content":{"rendered":"","protected":false},"excerpt":{"rendered":"<p>Comment se parer de la vertu ?<\/p>\n<p>L&rsquo;auteur Ibn Hazm a dit :<\/p>\n<p>\u00ab\u00a0Bienheureux est celui dont l&rsquo;\u00e2me trouve plaisir dans la vertu et les bonnes \u0153uvres, fuyant le vice et les p\u00e9ch\u00e9s. Malheureux est celui qui trouve plaisir dans le vice et les p\u00e9ch\u00e9s, fuyant la vertu et les bonnes \u0153uvres.<\/p>\n<p>Quiconque lutte pour l&rsquo;au-del\u00e0 est du c\u00f4t\u00e9 des anges. Quiconque lutte pour le mal est du c\u00f4t\u00e9 des d\u00e9mons. Quiconque court apr\u00e8s la gloire et la victoire est du c\u00f4t\u00e9 des fauves. Quiconque court apr\u00e8s les plaisirs des sens est du c\u00f4t\u00e9 des b\u00eates. Quiconque court apr\u00e8s l&rsquo;argent en tant que tel et non pas pour le d\u00e9penser dans des obligations religieuses et des actes de charit\u00e9 louables, est trop ignoble, trop vile pour \u00eatre compar\u00e9 \u00e0 une b\u00eate. Il ressemble plut\u00f4t \u00e0 l&rsquo;eau stagnante dans des caves inaccessibles : aucun animal ne profite de la moindre goutte.<\/p>\n<p>L&rsquo;homme sage ne tire aucune satisfaction d&rsquo;une caract\u00e9ristique qui le met \u00e0 un rang inf\u00e9rieur aux fauves, aux b\u00eates et aux objets inanim\u00e9s. Il ne se r\u00e9jouit que de son progr\u00e8s dans la vertu par laquelle Allah le distingue de ces m\u00eames fauves, b\u00eates et objets. Il s&rsquo;agit de la vertu de la raison qu&rsquo;il partage avec les anges.\u00a0\u00bb<\/p>\n","protected":false},"featured_media":3303,"template":"","meta":[],"product_brand":[],"product_cat":[44,21],"product_tag":[],"class_list":{"0":"post-8608","1":"product","2":"type-product","3":"status-publish","4":"has-post-thumbnail","6":"product_cat-ethique-education","7":"product_cat-livre","8":"description-off","10":"first","11":"instock","12":"shipping-taxable","13":"purchasable","14":"product-type-simple"},"jetpack_sharing_enabled":true,"_links":{"self":[{"href":"https:\/\/elouedshop.com\/index.php?rest_route=\/wp\/v2\/product\/8608","targetHints":{"allow":["GET"]}}],"collection":[{"href":"https:\/\/elouedshop.com\/index.php?rest_route=\/wp\/v2\/product"}],"about":[{"href":"https:\/\/elouedshop.com\/index.php?rest_route=\/wp\/v2\/types\/product"}],"wp:featuredmedia":[{"embeddable":true,"href":"https:\/\/elouedshop.com\/index.php?rest_route=\/wp\/v2\/media\/3303"}],"wp:attachment":[{"href":"https:\/\/elouedshop.com\/index.php?rest_route=%2Fwp%2Fv2%2Fmedia&parent=8608"}],"wp:term":[{"taxonomy":"product_brand","embeddable":true,"href":"https:\/\/elouedshop.com\/index.php?rest_route=%2Fwp%2Fv2%2Fproduct_brand&post=8608"},{"taxonomy":"product_cat","embeddable":true,"href":"https:\/\/elouedshop.com\/index.php?rest_route=%2Fwp%2Fv2%2Fproduct_cat&post=8608"},{"taxonomy":"product_tag","embeddable":true,"href":"https:\/\/elouedshop.com\/index.php?rest_route=%2Fwp%2Fv2%2Fproduct_tag&post=8608"}],"curies":[{"name":"wp","href":"https:\/\/api.w.org\/{rel}","templated":true}]}}