{"id":8575,"date":"2024-02-03T12:36:49","date_gmt":"2024-02-03T12:36:49","guid":{"rendered":"https:\/\/elouedshop.com\/?post_type=product&#038;p=8575"},"modified":"2024-02-03T12:38:43","modified_gmt":"2024-02-03T12:38:43","slug":"clefs-pour-une-vie-heureuse","status":"publish","type":"product","link":"https:\/\/elouedshop.com\/?product=clefs-pour-une-vie-heureuse","title":{"rendered":"Clefs pour une vie heureuse"},"content":{"rendered":"","protected":false},"excerpt":{"rendered":"<p class=\"cvGsUA direction-ltr align-center para-style-body\"><span class=\"OYPEnA text-decoration-none text-strikethrough-none\">De nos jours, stress, soucis, maladies, et id\u00e9es noires envahissent la vie de plusieurs personnes, y compris les musulmans, qui cherchent la paix de l&rsquo;\u00e2me, la s\u00e9r\u00e9nit\u00e9, et le bonheur.<\/span><\/p>\n<p class=\"cvGsUA direction-ltr align-center para-style-body\"><span class=\"OYPEnA text-decoration-none text-strikethrough-none\">Dans cet ouvrage, Cheikh Sa&rsquo;di nous ouvre les portes vers une vie heureuse avec un style simple et direct. La version fran\u00e7aise contient \u00e9galement des versets en langue arabe.<\/span><\/p>\n<p class=\"cvGsUA direction-ltr align-center para-style-body\"><span class=\"OYPEnA text-decoration-none text-strikethrough-none\">Nous vous conseillons \u00e9galement de lire \u00ab\u00a0Pour une vie heureuse &#8211; Rem\u00e8des contre la tristesse et l&rsquo;angoisse\u00a0\u00bb.<\/span><\/p>\n","protected":false},"featured_media":3065,"template":"","meta":[],"product_brand":[],"product_cat":[47,21,79],"product_tag":[],"class_list":{"0":"post-8575","1":"product","2":"type-product","3":"status-publish","4":"has-post-thumbnail","6":"product_cat-comprendre-lislam","7":"product_cat-livre","8":"product_cat-spiritualite","9":"description-off","11":"first","12":"instock","13":"shipping-taxable","14":"purchasable","15":"product-type-simple"},"jetpack_sharing_enabled":true,"_links":{"self":[{"href":"https:\/\/elouedshop.com\/index.php?rest_route=\/wp\/v2\/product\/8575","targetHints":{"allow":["GET"]}}],"collection":[{"href":"https:\/\/elouedshop.com\/index.php?rest_route=\/wp\/v2\/product"}],"about":[{"href":"https:\/\/elouedshop.com\/index.php?rest_route=\/wp\/v2\/types\/product"}],"wp:featuredmedia":[{"embeddable":true,"href":"https:\/\/elouedshop.com\/index.php?rest_route=\/wp\/v2\/media\/3065"}],"wp:attachment":[{"href":"https:\/\/elouedshop.com\/index.php?rest_route=%2Fwp%2Fv2%2Fmedia&parent=8575"}],"wp:term":[{"taxonomy":"product_brand","embeddable":true,"href":"https:\/\/elouedshop.com\/index.php?rest_route=%2Fwp%2Fv2%2Fproduct_brand&post=8575"},{"taxonomy":"product_cat","embeddable":true,"href":"https:\/\/elouedshop.com\/index.php?rest_route=%2Fwp%2Fv2%2Fproduct_cat&post=8575"},{"taxonomy":"product_tag","embeddable":true,"href":"https:\/\/elouedshop.com\/index.php?rest_route=%2Fwp%2Fv2%2Fproduct_tag&post=8575"}],"curies":[{"name":"wp","href":"https:\/\/api.w.org\/{rel}","templated":true}]}}