{"id":8241,"date":"2024-01-21T19:08:28","date_gmt":"2024-01-21T19:08:28","guid":{"rendered":"https:\/\/elouedshop.com\/?post_type=product&#038;p=8241"},"modified":"2024-01-21T19:10:30","modified_gmt":"2024-01-21T19:10:30","slug":"linvocation-qui-nest-jamais-rejetee","status":"publish","type":"product","link":"https:\/\/elouedshop.com\/?product=linvocation-qui-nest-jamais-rejetee","title":{"rendered":"L&rsquo;invocation qui n&rsquo;est jamais rejet\u00e9e"},"content":{"rendered":"","protected":false},"excerpt":{"rendered":"<p><span class=\"OYPEnA text-decoration-none text-strikethrough-none\">Garde ce petit livre bilingue arabe-fran\u00e7ais bien au chaud! C&rsquo;est un manuel de survie spirituelle qui te guidera pour que tes pri\u00e8res soient exauc\u00e9es par notre Seigneur exalt\u00e9 soit-Il. Et le bonus? Cela va te faire un bien fou, ici-bas comme dans l&rsquo;au-del\u00e0!<\/span><\/p>\n","protected":false},"featured_media":8242,"template":"","meta":[],"product_brand":[],"product_cat":[176,45,75,21,225],"product_tag":[],"class_list":{"0":"post-8241","1":"product","2":"type-product","3":"status-publish","4":"has-post-thumbnail","6":"product_cat-invocations","7":"product_cat-invocations-et-rappel","8":"product_cat-invocations-et-rappels","9":"product_cat-livre","10":"product_cat-ramadan","11":"description-off","13":"first","14":"instock","15":"shipping-taxable","16":"purchasable","17":"product-type-simple"},"jetpack_sharing_enabled":true,"_links":{"self":[{"href":"https:\/\/elouedshop.com\/index.php?rest_route=\/wp\/v2\/product\/8241","targetHints":{"allow":["GET"]}}],"collection":[{"href":"https:\/\/elouedshop.com\/index.php?rest_route=\/wp\/v2\/product"}],"about":[{"href":"https:\/\/elouedshop.com\/index.php?rest_route=\/wp\/v2\/types\/product"}],"wp:featuredmedia":[{"embeddable":true,"href":"https:\/\/elouedshop.com\/index.php?rest_route=\/wp\/v2\/media\/8242"}],"wp:attachment":[{"href":"https:\/\/elouedshop.com\/index.php?rest_route=%2Fwp%2Fv2%2Fmedia&parent=8241"}],"wp:term":[{"taxonomy":"product_brand","embeddable":true,"href":"https:\/\/elouedshop.com\/index.php?rest_route=%2Fwp%2Fv2%2Fproduct_brand&post=8241"},{"taxonomy":"product_cat","embeddable":true,"href":"https:\/\/elouedshop.com\/index.php?rest_route=%2Fwp%2Fv2%2Fproduct_cat&post=8241"},{"taxonomy":"product_tag","embeddable":true,"href":"https:\/\/elouedshop.com\/index.php?rest_route=%2Fwp%2Fv2%2Fproduct_tag&post=8241"}],"curies":[{"name":"wp","href":"https:\/\/api.w.org\/{rel}","templated":true}]}}