{"id":8091,"date":"2024-01-18T00:11:54","date_gmt":"2024-01-18T00:11:54","guid":{"rendered":"https:\/\/elouedshop.com\/?post_type=product&#038;p=8091"},"modified":"2024-01-18T00:11:54","modified_gmt":"2024-01-18T00:11:54","slug":"jouis-de-ta-vie-muhammad-al-arifi","status":"publish","type":"product","link":"https:\/\/elouedshop.com\/?product=jouis-de-ta-vie-muhammad-al-arifi","title":{"rendered":"Jouis de ta vie &#8211; Muhammad Al-Ar\u00eef\u00ee"},"content":{"rendered":"","protected":false},"excerpt":{"rendered":"<p>J&rsquo;avais seize ans quand j&rsquo;eus entre les mains un livre intitul\u00e9 \u00ab L&rsquo;art des relations humaines? \u00bb de Dale Carnegie. C&rsquo;\u00e9tait un livre formidable que je lus plusieurs fois. L&rsquo;auteur propose de relire le livre chaque mois&#8230; Je suivis sa consigne&#8230; Je commen\u00e7ai \u00e0 mettre en pratique ses principes dans mes rapports avec les gens. Je m&rsquo;aper\u00e7us que cela donnait de merveilleux r\u00e9sultats. Carnegie y \u00e9nonce un principe qu&rsquo;il fait suivre par des exemples v\u00e9cus par les gens de m\u00e9rite de sa soci\u00e9t\u00e9 : Roosevelt, Lincoln, Joseph, Mike&#8230;<\/p>\n","protected":false},"featured_media":8092,"template":"","meta":[],"product_brand":[],"product_cat":[25,21],"product_tag":[],"class_list":{"0":"post-8091","1":"product","2":"type-product","3":"status-publish","4":"has-post-thumbnail","6":"product_cat-femmes","7":"product_cat-livre","8":"description-off","10":"first","11":"instock","12":"shipping-taxable","13":"purchasable","14":"product-type-simple"},"jetpack_sharing_enabled":true,"_links":{"self":[{"href":"https:\/\/elouedshop.com\/index.php?rest_route=\/wp\/v2\/product\/8091","targetHints":{"allow":["GET"]}}],"collection":[{"href":"https:\/\/elouedshop.com\/index.php?rest_route=\/wp\/v2\/product"}],"about":[{"href":"https:\/\/elouedshop.com\/index.php?rest_route=\/wp\/v2\/types\/product"}],"wp:featuredmedia":[{"embeddable":true,"href":"https:\/\/elouedshop.com\/index.php?rest_route=\/wp\/v2\/media\/8092"}],"wp:attachment":[{"href":"https:\/\/elouedshop.com\/index.php?rest_route=%2Fwp%2Fv2%2Fmedia&parent=8091"}],"wp:term":[{"taxonomy":"product_brand","embeddable":true,"href":"https:\/\/elouedshop.com\/index.php?rest_route=%2Fwp%2Fv2%2Fproduct_brand&post=8091"},{"taxonomy":"product_cat","embeddable":true,"href":"https:\/\/elouedshop.com\/index.php?rest_route=%2Fwp%2Fv2%2Fproduct_cat&post=8091"},{"taxonomy":"product_tag","embeddable":true,"href":"https:\/\/elouedshop.com\/index.php?rest_route=%2Fwp%2Fv2%2Fproduct_tag&post=8091"}],"curies":[{"name":"wp","href":"https:\/\/api.w.org\/{rel}","templated":true}]}}