{"id":7932,"date":"2024-01-15T18:21:10","date_gmt":"2024-01-15T18:21:10","guid":{"rendered":"https:\/\/elouedshop.com\/?post_type=product&#038;p=7932"},"modified":"2024-01-15T18:22:10","modified_gmt":"2024-01-15T18:22:10","slug":"le-jeune-en-islam","status":"publish","type":"product","link":"https:\/\/elouedshop.com\/?product=le-jeune-en-islam","title":{"rendered":"Le je\u00fbne en islam"},"content":{"rendered":"","protected":false},"excerpt":{"rendered":"<p>Le je\u00fbne est une institution spirituelle tr\u00e8s antique dans la soci\u00e9t\u00e9 humaine. Cela se traduisait souvent par l\u2019abstention volontaire d\u2019alimentation, \u00e0 laquelle s\u2019ajoutait parfois l\u2019abstention de paroles. Les recherches modernes ont montr\u00e9 que le je\u00fbne existe dans toute la nature, plantes et animaux y puisant de grands bienfaits et s\u2019en trouvant r\u00e9g\u00e9n\u00e9r\u00e9s. \u00bb \u00c0 travers les textes rassembl\u00e9s dans ce livre, le professeur Hamidullah permet au lecteur d\u2019approfondir ses connaissances sur le je\u00fbne, le mois de ramadan, les f\u00eates religieuses, ainsi que sur les efforts \u00e0 fournir apr\u00e8s ce mois b\u00e9ni.<\/p>\n","protected":false},"featured_media":5615,"template":"","meta":[],"product_brand":[],"product_cat":[140,21,187,225],"product_tag":[],"class_list":{"0":"post-7932","1":"product","2":"type-product","3":"status-publish","4":"has-post-thumbnail","6":"product_cat-jeune-ramadan","7":"product_cat-livre","8":"product_cat-pratiques-religieuse","9":"product_cat-ramadan","10":"description-off","12":"first","13":"instock","14":"shipping-taxable","15":"purchasable","16":"product-type-simple"},"jetpack_sharing_enabled":true,"_links":{"self":[{"href":"https:\/\/elouedshop.com\/index.php?rest_route=\/wp\/v2\/product\/7932","targetHints":{"allow":["GET"]}}],"collection":[{"href":"https:\/\/elouedshop.com\/index.php?rest_route=\/wp\/v2\/product"}],"about":[{"href":"https:\/\/elouedshop.com\/index.php?rest_route=\/wp\/v2\/types\/product"}],"wp:featuredmedia":[{"embeddable":true,"href":"https:\/\/elouedshop.com\/index.php?rest_route=\/wp\/v2\/media\/5615"}],"wp:attachment":[{"href":"https:\/\/elouedshop.com\/index.php?rest_route=%2Fwp%2Fv2%2Fmedia&parent=7932"}],"wp:term":[{"taxonomy":"product_brand","embeddable":true,"href":"https:\/\/elouedshop.com\/index.php?rest_route=%2Fwp%2Fv2%2Fproduct_brand&post=7932"},{"taxonomy":"product_cat","embeddable":true,"href":"https:\/\/elouedshop.com\/index.php?rest_route=%2Fwp%2Fv2%2Fproduct_cat&post=7932"},{"taxonomy":"product_tag","embeddable":true,"href":"https:\/\/elouedshop.com\/index.php?rest_route=%2Fwp%2Fv2%2Fproduct_tag&post=7932"}],"curies":[{"name":"wp","href":"https:\/\/api.w.org\/{rel}","templated":true}]}}