{"id":7726,"date":"2024-01-13T22:06:19","date_gmt":"2024-01-13T22:06:19","guid":{"rendered":"https:\/\/elouedshop.com\/?post_type=product&#038;p=7726"},"modified":"2024-01-13T22:06:42","modified_gmt":"2024-01-13T22:06:42","slug":"pack-histoire-5-livres","status":"publish","type":"product","link":"https:\/\/elouedshop.com\/?product=pack-histoire-5-livres","title":{"rendered":"Pack Histoire (5 livres)"},"content":{"rendered":"","protected":false},"excerpt":{"rendered":"<p>Ce n&rsquo;est qu&rsquo;en connaissant l&rsquo;histoire de leur communaut\u00e9, des grandes figures de celle-ci et des lieux saints de l&rsquo;Islam que les musulmans s&rsquo;assumeront et assumeront pleinement leur r\u00f4le d&rsquo;ambassadeurs de leur religion.<\/p>\n<p><strong>Les dissensions entre les compagnons &#8211; Uthman al Khamis<\/strong><\/p>\n<p>L&rsquo;histoire des Compagnons constitue une page incontournable du patrimoine historique de l&rsquo;Islam. une page qui, n\u00e9anmoins, n\u00e9cessite une approche critique et acad\u00e9mique, notamment lorsque sont abord\u00e9s les \u00e9v\u00e9nements relatifs aux dissensions et discordes apparues entre certains Compagnons du Proph\u00e8te, apr\u00e8s l&rsquo;assassinat du troisi\u00e8me calife bien guid\u00e9, Uthm\u00e2n Ibn \u00c0ff\u00e2n.<\/p>\n<p>&nbsp;<\/p>\n<p><strong>L&rsquo;oeuvre des quatre califes &#8211; Cheikh Sir\u00e2j al-Rahm\u00e2n<\/strong><\/p>\n<p>Propagation de l&rsquo;islam, compilation et codification du Coran, conqu\u00eates territoriales\u2026 Y a-t-il de meilleures illustrations de l&rsquo;\u0153uvre des quatre califes bien guid\u00e9s ?<\/p>\n<p><strong>A la d\u00e9couverte de l&rsquo;Islam &#8211; Hamid Muhammad Ghanim<\/strong><\/p>\n<p>Voici un livre qui pr\u00e9sente l\u2019islam dans sa globalit\u00e9. Il s\u2019adresse \u00e0 toute personne d\u00e9sireuse de mieux conna\u00eetre l\u2019islam, au-del\u00e0 des clivages et des pr\u00e9jug\u00e9s. Mieux conna\u00eetre, afin de se comprendre et de mieux vivre ensemble.<\/p>\n<p><strong>Tout savoir sur la Mecque &#8211; Mahm\u00fbd al-Dawsar\u00ee<\/strong><\/p>\n<p>La Mecque est un Territoire Sacr\u00e9 que chaque musulman doit fouler au moins une fois dans sa vie.<\/p>\n<p><strong>Tout savoir sur la Ka&rsquo;ba &#8211; Mahm\u00fbd al-Dawsar\u00ee<\/strong><\/p>\n<p>Ce livre expose de mani\u00e8re savante et rigoureuse toutes les informations concernant l&rsquo;honorable Ka&rsquo;ba.<\/p>\n","protected":false},"featured_media":6400,"template":"","meta":[],"product_brand":[],"product_cat":[65,66,47,80,21,177,218,209],"product_tag":[],"class_list":{"0":"post-7726","1":"product","2":"type-product","3":"status-publish","4":"has-post-thumbnail","6":"product_cat-biographies","7":"product_cat-compagnons","8":"product_cat-comprendre-lislam","9":"product_cat-dogme","10":"product_cat-livre","11":"product_cat-pack-cadeaux","12":"product_cat-pelerinage-omra","13":"product_cat-religions-du-livre","14":"description-off","16":"first","17":"instock","18":"sale","19":"shipping-taxable","20":"purchasable","21":"product-type-simple"},"jetpack_sharing_enabled":true,"_links":{"self":[{"href":"https:\/\/elouedshop.com\/index.php?rest_route=\/wp\/v2\/product\/7726","targetHints":{"allow":["GET"]}}],"collection":[{"href":"https:\/\/elouedshop.com\/index.php?rest_route=\/wp\/v2\/product"}],"about":[{"href":"https:\/\/elouedshop.com\/index.php?rest_route=\/wp\/v2\/types\/product"}],"wp:featuredmedia":[{"embeddable":true,"href":"https:\/\/elouedshop.com\/index.php?rest_route=\/wp\/v2\/media\/6400"}],"wp:attachment":[{"href":"https:\/\/elouedshop.com\/index.php?rest_route=%2Fwp%2Fv2%2Fmedia&parent=7726"}],"wp:term":[{"taxonomy":"product_brand","embeddable":true,"href":"https:\/\/elouedshop.com\/index.php?rest_route=%2Fwp%2Fv2%2Fproduct_brand&post=7726"},{"taxonomy":"product_cat","embeddable":true,"href":"https:\/\/elouedshop.com\/index.php?rest_route=%2Fwp%2Fv2%2Fproduct_cat&post=7726"},{"taxonomy":"product_tag","embeddable":true,"href":"https:\/\/elouedshop.com\/index.php?rest_route=%2Fwp%2Fv2%2Fproduct_tag&post=7726"}],"curies":[{"name":"wp","href":"https:\/\/api.w.org\/{rel}","templated":true}]}}