{"id":7709,"date":"2024-01-13T21:47:20","date_gmt":"2024-01-13T21:47:20","guid":{"rendered":"https:\/\/elouedshop.com\/?post_type=product&#038;p=7709"},"modified":"2024-01-13T21:48:53","modified_gmt":"2024-01-13T21:48:53","slug":"pack-aisha-khadija-hafsa-6-livres","status":"publish","type":"product","link":"https:\/\/elouedshop.com\/?product=pack-aisha-khadija-hafsa-6-livres","title":{"rendered":"Pack : Aisha &#8211; Khadija &#8211; Hafsa (6 Livres)"},"content":{"rendered":"","protected":false},"excerpt":{"rendered":"<p>Pack De 6 Livres :<\/p>\n<ul>\n<li>Khadija La M\u00e8re Des Croyants<\/li>\n<\/ul>\n<ul>\n<li>Aisha, La M\u00e8re Des Croyants (Oum Al-mou&rsquo;min\u00een)<\/li>\n<\/ul>\n<ul>\n<li>Hafsa La M\u00e8re Des Croyants &#8211; Aminah Al-kharrat<\/li>\n<\/ul>\n<ul>\n<li>La Citadelle Du Musulman &#8211; Sa\u2018\u00eed Al-qaht\u00e2n\u00ee &#8211; Fran\u00e7ais &#8211; Arabe &#8211; Phon\u00e9tique &#8211; Blanc<\/li>\n<\/ul>\n<ul>\n<li>Le Dhikr Du Matin Et Du Soir Tir\u00e9 Du Coran Et De La Sunna &#8211; Sa\u2018\u00eed Al-qaht\u00e2n\u00ee &#8211; Blanc<\/li>\n<\/ul>\n<ul>\n<li>99 Noms D\u2019Allah Tir\u00e9s Du Coran Et De La Sunna &#8211; Blanc<\/li>\n<\/ul>\n","protected":false},"featured_media":6077,"template":"","meta":[],"product_brand":[],"product_cat":[65,66,143,175,38,21,177,225],"product_tag":[],"class_list":{"0":"post-7709","1":"product","2":"type-product","3":"status-publish","4":"has-post-thumbnail","6":"product_cat-biographies","7":"product_cat-compagnons","8":"product_cat-hadiths","9":"product_cat-histoires-du-coran","10":"product_cat-idees-de-cadeaux","11":"product_cat-livre","12":"product_cat-pack-cadeaux","13":"product_cat-ramadan","14":"description-off","16":"first","17":"instock","18":"sale","19":"shipping-taxable","20":"purchasable","21":"product-type-simple"},"jetpack_sharing_enabled":true,"_links":{"self":[{"href":"https:\/\/elouedshop.com\/index.php?rest_route=\/wp\/v2\/product\/7709","targetHints":{"allow":["GET"]}}],"collection":[{"href":"https:\/\/elouedshop.com\/index.php?rest_route=\/wp\/v2\/product"}],"about":[{"href":"https:\/\/elouedshop.com\/index.php?rest_route=\/wp\/v2\/types\/product"}],"wp:featuredmedia":[{"embeddable":true,"href":"https:\/\/elouedshop.com\/index.php?rest_route=\/wp\/v2\/media\/6077"}],"wp:attachment":[{"href":"https:\/\/elouedshop.com\/index.php?rest_route=%2Fwp%2Fv2%2Fmedia&parent=7709"}],"wp:term":[{"taxonomy":"product_brand","embeddable":true,"href":"https:\/\/elouedshop.com\/index.php?rest_route=%2Fwp%2Fv2%2Fproduct_brand&post=7709"},{"taxonomy":"product_cat","embeddable":true,"href":"https:\/\/elouedshop.com\/index.php?rest_route=%2Fwp%2Fv2%2Fproduct_cat&post=7709"},{"taxonomy":"product_tag","embeddable":true,"href":"https:\/\/elouedshop.com\/index.php?rest_route=%2Fwp%2Fv2%2Fproduct_tag&post=7709"}],"curies":[{"name":"wp","href":"https:\/\/api.w.org\/{rel}","templated":true}]}}