{"id":7700,"date":"2024-01-13T21:38:15","date_gmt":"2024-01-13T21:38:15","guid":{"rendered":"https:\/\/elouedshop.com\/?post_type=product&#038;p=7700"},"modified":"2024-01-13T21:38:28","modified_gmt":"2024-01-13T21:38:28","slug":"histoires-pour-dormir-la-vie-du-prophete-mohammed-saw","status":"publish","type":"product","link":"https:\/\/elouedshop.com\/?product=histoires-pour-dormir-la-vie-du-prophete-mohammed-saw","title":{"rendered":"Histoires pour dormir : La vie du Proph\u00e8te Mohammed (SAW)"},"content":{"rendered":"<p>Les Histoires pour dormir : La vie du Proph\u00e8te Mohammad (SAW) sont la r\u00e9ponse au d\u00e9sir de chaque enfant d\u2019entendre une belle histoire avant de s\u2019endormir. Il contient une s\u00e9lection minutieuse de vingt-trois \u00e9v\u00e9nements magnifiques de la vie du Proph\u00e8te racont\u00e9s dans un langage appropri\u00e9 \u00e0 l\u2019\u00e2ge des enfants.<\/p>\n<p>Un texte simple et des illustrations en couleurs fabuleuses, qui donnent vie aux r\u00e9cits et rendent le message du Proph\u00e8te plus compr\u00e9hensible pour les enfants. Le livre offre une dimension particuli\u00e8re \u00e0 ces histoires merveilleuses et agit comme un fondement sur lequel il est possible d\u2019\u00e9tablir une compr\u00e9hension toujours plus approfondie de l\u2019Islam.<\/p>\n","protected":false},"excerpt":{"rendered":"<p>Les Histoires pour dormir : La vie du Proph\u00e8te Mohammad (SAW) sont la r\u00e9ponse au d\u00e9sir de chaque enfant d\u2019entendre une belle histoire avant de s\u2019endormir. Il contient une s\u00e9lection minutieuse de vingt-trois \u00e9v\u00e9nements magnifiques de la vie du Proph\u00e8te racont\u00e9s dans un langage appropri\u00e9 \u00e0 l\u2019\u00e2ge des enfants. Un texte simple et des illustrations&hellip;<\/p>\n","protected":false},"featured_media":636,"template":"","meta":[],"product_brand":[],"product_cat":[174,24,53,21,225,70],"product_tag":[],"class_list":{"0":"post-7700","1":"product","2":"type-product","3":"status-publish","4":"has-post-thumbnail","6":"product_cat-ecoles-maternelles","7":"product_cat-enfants","8":"product_cat-la-vie-du-prophete","9":"product_cat-livre","10":"product_cat-ramadan","11":"product_cat-vie-du-prophete-saw","12":"description-off","14":"first","15":"instock","16":"shipping-taxable","17":"purchasable","18":"product-type-simple"},"jetpack_sharing_enabled":true,"_links":{"self":[{"href":"https:\/\/elouedshop.com\/index.php?rest_route=\/wp\/v2\/product\/7700","targetHints":{"allow":["GET"]}}],"collection":[{"href":"https:\/\/elouedshop.com\/index.php?rest_route=\/wp\/v2\/product"}],"about":[{"href":"https:\/\/elouedshop.com\/index.php?rest_route=\/wp\/v2\/types\/product"}],"wp:featuredmedia":[{"embeddable":true,"href":"https:\/\/elouedshop.com\/index.php?rest_route=\/wp\/v2\/media\/636"}],"wp:attachment":[{"href":"https:\/\/elouedshop.com\/index.php?rest_route=%2Fwp%2Fv2%2Fmedia&parent=7700"}],"wp:term":[{"taxonomy":"product_brand","embeddable":true,"href":"https:\/\/elouedshop.com\/index.php?rest_route=%2Fwp%2Fv2%2Fproduct_brand&post=7700"},{"taxonomy":"product_cat","embeddable":true,"href":"https:\/\/elouedshop.com\/index.php?rest_route=%2Fwp%2Fv2%2Fproduct_cat&post=7700"},{"taxonomy":"product_tag","embeddable":true,"href":"https:\/\/elouedshop.com\/index.php?rest_route=%2Fwp%2Fv2%2Fproduct_tag&post=7700"}],"curies":[{"name":"wp","href":"https:\/\/api.w.org\/{rel}","templated":true}]}}