{"id":7519,"date":"2024-01-10T19:41:22","date_gmt":"2024-01-10T19:41:22","guid":{"rendered":"https:\/\/elouedshop.com\/?post_type=product&#038;p=7519"},"modified":"2024-01-13T01:01:33","modified_gmt":"2024-01-13T01:01:33","slug":"les-lecons-de-la-sourate-yusuf-yasir-qadhi","status":"publish","type":"product","link":"https:\/\/elouedshop.com\/?product=les-lecons-de-la-sourate-yusuf-yasir-qadhi","title":{"rendered":"Les le\u00e7ons de la sourate Yusuf &#8211; Yasir Qadhi"},"content":{"rendered":"","protected":false},"excerpt":{"rendered":"<p>Allah a nomm\u00e9 la sourate Y\u00fbsuf \u00ab le meilleur de tous les r\u00e9cits \u00bb, qu\u2019Il a r\u00e9v\u00e9l\u00e9 dans le Qur\u2019\u00e2n, la meilleure de toutes les R\u00e9v\u00e9lations, au meilleur de tous les Proph\u00e8tes, notre Proph\u00e8te Muhammad Ce r\u00e9cit lui a \u00e9t\u00e9 r\u00e9v\u00e9l\u00e9 pour lui remonter le moral \u00e0 un moment o\u00f9 ses souffrances et ses soucis \u00e9taient au plus haut. Le Proph\u00e8te Y\u00fbsuf a certes v\u00e9cu il y a des milliers d\u2019ann\u00e9es, mais le temps n\u2019a en rien diminu\u00e9 la pertinence de son histoire : c\u2019est une histoire d\u2019amour, de passion, de trahison et de pardon, et elle a quelque chose \u00e0 nous apprendre \u00e0 chaque \u00e9tape de notre vie. Elle transmet une sagesse divine envelopp\u00e9e d\u2019une \u00e9loquence sans pareille. C\u2019est une histoire intemporelle qui apaisera toujours nos \u00e2mes dans les moments les plus difficiles tout en ravivant notre confiance en notre Seigneur.<\/p>\n<p>La r\u00e9v\u00e9lation de la sourate Y\u00fbsuf<\/p>\n<p>Le moment de la r\u00e9v\u00e9lation de la sourate Y\u00fbsuf n\u2019aurait pu \u00eatre plus opportun. Allah l\u2019a en effet r\u00e9v\u00e9l\u00e9e apr\u00e8s \u00ab l\u2019ann\u00e9e de la tristesse \u00bb, au cours de laquelle trois \u00e9v\u00e9nements traumatisants se sont succ\u00e9d\u00e9 pour le Proph\u00e8te. Le premier \u00e9tait le plus personnel et le plus intime de tous : la mort de son \u00e9pouse Khad\u00eejah, elle qui avait \u00e9t\u00e9 son plus grand soutien, une source constante de r\u00e9confort et de force. Lorsque la R\u00e9v\u00e9lation avait d\u00e9but\u00e9, c\u2019\u00e9tait vers Khad\u00eejah qu\u2019il s\u2019\u00e9tait tourn\u00e9 pour obtenir un soutien affectif et se rassurer. Elle avait \u00e9t\u00e9 la premi\u00e8re \u00e0 croire en sa mission, elle \u00e9tait fermement rest\u00e9e \u00e0 ses c\u00f4t\u00e9s face \u00e0 toute l\u2019adversit\u00e9 des premi\u00e8res ann\u00e9es de sa mission proph\u00e9tique: lorsqu\u2019un homme re\u00e7oit le r\u00e9confort et l\u2019amour dont il a besoin en son foyer, il peut faire face \u00e0 tout ce qui se passe dans le monde ext\u00e9rieur. La mort de Khad\u00eejah fut une perte si profonde pour le Proph\u00e8te que celui-ci, pourtant connu pour son sourire fr\u00e9quent, n\u2019a pas souri pendant une ann\u00e9e enti\u00e8re.<\/p>\n<p>Une deuxi\u00e8me trag\u00e9die suivit bient\u00f4t : la mort de son oncle Ab\u00fb T\u00e2lib. Si Khad\u00eejah avait \u00e9t\u00e9 le soutien du Proph\u00e8te en son foyer et en priv\u00e9, Ab\u00fb T\u00e2lib avait \u00e9t\u00e9 son principal soutien public. Lorsque les incroyants de Quraysh avaient commenc\u00e9 \u00e0 menacer le Proph\u00e8te pour qu\u2019il cesse sa pr\u00e9dication, Ab\u00fb T\u00e2lib avait d\u2019abord essay\u00e9 de convaincre son neveu d\u2019arr\u00eater. Mais la r\u00e9ponse du Proph\u00e8te allait changer la vie d\u2019Ab\u00fb T\u00e2lib pour toujours : \u00ab Par Allah ! Si l\u2019on pla\u00e7ait le soleil dans ma main droite et la lune dans ma main gauche \u00e0 la condition que j\u2019abandonne cette voie, je ne l\u2019abandonnerais pas avant qu\u2019Allah ne m\u2019ait rendu victorieux, ou que je p\u00e9risse en essayant (de l\u2019\u00eatre). \u00bb Ab\u00fb T\u00e2lib lui avait alors dit : \u00ab Va et pr\u00eache ce que tu veux, car, par Allah, je ne t\u2019abandonnerai jamais. \u00bb Et il \u00e9tait un homme de parole : pendant les dix ann\u00e9es qui suivirent, Ab\u00fb T\u00e2lib fit tout ce qu\u2019il pouvait pour d\u00e9fendre le Proph\u00e8te ; il sacrifia sa r\u00e9putation et son prestige pour prot\u00e9ger son neveu, \u00e0 tel point que lorsque les incroyants de Quraysh boycott\u00e8rent les musulmans, Ab\u00fb T\u00e2lib abandonna volontairement ses privil\u00e8ges pour les rejoindre dans la vall\u00e9e o\u00f9 ils avaient \u00e9t\u00e9 bannis, \u00e0 l\u2019ext\u00e9rieur de Makkah. Tant qu\u2019Ab\u00fb T\u00e2lib vivait, les ennemis du Proph\u00e8te ne pouvaient lui causer aucun mal physique: avec sa mort, la pers\u00e9cution n\u2019allait faire que s\u2019intensifier, \u00e0 tel point que le Proph\u00e8te devrait bient\u00f4t quitter Makkah.<\/p>\n<p>Le troisi\u00e8me incident fut le voyage fatidique du Proph\u00e8te \u00e0 Ta\u2019if pour inviter le peuple de cette ville \u00e0 l\u2019adoration d\u2019Allah, seul et sans associ\u00e9 ; ce furent les jours les plus difficiles de sa vie. Sa femme \u2018Aisha lui demanda un jour : \u00ab As-tu rencontr\u00e9 un jour plus difficile que la bataille d\u2019Uhud ? \u00bb Et le Proph\u00e8te r\u00e9pondit : \u00ab Oui, vos tribus m\u2019ont caus\u00e9 beaucoup de troubles ; et le pire fut le jour d\u2019Aqaba, lorsque je me suis pr\u00e9sent\u00e9 \u00e0 Ibn Abd Yalil ibn \u2018Amr (le chef de Ta\u2019if), et qu\u2019il n\u2019a pas r\u00e9pondu \u00e0 ce que je lui proposais. Je suis reparti accabl\u00e9 par un grand chagrin. \u00bb Le Proph\u00e8te fut en effet publiquement rejet\u00e9 et humili\u00e9 \u00e0 Ta\u2019if, au point que les gens lui lanc\u00e8rent des pierres jusqu\u2019\u00e0 ce que ses sandales se remplissent de sang.<\/p>\n<p>Tous ces incidents se produisirent \u00e0 six semaines d\u2019intervalle, et le Proph\u00e8te avait alors l\u2019impression que la situation n\u2019aurait pu \u00eatre pire ; c\u2019est \u00e0 ce moment pr\u00e9cis qu\u2019Allah choisit alors de r\u00e9v\u00e9ler la sourate Y\u00fbsuf. Nous ne connaissons pas la date exacte de cette r\u00e9v\u00e9lation, si ce n\u2019est qu\u2019elle se situe aux alentours de la 10\u00e8me ou 11\u00e8me ann\u00e9e de la p\u00e9riode mecquoise, et quelque temps avant la Hijra vers M\u00e9dine. Lorsque nous comprenons le cadre temporel de la r\u00e9v\u00e9lation, le sens profond de la sourate Y\u00fbsuf devient aussit\u00f4t tr\u00e8s clair : par la r\u00e9v\u00e9lation de la sourate Y\u00fbsuf, Allah remontait le moral du Proph\u00e8te, le consolait et le renfor\u00e7ait, \u00e0 un moment o\u00f9 il \u00e9tait politiquement vuln\u00e9rable. La sourate Y\u00fbsuf fut, en quelque sorte, la lumi\u00e8re qui sortit le Proph\u00e8te de l\u2019obscurit\u00e9 de sa douleur et de son angoisse. Et depuis quatorze si\u00e8cles, cette sourate continue d\u2019\u00e9lever les croyants et d\u2019\u00e9clairer leur voie spirituelle.<\/p>\n<p>Les savants ont mentionn\u00e9 plusieurs autres incidents \u00e0 l\u2019origine de la r\u00e9v\u00e9lation de cette sourate. Alors que la pers\u00e9cution des musulmans s\u2019intensifiait, les Compagnons du Proph\u00e8te se sentirent accabl\u00e9s et all\u00e8rent voir le Proph\u00e8te pour lui dire : \u00ab \u00d4 Messager d\u2019Allah, pourquoi ne nous racontes-tu pas des histoires ? \u00bb Ils voulaient ainsi entendre des exemples de la fa\u00e7on dont les nations pr\u00e9c\u00e9dentes avaient fait face \u00e0 la souffrance et aux pers\u00e9cutions. Au m\u00eame moment, les incroyants de Quraysh tentaient de discr\u00e9diter le Proph\u00e8te en tant que messager de Dieu, en le qualifiant de po\u00e8te, de devin et de fou. Ils envoy\u00e8rent donc une d\u00e9l\u00e9gation aux Juifs de M\u00e9dine pour leur demander de leur donner une question \u00e0 laquelle seul un Proph\u00e8te pourrait r\u00e9pondre. Les Juifs leur dirent de s\u2019enqu\u00e9rir de l\u2019histoire de Y\u00fbsuf et de ses fr\u00e8res, car ils supposaient qu\u2019aucun Arabe ne la conna\u00eetrait ; et Allah r\u00e9pondit ainsi \u00e0 leur question en r\u00e9v\u00e9lant la sourate Y\u00fbsuf, dans tous ses d\u00e9tails captivants !<\/p>\n<p>&nbsp;<\/p>\n<p>Dipl\u00f4m\u00e9 en sciences du hadith et en th\u00e9ologie islamique \u00e0 l&rsquo;universit\u00e9 de M\u00e9dine, et titulaire d&rsquo;un doctorat \u00e0 l&rsquo;universit\u00e9 de Yale, le Dr. Yasir Qadhi est sans doute l&rsquo;un des pr\u00e9dicateurs les plus c\u00e9l\u00e8bres du monde anglophone.<\/p>\n","protected":false},"featured_media":5613,"template":"","meta":[],"product_brand":[],"product_cat":[21,225,67,196],"product_tag":[],"class_list":{"0":"post-7519","1":"product","2":"type-product","3":"status-publish","4":"has-post-thumbnail","6":"product_cat-livre","7":"product_cat-ramadan","8":"product_cat-recits-coranique","9":"product_cat-science-du-coran","10":"description-off","12":"first","13":"instock","14":"shipping-taxable","15":"purchasable","16":"product-type-simple"},"jetpack_sharing_enabled":true,"_links":{"self":[{"href":"https:\/\/elouedshop.com\/index.php?rest_route=\/wp\/v2\/product\/7519","targetHints":{"allow":["GET"]}}],"collection":[{"href":"https:\/\/elouedshop.com\/index.php?rest_route=\/wp\/v2\/product"}],"about":[{"href":"https:\/\/elouedshop.com\/index.php?rest_route=\/wp\/v2\/types\/product"}],"wp:featuredmedia":[{"embeddable":true,"href":"https:\/\/elouedshop.com\/index.php?rest_route=\/wp\/v2\/media\/5613"}],"wp:attachment":[{"href":"https:\/\/elouedshop.com\/index.php?rest_route=%2Fwp%2Fv2%2Fmedia&parent=7519"}],"wp:term":[{"taxonomy":"product_brand","embeddable":true,"href":"https:\/\/elouedshop.com\/index.php?rest_route=%2Fwp%2Fv2%2Fproduct_brand&post=7519"},{"taxonomy":"product_cat","embeddable":true,"href":"https:\/\/elouedshop.com\/index.php?rest_route=%2Fwp%2Fv2%2Fproduct_cat&post=7519"},{"taxonomy":"product_tag","embeddable":true,"href":"https:\/\/elouedshop.com\/index.php?rest_route=%2Fwp%2Fv2%2Fproduct_tag&post=7519"}],"curies":[{"name":"wp","href":"https:\/\/api.w.org\/{rel}","templated":true}]}}