{"id":7152,"date":"2023-12-31T18:32:21","date_gmt":"2023-12-31T18:32:21","guid":{"rendered":"https:\/\/elouedshop.com\/?post_type=product&#038;p=7152"},"modified":"2023-12-31T18:32:41","modified_gmt":"2023-12-31T18:32:41","slug":"explication-des-noms-dallah","status":"publish","type":"product","link":"https:\/\/elouedshop.com\/?product=explication-des-noms-dallah","title":{"rendered":"Explication des Noms d&rsquo;Allah"},"content":{"rendered":"","protected":false},"excerpt":{"rendered":"<p>Introduction Cheikh &lsquo;Abd Al-Razzaq Al-Badr<\/p>\n<p>\u00ab\u00a0Il n&rsquo;est pas de plus immense besoin pour les \u00e2mes que de conna\u00eetre leur Cr\u00e9ateur, de L&rsquo;aimer, de L&rsquo;\u00e9voquer, de s&rsquo;en r\u00e9jouir, et de se rapprocher de Lui. Tout cela n&rsquo;est possible qu&rsquo;\u00e0 travers la connaissance de Ses Noms et Attributs, plus il conna\u00eet Allah, L&rsquo;invoque et se rapproche de Lui. Au contraire, plus il ignore les beaux noms d&rsquo;Allah et Ses Attributs, plus il m\u00e9connait Allah, le d\u00e9teste et s&rsquo;\u00e9loigne de Lui. Et Allah estime son serviteur selon l&rsquo;estime que celui-ci lui accorde.\u00a0\u00bb Ibn Al Qayyim<\/p>\n<p>Cet ouvrage explique chacun des noms d&rsquo;Allah, un part un&#8230;<\/p>\n<p>Versets coraniques cit\u00e9s \u00e9galement en langue arabe.<\/p>\n","protected":false},"featured_media":3939,"template":"","meta":[],"product_brand":[],"product_cat":[80,21,164],"product_tag":[],"class_list":{"0":"post-7152","1":"product","2":"type-product","3":"status-publish","4":"has-post-thumbnail","6":"product_cat-dogme","7":"product_cat-livre","8":"product_cat-noms-attributs-divins","9":"description-off","11":"first","12":"instock","13":"shipping-taxable","14":"purchasable","15":"product-type-simple"},"jetpack_sharing_enabled":true,"_links":{"self":[{"href":"https:\/\/elouedshop.com\/index.php?rest_route=\/wp\/v2\/product\/7152","targetHints":{"allow":["GET"]}}],"collection":[{"href":"https:\/\/elouedshop.com\/index.php?rest_route=\/wp\/v2\/product"}],"about":[{"href":"https:\/\/elouedshop.com\/index.php?rest_route=\/wp\/v2\/types\/product"}],"wp:featuredmedia":[{"embeddable":true,"href":"https:\/\/elouedshop.com\/index.php?rest_route=\/wp\/v2\/media\/3939"}],"wp:attachment":[{"href":"https:\/\/elouedshop.com\/index.php?rest_route=%2Fwp%2Fv2%2Fmedia&parent=7152"}],"wp:term":[{"taxonomy":"product_brand","embeddable":true,"href":"https:\/\/elouedshop.com\/index.php?rest_route=%2Fwp%2Fv2%2Fproduct_brand&post=7152"},{"taxonomy":"product_cat","embeddable":true,"href":"https:\/\/elouedshop.com\/index.php?rest_route=%2Fwp%2Fv2%2Fproduct_cat&post=7152"},{"taxonomy":"product_tag","embeddable":true,"href":"https:\/\/elouedshop.com\/index.php?rest_route=%2Fwp%2Fv2%2Fproduct_tag&post=7152"}],"curies":[{"name":"wp","href":"https:\/\/api.w.org\/{rel}","templated":true}]}}