{"id":7080,"date":"2023-12-30T19:16:14","date_gmt":"2023-12-30T19:16:14","guid":{"rendered":"https:\/\/elouedshop.com\/?post_type=product&#038;p=7080"},"modified":"2023-12-30T19:17:43","modified_gmt":"2023-12-30T19:17:43","slug":"le-grand-livre-de-la-resurrection-et-du-jugement-dernier","status":"publish","type":"product","link":"https:\/\/elouedshop.com\/?product=le-grand-livre-de-la-resurrection-et-du-jugement-dernier","title":{"rendered":"Le Grand Livre de la R\u00e9surrection et du Jugement Dernier"},"content":{"rendered":"<p>Le livre que vous avez entre les mains est extrait d\u2019un ouvrage de r\u00e9f\u00e9rence de L\u2019im\u00e2m Al-Qurtub\u00ee qui est \u201cAt-Tadhkira f\u00ee ahw\u00e2l al-mawt\u00e2 wa-um\u00fbr al-\u00e2khira\u201d (traitant de la mort, de la tombe, du Jour Dernier, du Paradis, de l\u2019Enfer, des signes de la fin des temps et de tout ce qui concerne l&rsquo;au-del\u00e0).<\/p>\n<p>Le pr\u00e9sent livre met la lumi\u00e8re sur la R\u00e9surrection et le Jugement Dernier tels que d\u00e9crits par Dieu dans le Coran et par son proph\u00e8te dans la Sunna authentique, en y apportant un tr\u00e8s grand nombre de d\u00e9tails qu\u2019on ne retrouve pas dans les autres ouvrages traitant du m\u00eame sujet&#8230;<\/p>\n<p>Les nombreux versets coraniques et hadiths traduits en fran\u00e7ais, sont \u00e9galement cit\u00e9s en langue arabe vocalis\u00e9e dans un but p\u00e9dagogique.<\/p>\n<p><strong>A propos de l\u2019auteur :<\/strong><\/p>\n<p>L\u2019im\u00e2m Al-Qurtub\u00ee est le savant le plus connu de l&rsquo;histoire de Cordoue (Qurtuba) lors de la p\u00e9riode de l&rsquo;Andalousie musulmane.<\/p>\n<p>Al-Qurtub\u00ee laissa des ouvrages de tr\u00e8s haute qualit\u00e9. Son Ex\u00e9g\u00e8se du Coran (tafs\u00eer) intitul\u00e9 \u00ab\u00a0Al-J\u00e2mi\u2018 li-ahk\u00e2m al-Qur\u2019\u00e2n\u00a0\u00bb est son oeuvre principale couronnant et d\u00e9passant les livres de la m\u00eame sp\u00e9cialit\u00e9 et une r\u00e9f\u00e9rence en la mati\u00e8re.<\/p>\n","protected":false},"excerpt":{"rendered":"<p>Le livre que vous avez entre les mains est extrait d\u2019un ouvrage de r\u00e9f\u00e9rence de L\u2019im\u00e2m Al-Qurtub\u00ee qui est \u201cAt-Tadhkira f\u00ee ahw\u00e2l al-mawt\u00e2 wa-um\u00fbr al-\u00e2khira\u201d (traitant de la mort, de la tombe, du Jour Dernier, du Paradis, de l\u2019Enfer, des signes de la fin des temps et de tout ce qui concerne l&rsquo;au-del\u00e0). Le pr\u00e9sent&hellip;<\/p>\n","protected":false},"featured_media":995,"template":"","meta":[],"product_brand":[],"product_cat":[144,21,146],"product_tag":[],"class_list":{"0":"post-7080","1":"product","2":"type-product","3":"status-publish","4":"has-post-thumbnail","6":"product_cat-lau-dela","7":"product_cat-livre","8":"product_cat-paradis-enfer-mort","9":"description-off","11":"first","12":"instock","13":"shipping-taxable","14":"purchasable","15":"product-type-simple"},"jetpack_sharing_enabled":true,"_links":{"self":[{"href":"https:\/\/elouedshop.com\/index.php?rest_route=\/wp\/v2\/product\/7080","targetHints":{"allow":["GET"]}}],"collection":[{"href":"https:\/\/elouedshop.com\/index.php?rest_route=\/wp\/v2\/product"}],"about":[{"href":"https:\/\/elouedshop.com\/index.php?rest_route=\/wp\/v2\/types\/product"}],"wp:featuredmedia":[{"embeddable":true,"href":"https:\/\/elouedshop.com\/index.php?rest_route=\/wp\/v2\/media\/995"}],"wp:attachment":[{"href":"https:\/\/elouedshop.com\/index.php?rest_route=%2Fwp%2Fv2%2Fmedia&parent=7080"}],"wp:term":[{"taxonomy":"product_brand","embeddable":true,"href":"https:\/\/elouedshop.com\/index.php?rest_route=%2Fwp%2Fv2%2Fproduct_brand&post=7080"},{"taxonomy":"product_cat","embeddable":true,"href":"https:\/\/elouedshop.com\/index.php?rest_route=%2Fwp%2Fv2%2Fproduct_cat&post=7080"},{"taxonomy":"product_tag","embeddable":true,"href":"https:\/\/elouedshop.com\/index.php?rest_route=%2Fwp%2Fv2%2Fproduct_tag&post=7080"}],"curies":[{"name":"wp","href":"https:\/\/api.w.org\/{rel}","templated":true}]}}