{"id":6958,"date":"2023-12-28T20:42:53","date_gmt":"2023-12-28T20:42:53","guid":{"rendered":"https:\/\/elouedshop.com\/?post_type=product&#038;p=6958"},"modified":"2024-03-15T21:48:16","modified_gmt":"2024-03-15T21:48:16","slug":"les-bases-de-lislam","status":"publish","type":"product","link":"https:\/\/elouedshop.com\/?product=les-bases-de-lislam","title":{"rendered":"Les bases de l&rsquo;Islam"},"content":{"rendered":"","protected":false},"excerpt":{"rendered":"<p>L&#8217;imam al-Ajurri a dit :<\/p>\n<p>\u00ab \u00c0 l\u2019\u00e9poque du Proph\u00e8te (paix sur lui), les gens venaient de tribus Arabes et de villages lointains. De petits groupes de chaque ville et village acceptaient l&#8217;Islam et apprenaient ce qui leur \u00e9tait obligatoire. Puis, ils retournaient vers leurs tribus, leur enseignaient l\u2019Islam et la foi conform\u00e9ment \u00e0 ce que le Proph\u00e8te (paix sur lui) leur avait appris. De plus, ils enseignaient aux gens le licite et l\u2019illicite. Ceux qui avaient appris du Proph\u00e8te (paix sur lui) expliquaient \u00e0 leur peuple que le Proph\u00e8te (paix sur lui) leur avait dit telle et telle chose.<\/p>\n","protected":false},"featured_media":6959,"template":"","meta":[],"product_brand":[],"product_cat":[47,21],"product_tag":[],"class_list":{"0":"post-6958","1":"product","2":"type-product","3":"status-publish","4":"has-post-thumbnail","6":"product_cat-comprendre-lislam","7":"product_cat-livre","8":"description-off","10":"first","11":"instock","12":"shipping-taxable","13":"purchasable","14":"product-type-simple"},"jetpack_sharing_enabled":true,"_links":{"self":[{"href":"https:\/\/elouedshop.com\/index.php?rest_route=\/wp\/v2\/product\/6958","targetHints":{"allow":["GET"]}}],"collection":[{"href":"https:\/\/elouedshop.com\/index.php?rest_route=\/wp\/v2\/product"}],"about":[{"href":"https:\/\/elouedshop.com\/index.php?rest_route=\/wp\/v2\/types\/product"}],"wp:featuredmedia":[{"embeddable":true,"href":"https:\/\/elouedshop.com\/index.php?rest_route=\/wp\/v2\/media\/6959"}],"wp:attachment":[{"href":"https:\/\/elouedshop.com\/index.php?rest_route=%2Fwp%2Fv2%2Fmedia&parent=6958"}],"wp:term":[{"taxonomy":"product_brand","embeddable":true,"href":"https:\/\/elouedshop.com\/index.php?rest_route=%2Fwp%2Fv2%2Fproduct_brand&post=6958"},{"taxonomy":"product_cat","embeddable":true,"href":"https:\/\/elouedshop.com\/index.php?rest_route=%2Fwp%2Fv2%2Fproduct_cat&post=6958"},{"taxonomy":"product_tag","embeddable":true,"href":"https:\/\/elouedshop.com\/index.php?rest_route=%2Fwp%2Fv2%2Fproduct_tag&post=6958"}],"curies":[{"name":"wp","href":"https:\/\/api.w.org\/{rel}","templated":true}]}}