{"id":6953,"date":"2023-12-28T20:25:16","date_gmt":"2023-12-28T20:25:16","guid":{"rendered":"https:\/\/elouedshop.com\/?post_type=product&#038;p=6953"},"modified":"2023-12-28T20:31:26","modified_gmt":"2023-12-28T20:31:26","slug":"le-celibat-liberte-et-souffrance","status":"publish","type":"product","link":"https:\/\/elouedshop.com\/?product=le-celibat-liberte-et-souffrance","title":{"rendered":"Le c\u00e9libat : libert\u00e9 et souffrance"},"content":{"rendered":"<p>Le c\u00e9libat est vu, de nos jours, comme un style de vie et une forme de libert\u00e9 pour les uns, ou comme une source de solitude et de souffrance pour les autres. Ce qui est s\u00fbr, c&rsquo;est qu&rsquo;il se retrouve tr\u00e8s souvent au c\u0153ur de nos pr\u00e9occupations, s&rsquo;impose r\u00e9guli\u00e8rement en sujet central de nos conf\u00e9rences et s\u00e9minaires, et pousse fr\u00e9quemment les gens \u00e0 consulter. Dans ce livre, le psychologue sp\u00e9cialiste du couple et de la famille Ali Habibbi d\u00e9cortique, gr\u00e2ce \u00e0 ses recherches et \u00e0 son exp\u00e9rience, ce sujet si d\u00e9licat \u00e0 traiter. Il dresse un \u00e9tat des lieux du c\u00e9libat dans la communaut\u00e9 musulmane, de ses causes et de ses cons\u00e9quences, et propose des solutions pour y rem\u00e9dier.<\/p>\n","protected":false},"excerpt":{"rendered":"<p>Le c\u00e9libat est vu, de nos jours, comme un style de vie et une forme de libert\u00e9 pour les uns, ou comme une source de solitude et de souffrance pour les autres. Ce qui est s\u00fbr, c&rsquo;est qu&rsquo;il se retrouve tr\u00e8s souvent au c\u0153ur de nos pr\u00e9occupations, s&rsquo;impose r\u00e9guli\u00e8rement en sujet central de nos conf\u00e9rences&hellip;<\/p>\n","protected":false},"featured_media":3369,"template":"","meta":[],"product_brand":[],"product_cat":[21,46],"product_tag":[],"class_list":{"0":"post-6953","1":"product","2":"type-product","3":"status-publish","4":"has-post-thumbnail","6":"product_cat-livre","7":"product_cat-mariage-couple","8":"description-off","10":"first","11":"instock","12":"shipping-taxable","13":"purchasable","14":"product-type-simple"},"jetpack_sharing_enabled":true,"_links":{"self":[{"href":"https:\/\/elouedshop.com\/index.php?rest_route=\/wp\/v2\/product\/6953","targetHints":{"allow":["GET"]}}],"collection":[{"href":"https:\/\/elouedshop.com\/index.php?rest_route=\/wp\/v2\/product"}],"about":[{"href":"https:\/\/elouedshop.com\/index.php?rest_route=\/wp\/v2\/types\/product"}],"wp:featuredmedia":[{"embeddable":true,"href":"https:\/\/elouedshop.com\/index.php?rest_route=\/wp\/v2\/media\/3369"}],"wp:attachment":[{"href":"https:\/\/elouedshop.com\/index.php?rest_route=%2Fwp%2Fv2%2Fmedia&parent=6953"}],"wp:term":[{"taxonomy":"product_brand","embeddable":true,"href":"https:\/\/elouedshop.com\/index.php?rest_route=%2Fwp%2Fv2%2Fproduct_brand&post=6953"},{"taxonomy":"product_cat","embeddable":true,"href":"https:\/\/elouedshop.com\/index.php?rest_route=%2Fwp%2Fv2%2Fproduct_cat&post=6953"},{"taxonomy":"product_tag","embeddable":true,"href":"https:\/\/elouedshop.com\/index.php?rest_route=%2Fwp%2Fv2%2Fproduct_tag&post=6953"}],"curies":[{"name":"wp","href":"https:\/\/api.w.org\/{rel}","templated":true}]}}