{"id":6942,"date":"2023-12-28T20:22:43","date_gmt":"2023-12-28T20:22:43","guid":{"rendered":"https:\/\/elouedshop.com\/?post_type=product&#038;p=6942"},"modified":"2023-12-28T20:34:07","modified_gmt":"2023-12-28T20:34:07","slug":"la-confiance-en-allah","status":"publish","type":"product","link":"https:\/\/elouedshop.com\/?product=la-confiance-en-allah","title":{"rendered":"La Confiance en Allah"},"content":{"rendered":"<p>Si tu as admis qu\u2019Allah Seul agit, et que tu crois que Sa Science, Sa Puissance et Sa Mis\u00e9ricorde sont parfaites, que tu es convaincu qu\u2019il n\u2019existe aucune puissance, science ou compassion au-del\u00e0 des Siennes, alors in\u00e9vitablement ton c\u0153ur s\u2019en remettra totalement \u00e0 Lui Seul. Dans ce cas, jamais tu ne porteras pas ton attention sur un autre que Lui.<\/p>\n<p>Tu dois \u00e9galement te montrer satisfait de tout ce qu\u2019Allah prescrit par la suite. En cas de vol, tu ne dois donc pas te dire : \u00ab Si j\u2019avais \u00e9t\u00e9 plus prudent, on ne m\u2019aurait pas vol\u00e9. \u00bb. Se plaindre de ce qui arrive indique que l\u2019on s\u2019\u00e9loigne de la confiance en Allah.<\/p>\n<p>Il convient d\u2019avoir conscience que ce qui nous est prescrit est une th\u00e9rapie. Ainsi, lorsqu\u2019on trouve de la nourriture, on doit s\u2019en r\u00e9jouir et se dire qu\u2019il s\u2019agit d\u2019une chose utile puisqu\u2019Allah nous l\u2019a prescrit. On doit \u00e9galement se r\u00e9jouir si on en est priv\u00e9 et se dire que si Allah nous en a priv\u00e9s, c\u2019est parce que cela nous est nuisible.<\/p>\n<p>Quiconque n\u2019est pas convaincu de la Faveur d\u2019Allah, comme il l\u2019est de la bienveillance du m\u00e9decin comp\u00e9tent et charitable \u00e0 l\u2019\u00e9gard de son malade, sa confiance en Allah n\u2019est pas valide. Ainsi, celui qui est par exemple victime d\u2019un vol se satisfait de ce qui lui est prescrit et pardonne au voleur par compassion envers les Musulmans.<\/p>\n","protected":false},"excerpt":{"rendered":"<p>Si tu as admis qu\u2019Allah Seul agit, et que tu crois que Sa Science, Sa Puissance et Sa Mis\u00e9ricorde sont parfaites, que tu es convaincu qu\u2019il n\u2019existe aucune puissance, science ou compassion au-del\u00e0 des Siennes, alors in\u00e9vitablement ton c\u0153ur s\u2019en remettra totalement \u00e0 Lui Seul. Dans ce cas, jamais tu ne porteras pas ton attention&hellip;<\/p>\n","protected":false},"featured_media":3274,"template":"","meta":[],"product_brand":[],"product_cat":[151,21,79],"product_tag":[],"class_list":{"0":"post-6942","1":"product","2":"type-product","3":"status-publish","4":"has-post-thumbnail","6":"product_cat-education-spiritualite","7":"product_cat-livre","8":"product_cat-spiritualite","9":"description-off","11":"first","12":"instock","13":"shipping-taxable","14":"purchasable","15":"product-type-simple"},"jetpack_sharing_enabled":true,"_links":{"self":[{"href":"https:\/\/elouedshop.com\/index.php?rest_route=\/wp\/v2\/product\/6942","targetHints":{"allow":["GET"]}}],"collection":[{"href":"https:\/\/elouedshop.com\/index.php?rest_route=\/wp\/v2\/product"}],"about":[{"href":"https:\/\/elouedshop.com\/index.php?rest_route=\/wp\/v2\/types\/product"}],"wp:featuredmedia":[{"embeddable":true,"href":"https:\/\/elouedshop.com\/index.php?rest_route=\/wp\/v2\/media\/3274"}],"wp:attachment":[{"href":"https:\/\/elouedshop.com\/index.php?rest_route=%2Fwp%2Fv2%2Fmedia&parent=6942"}],"wp:term":[{"taxonomy":"product_brand","embeddable":true,"href":"https:\/\/elouedshop.com\/index.php?rest_route=%2Fwp%2Fv2%2Fproduct_brand&post=6942"},{"taxonomy":"product_cat","embeddable":true,"href":"https:\/\/elouedshop.com\/index.php?rest_route=%2Fwp%2Fv2%2Fproduct_cat&post=6942"},{"taxonomy":"product_tag","embeddable":true,"href":"https:\/\/elouedshop.com\/index.php?rest_route=%2Fwp%2Fv2%2Fproduct_tag&post=6942"}],"curies":[{"name":"wp","href":"https:\/\/api.w.org\/{rel}","templated":true}]}}