{"id":6784,"date":"2023-12-26T21:01:00","date_gmt":"2023-12-26T21:01:00","guid":{"rendered":"https:\/\/elouedshop.com\/?post_type=product&#038;p=6784"},"modified":"2023-12-26T21:01:01","modified_gmt":"2023-12-26T21:01:01","slug":"les-99-noms-dallah","status":"publish","type":"product","link":"https:\/\/elouedshop.com\/?product=les-99-noms-dallah","title":{"rendered":"Les 99 Noms d&rsquo;Allah"},"content":{"rendered":"","protected":false},"excerpt":{"rendered":"<p>Nous vous pr\u00e9sentons cet ouvrage recensant les 99 Noms d&rsquo;ALLAH, dont 81 sont issus du Coran et 18 de la Sounnah authentique, cette liste a \u00e9t\u00e9 \u00e9tablie par le Cheikh Mohammed Ibn S\u00e2lih el-&lsquo;Otheimin -RahimahuLLAH- dans son livre \u00ab\u00a0al-Qaw\u00e2&rsquo;id al-Mouthl\u00e2\u00a0\u00bb. Le Messager d&rsquo;Allah a dit dans un hadith authentique rapport\u00e9 par Abou Hourayra: \u00ab\u00a0Certes, ALLAH poss\u00e8de 99 Noms, cent moins un, celui qui les m\u00e9morisera (en L&rsquo;invoquant par ceux-ci et en oeuvrant selon la grandeur de leurs sens) rentrera au Paradis.\u00a0\u00bb (Rapport\u00e9 par Boukhari et Mouslim).<\/p>\n","protected":false},"featured_media":6785,"template":"","meta":[],"product_brand":[],"product_cat":[176,45,75,21],"product_tag":[],"class_list":{"0":"post-6784","1":"product","2":"type-product","3":"status-publish","4":"has-post-thumbnail","6":"product_cat-invocations","7":"product_cat-invocations-et-rappel","8":"product_cat-invocations-et-rappels","9":"product_cat-livre","10":"description-off","12":"first","13":"instock","14":"shipping-taxable","15":"purchasable","16":"product-type-simple"},"jetpack_sharing_enabled":true,"_links":{"self":[{"href":"https:\/\/elouedshop.com\/index.php?rest_route=\/wp\/v2\/product\/6784","targetHints":{"allow":["GET"]}}],"collection":[{"href":"https:\/\/elouedshop.com\/index.php?rest_route=\/wp\/v2\/product"}],"about":[{"href":"https:\/\/elouedshop.com\/index.php?rest_route=\/wp\/v2\/types\/product"}],"wp:featuredmedia":[{"embeddable":true,"href":"https:\/\/elouedshop.com\/index.php?rest_route=\/wp\/v2\/media\/6785"}],"wp:attachment":[{"href":"https:\/\/elouedshop.com\/index.php?rest_route=%2Fwp%2Fv2%2Fmedia&parent=6784"}],"wp:term":[{"taxonomy":"product_brand","embeddable":true,"href":"https:\/\/elouedshop.com\/index.php?rest_route=%2Fwp%2Fv2%2Fproduct_brand&post=6784"},{"taxonomy":"product_cat","embeddable":true,"href":"https:\/\/elouedshop.com\/index.php?rest_route=%2Fwp%2Fv2%2Fproduct_cat&post=6784"},{"taxonomy":"product_tag","embeddable":true,"href":"https:\/\/elouedshop.com\/index.php?rest_route=%2Fwp%2Fv2%2Fproduct_tag&post=6784"}],"curies":[{"name":"wp","href":"https:\/\/api.w.org\/{rel}","templated":true}]}}