{"id":6778,"date":"2023-12-26T20:50:55","date_gmt":"2023-12-26T20:50:55","guid":{"rendered":"https:\/\/elouedshop.com\/?post_type=product&#038;p=6778"},"modified":"2023-12-26T20:50:55","modified_gmt":"2023-12-26T20:50:55","slug":"tout-savoir-sur-la-mecque","status":"publish","type":"product","link":"https:\/\/elouedshop.com\/?product=tout-savoir-sur-la-mecque","title":{"rendered":"Tout savoir sur La Mecque"},"content":{"rendered":"","protected":false},"excerpt":{"rendered":"<p>La Mecque est un Territoire Sacr\u00e9 que chaque musulman doit fouler au moins une fois dans sa vie. Le Coran et la Sunna nous enseignent des r\u00e8gles, des biens\u00e9ances et des m\u00e9rites qu&rsquo;il convient de conna\u00eetre, car c&rsquo;est un lieu aim\u00e9 par Allah et Son Proph\u00e8te.<\/p>\n<p>Ce livre r\u00e9pond de mani\u00e8re savante et rigoureuse \u00e0 cet objectif. Il nous pr\u00e9sente les textes du Coran et de la Sunna, ainsi que les avis des grands savants, \u00e0 propos des questions relatives \u00e0 la mecque : son histoire, ses m\u00e9rites ainsi que les biens\u00e9ances \u00e0 observer quand on a le privil\u00e8ge de s&rsquo;y trouver.<\/p>\n","protected":false},"featured_media":6779,"template":"","meta":[],"product_brand":[],"product_cat":[21,218],"product_tag":[],"class_list":{"0":"post-6778","1":"product","2":"type-product","3":"status-publish","4":"has-post-thumbnail","6":"product_cat-livre","7":"product_cat-pelerinage-omra","8":"description-off","10":"first","11":"instock","12":"shipping-taxable","13":"purchasable","14":"product-type-simple"},"jetpack_sharing_enabled":true,"_links":{"self":[{"href":"https:\/\/elouedshop.com\/index.php?rest_route=\/wp\/v2\/product\/6778","targetHints":{"allow":["GET"]}}],"collection":[{"href":"https:\/\/elouedshop.com\/index.php?rest_route=\/wp\/v2\/product"}],"about":[{"href":"https:\/\/elouedshop.com\/index.php?rest_route=\/wp\/v2\/types\/product"}],"wp:featuredmedia":[{"embeddable":true,"href":"https:\/\/elouedshop.com\/index.php?rest_route=\/wp\/v2\/media\/6779"}],"wp:attachment":[{"href":"https:\/\/elouedshop.com\/index.php?rest_route=%2Fwp%2Fv2%2Fmedia&parent=6778"}],"wp:term":[{"taxonomy":"product_brand","embeddable":true,"href":"https:\/\/elouedshop.com\/index.php?rest_route=%2Fwp%2Fv2%2Fproduct_brand&post=6778"},{"taxonomy":"product_cat","embeddable":true,"href":"https:\/\/elouedshop.com\/index.php?rest_route=%2Fwp%2Fv2%2Fproduct_cat&post=6778"},{"taxonomy":"product_tag","embeddable":true,"href":"https:\/\/elouedshop.com\/index.php?rest_route=%2Fwp%2Fv2%2Fproduct_tag&post=6778"}],"curies":[{"name":"wp","href":"https:\/\/api.w.org\/{rel}","templated":true}]}}