{"id":6750,"date":"2023-12-26T14:48:07","date_gmt":"2023-12-26T14:48:07","guid":{"rendered":"https:\/\/elouedshop.com\/?post_type=product&#038;p=6750"},"modified":"2023-12-26T14:48:08","modified_gmt":"2023-12-26T14:48:08","slug":"le-mariage-un-nouveau-depart-dans-la-vie","status":"publish","type":"product","link":"https:\/\/elouedshop.com\/?product=le-mariage-un-nouveau-depart-dans-la-vie","title":{"rendered":"Le mariage, un nouveau d\u00e9part dans la vie"},"content":{"rendered":"","protected":false},"excerpt":{"rendered":"<p>Cet ouvrage a pour vocation d\u2019aider les futurs pr\u00e9tendants au mariage ainsi que les personnes d\u00e9j\u00e0 mari\u00e9es \u00e0 mieux comprendre les buts et sagesses du mariage&#8230;<\/p>\n","protected":false},"featured_media":6751,"template":"","meta":[],"product_brand":[],"product_cat":[21,46],"product_tag":[],"class_list":{"0":"post-6750","1":"product","2":"type-product","3":"status-publish","4":"has-post-thumbnail","6":"product_cat-livre","7":"product_cat-mariage-couple","8":"description-off","10":"first","11":"instock","12":"shipping-taxable","13":"purchasable","14":"product-type-simple"},"jetpack_sharing_enabled":true,"_links":{"self":[{"href":"https:\/\/elouedshop.com\/index.php?rest_route=\/wp\/v2\/product\/6750","targetHints":{"allow":["GET"]}}],"collection":[{"href":"https:\/\/elouedshop.com\/index.php?rest_route=\/wp\/v2\/product"}],"about":[{"href":"https:\/\/elouedshop.com\/index.php?rest_route=\/wp\/v2\/types\/product"}],"wp:featuredmedia":[{"embeddable":true,"href":"https:\/\/elouedshop.com\/index.php?rest_route=\/wp\/v2\/media\/6751"}],"wp:attachment":[{"href":"https:\/\/elouedshop.com\/index.php?rest_route=%2Fwp%2Fv2%2Fmedia&parent=6750"}],"wp:term":[{"taxonomy":"product_brand","embeddable":true,"href":"https:\/\/elouedshop.com\/index.php?rest_route=%2Fwp%2Fv2%2Fproduct_brand&post=6750"},{"taxonomy":"product_cat","embeddable":true,"href":"https:\/\/elouedshop.com\/index.php?rest_route=%2Fwp%2Fv2%2Fproduct_cat&post=6750"},{"taxonomy":"product_tag","embeddable":true,"href":"https:\/\/elouedshop.com\/index.php?rest_route=%2Fwp%2Fv2%2Fproduct_tag&post=6750"}],"curies":[{"name":"wp","href":"https:\/\/api.w.org\/{rel}","templated":true}]}}