{"id":6687,"date":"2023-12-26T13:19:45","date_gmt":"2023-12-26T13:19:45","guid":{"rendered":"https:\/\/elouedshop.com\/?post_type=product&#038;p=6687"},"modified":"2023-12-26T13:19:46","modified_gmt":"2023-12-26T13:19:46","slug":"mon-bebe-parti-trop-tot","status":"publish","type":"product","link":"https:\/\/elouedshop.com\/?product=mon-bebe-parti-trop-tot","title":{"rendered":"Mon B\u00e9b\u00e9 parti trop t\u00f4t"},"content":{"rendered":"","protected":false},"excerpt":{"rendered":"<p>Ainsi, je me suis allong\u00e9 sur le fauteuil d\u2019examen. Mon souffle \u00e9tait incontr\u00f4lable et une grande frayeur m\u2019enveloppait le corps. J\u2019avais l\u2019impression d\u2019\u00eatre dans la peau d\u2019une condamn\u00e9e qui attendait la prononciation de sa sentence. M\u2019\u00e9chapper de la pi\u00e8ce, m\u2019\u00e9vader au loin pour retrouver la f\u00e9liciter dans laquelle j\u2019avais \u00e9t\u00e9 plong\u00e9e durant tant de mois, \u00e9tait mon seul souhait. Tristement, je r\u00e9alisais que je n\u2019avais plus d\u2019issue et que je devais me r\u00e9signer \u00e0 cette dure r\u00e9alit\u00e9&#8230;<\/p>\n","protected":false},"featured_media":6688,"template":"","meta":[],"product_brand":[],"product_cat":[25,38,21],"product_tag":[],"class_list":{"0":"post-6687","1":"product","2":"type-product","3":"status-publish","4":"has-post-thumbnail","6":"product_cat-femmes","7":"product_cat-idees-de-cadeaux","8":"product_cat-livre","9":"description-off","11":"first","12":"instock","13":"shipping-taxable","14":"purchasable","15":"product-type-simple"},"jetpack_sharing_enabled":true,"_links":{"self":[{"href":"https:\/\/elouedshop.com\/index.php?rest_route=\/wp\/v2\/product\/6687","targetHints":{"allow":["GET"]}}],"collection":[{"href":"https:\/\/elouedshop.com\/index.php?rest_route=\/wp\/v2\/product"}],"about":[{"href":"https:\/\/elouedshop.com\/index.php?rest_route=\/wp\/v2\/types\/product"}],"wp:featuredmedia":[{"embeddable":true,"href":"https:\/\/elouedshop.com\/index.php?rest_route=\/wp\/v2\/media\/6688"}],"wp:attachment":[{"href":"https:\/\/elouedshop.com\/index.php?rest_route=%2Fwp%2Fv2%2Fmedia&parent=6687"}],"wp:term":[{"taxonomy":"product_brand","embeddable":true,"href":"https:\/\/elouedshop.com\/index.php?rest_route=%2Fwp%2Fv2%2Fproduct_brand&post=6687"},{"taxonomy":"product_cat","embeddable":true,"href":"https:\/\/elouedshop.com\/index.php?rest_route=%2Fwp%2Fv2%2Fproduct_cat&post=6687"},{"taxonomy":"product_tag","embeddable":true,"href":"https:\/\/elouedshop.com\/index.php?rest_route=%2Fwp%2Fv2%2Fproduct_tag&post=6687"}],"curies":[{"name":"wp","href":"https:\/\/api.w.org\/{rel}","templated":true}]}}