{"id":5578,"date":"2023-11-26T13:42:10","date_gmt":"2023-11-26T13:42:10","guid":{"rendered":"https:\/\/elouedshop.com\/?post_type=product&#038;p=5578"},"modified":"2023-11-26T13:42:28","modified_gmt":"2023-11-26T13:42:28","slug":"la-croyance-de-lunicite-aqidatoul-tawhid","status":"publish","type":"product","link":"https:\/\/elouedshop.com\/?product=la-croyance-de-lunicite-aqidatoul-tawhid","title":{"rendered":"La Croyance de l&rsquo;Unicit\u00e9 (&lsquo;Aq\u00eedatoul Tawh\u00eed)"},"content":{"rendered":"","protected":false},"excerpt":{"rendered":"<p>Ce livre essentiel \u00e9crit par l\u00a0\u2019\u00e9rudit Cheikh Dr. S\u00e2lih Ibn Fawz\u00e2n Al-Fawz\u00e2n, traite des bases de la croyance des gens de la sunna et du consensus (ahlous-sounna wal-jam\u00e2\u2018a).<\/p>\n<p>Les raisons du choix de ce livre se r\u00e9sument comme suit :<\/p>\n<ul>\n<li>Ce livre est tr\u00e8s complet et ceci, car le cheikh a trait\u00e9 de la plupart des chapitres de la croyance de mani\u00e8re facile et concise.<\/li>\n<li>Ce livre comporte l\u2019explication de nombreux termes religieux et dogmatiques, ce qui permet au lecteur d\u2019acqu\u00e9rir un vocabulaire technique enrichissant en mati\u00e8re de croyance.<\/li>\n<li>Ce livre expose clairement les croyances contraires \u00e0 l\u2019islam des diff\u00e9rentes sectes de l\u2019islam comme les Kharijites, les mou\u2018tazila, les mourji\u2019a ou encore les soufis et met en garde contre leurs innovations.<\/li>\n<\/ul>\n<p>Les versets coraniques sont \u00e9galement cit\u00e9s en langue arabe.<\/p>\n","protected":false},"featured_media":3899,"template":"","meta":[],"product_brand":[],"product_cat":[159,80,161,21,163],"product_tag":[],"class_list":{"0":"post-5578","1":"product","2":"type-product","3":"status-publish","4":"has-post-thumbnail","6":"product_cat-credo-doctrine","7":"product_cat-dogme","8":"product_cat-foi-iman","9":"product_cat-livre","10":"product_cat-monotheisme-tawhid","11":"description-off","13":"first","14":"instock","15":"shipping-taxable","16":"purchasable","17":"product-type-simple"},"jetpack_sharing_enabled":true,"_links":{"self":[{"href":"https:\/\/elouedshop.com\/index.php?rest_route=\/wp\/v2\/product\/5578","targetHints":{"allow":["GET"]}}],"collection":[{"href":"https:\/\/elouedshop.com\/index.php?rest_route=\/wp\/v2\/product"}],"about":[{"href":"https:\/\/elouedshop.com\/index.php?rest_route=\/wp\/v2\/types\/product"}],"wp:featuredmedia":[{"embeddable":true,"href":"https:\/\/elouedshop.com\/index.php?rest_route=\/wp\/v2\/media\/3899"}],"wp:attachment":[{"href":"https:\/\/elouedshop.com\/index.php?rest_route=%2Fwp%2Fv2%2Fmedia&parent=5578"}],"wp:term":[{"taxonomy":"product_brand","embeddable":true,"href":"https:\/\/elouedshop.com\/index.php?rest_route=%2Fwp%2Fv2%2Fproduct_brand&post=5578"},{"taxonomy":"product_cat","embeddable":true,"href":"https:\/\/elouedshop.com\/index.php?rest_route=%2Fwp%2Fv2%2Fproduct_cat&post=5578"},{"taxonomy":"product_tag","embeddable":true,"href":"https:\/\/elouedshop.com\/index.php?rest_route=%2Fwp%2Fv2%2Fproduct_tag&post=5578"}],"curies":[{"name":"wp","href":"https:\/\/api.w.org\/{rel}","templated":true}]}}