{"id":4682,"date":"2023-11-08T14:27:53","date_gmt":"2023-11-08T14:27:53","guid":{"rendered":"https:\/\/elouedshop.com\/?post_type=product&#038;p=4682"},"modified":"2023-11-08T14:27:54","modified_gmt":"2023-11-08T14:27:54","slug":"les-conquerants-et-heros-de-lislam","status":"publish","type":"product","link":"https:\/\/elouedshop.com\/?product=les-conquerants-et-heros-de-lislam","title":{"rendered":"Les Conqu\u00e9rants et H\u00e9ros de l&rsquo;Islam"},"content":{"rendered":"","protected":false},"excerpt":{"rendered":"<p>La communaut\u00e9 musulmane a connu, \u00e0 travers les si\u00e8cles, de nombreux valeureux chefs et grands dirigeants, qui avaient pr\u00e9f\u00e9r\u00e9 l&rsquo;au-del\u00e0 \u00e0 la vie d&rsquo;ici-bas, et donn\u00e9 les meilleurs exemples dans leur capacit\u00e9 \u00e0 pouvoir guider la nation en temps de crise, et la sortir de ses erreurs, jusqu&rsquo;\u00e0 ce qu&rsquo;ils aient domin\u00e9 le monde entier.<\/p>\n<p>Dans ce livre, nous vous pr\u00e9sentons 12 des plus \u00e9minents conqu\u00e9rants et h\u00e9ros ayant marqu\u00e9 l&rsquo;Histoire de l&rsquo;islam, parmi lesquels : Az-Zubayr Ibn Al-&lsquo;Aww\u00e2m, Kh\u00e2lid Ibn Al-Wal\u00eed, \u2018Uqba Ibn N\u00e2fi\u2018, H\u00e2r\u00fbn Ar-Rach\u00eed, Y\u00fbsuf Ibn T\u00e2chf\u00een, Sal\u00e2h Ad-D\u00een Al-Ayy\u00fbb\u00ee, Sayf Ad-D\u00een Qutuz, T\u00e2riq Ibn Ziy\u00e2d, Muhammad Al-F\u00e2tih, l&rsquo;\u00e9mir Abdelkader, etc.<\/p>\n<p>Ces grands chefs exemplaires, qui avaient contribu\u00e9 \u00e0 la naissance et la consolidation d&rsquo;un Etat dont le fondement n&rsquo;\u00e9tait autre que la religion musulmane, constituent une source d&rsquo;inspiration. En effet, ils s&rsquo;\u00e9taient distingu\u00e9s par leurs personnalit\u00e9s et leurs grandes qualit\u00e9s morales, disposant d&rsquo;attributs hors du commun, qui leur avaient permis de marquer l&rsquo;Histoire, et parfois m\u00eame de changer \u00e0 jamais la face du monde.<\/p>\n","protected":false},"featured_media":4683,"template":"","meta":[],"product_brand":[],"product_cat":[65,50,21,71],"product_tag":[],"class_list":{"0":"post-4682","1":"product","2":"type-product","3":"status-publish","4":"has-post-thumbnail","6":"product_cat-biographies","7":"product_cat-histoire-et-civilisations","8":"product_cat-livre","9":"product_cat-personnages-illustres","10":"description-off","12":"first","13":"instock","14":"shipping-taxable","15":"purchasable","16":"product-type-simple"},"jetpack_sharing_enabled":true,"_links":{"self":[{"href":"https:\/\/elouedshop.com\/index.php?rest_route=\/wp\/v2\/product\/4682","targetHints":{"allow":["GET"]}}],"collection":[{"href":"https:\/\/elouedshop.com\/index.php?rest_route=\/wp\/v2\/product"}],"about":[{"href":"https:\/\/elouedshop.com\/index.php?rest_route=\/wp\/v2\/types\/product"}],"wp:featuredmedia":[{"embeddable":true,"href":"https:\/\/elouedshop.com\/index.php?rest_route=\/wp\/v2\/media\/4683"}],"wp:attachment":[{"href":"https:\/\/elouedshop.com\/index.php?rest_route=%2Fwp%2Fv2%2Fmedia&parent=4682"}],"wp:term":[{"taxonomy":"product_brand","embeddable":true,"href":"https:\/\/elouedshop.com\/index.php?rest_route=%2Fwp%2Fv2%2Fproduct_brand&post=4682"},{"taxonomy":"product_cat","embeddable":true,"href":"https:\/\/elouedshop.com\/index.php?rest_route=%2Fwp%2Fv2%2Fproduct_cat&post=4682"},{"taxonomy":"product_tag","embeddable":true,"href":"https:\/\/elouedshop.com\/index.php?rest_route=%2Fwp%2Fv2%2Fproduct_tag&post=4682"}],"curies":[{"name":"wp","href":"https:\/\/api.w.org\/{rel}","templated":true}]}}