{"id":3726,"date":"2023-09-25T11:55:04","date_gmt":"2023-09-25T11:55:04","guid":{"rendered":"https:\/\/elouedshop.com\/?post_type=product&#038;p=3726"},"modified":"2023-09-25T11:55:05","modified_gmt":"2023-09-25T11:55:05","slug":"comment-gagner-lamour-de-ton-mari","status":"publish","type":"product","link":"https:\/\/elouedshop.com\/?product=comment-gagner-lamour-de-ton-mari","title":{"rendered":"Comment gagner l&rsquo;amour de ton mari ?"},"content":{"rendered":"","protected":false},"excerpt":{"rendered":"<p>Pr\u00e9sentation du Cheikh Ayed Ben Abd Allah Al-Qarn\u00ee.<br \/>\nPr\u00e9sentation du livre par le shaykh Abd Allah Al-Qarn\u00ee &#8211; Louange \u00e0 Dieu l&rsquo;Unique, pri\u00e8re et paix sur celui qui ne sera suivi d&rsquo;aucun Proph\u00e8te, ainsi que sur sa famille et sur ses compagnons.<\/p>\n<p>\u00ab Comment gagner l&rsquo;amour de ton mari ? \u00bb est un \u00e9p\u00eetre \u00e9crit, avec un grand esprit de g\u00e9n\u00e9rosit\u00e9, par le professeur Ibr\u00e2h\u00eem ben S\u00e2lih Al-Mahm\u00fbd. Je te laisse cher lecteur avec cette \u00e9p\u00eetre dans un \u00e9tat de retraite spirituelle afin que tu te rendes compte seul de sa valeur, apr\u00e8s avoir \u00e9gay\u00e9 ton c\u0153ur par ses vergers, d\u00e9tendu ton \u00e2me dans ses jardins et r\u00e9gal\u00e9 tes oreilles par les chants m\u00e9lodieux de ses oiseaux. Il s&rsquo;agit certes d&rsquo;un \u00e9p\u00eetre pr\u00e9cieux, ch\u00e8re par les versets explicites et les sagesses efficientes, et je n&rsquo;exag\u00e8re certes pas \u2014par la permission de Dieu Puissant et Majestueux-si je te dis que je n&rsquo;ai pas encore lu une seule \u00e9p\u00eetre, traitant de ce sujet, aussi belle que celle-ci. Que Dieu gratifie son auteur, le mette dans une belle demeure, le rende bienheureux et rende ses \u0153uvres b\u00e9n\u00e9fiques !<\/p>\n<p>Les th\u00e8mes trait\u00e9s dans ce livre :<\/p>\n<ul>\n<li>l&rsquo;ob\u00e9issance \u00e0 l&rsquo;\u00e9poux<\/li>\n<li>le m\u00e9rite de l&rsquo;\u00e9pouse vertueuse<\/li>\n<li>le droit de l&rsquo;\u00e9poux sur son \u00e9pouse<\/li>\n<li>L&rsquo;\u00e9ducation des enfants<\/li>\n<\/ul>\n","protected":false},"featured_media":3727,"template":"","meta":[],"product_brand":[],"product_cat":[25,21,46],"product_tag":[],"class_list":{"0":"post-3726","1":"product","2":"type-product","3":"status-publish","4":"has-post-thumbnail","6":"product_cat-femmes","7":"product_cat-livre","8":"product_cat-mariage-couple","9":"description-off","11":"first","12":"instock","13":"shipping-taxable","14":"purchasable","15":"product-type-simple"},"jetpack_sharing_enabled":true,"_links":{"self":[{"href":"https:\/\/elouedshop.com\/index.php?rest_route=\/wp\/v2\/product\/3726","targetHints":{"allow":["GET"]}}],"collection":[{"href":"https:\/\/elouedshop.com\/index.php?rest_route=\/wp\/v2\/product"}],"about":[{"href":"https:\/\/elouedshop.com\/index.php?rest_route=\/wp\/v2\/types\/product"}],"wp:featuredmedia":[{"embeddable":true,"href":"https:\/\/elouedshop.com\/index.php?rest_route=\/wp\/v2\/media\/3727"}],"wp:attachment":[{"href":"https:\/\/elouedshop.com\/index.php?rest_route=%2Fwp%2Fv2%2Fmedia&parent=3726"}],"wp:term":[{"taxonomy":"product_brand","embeddable":true,"href":"https:\/\/elouedshop.com\/index.php?rest_route=%2Fwp%2Fv2%2Fproduct_brand&post=3726"},{"taxonomy":"product_cat","embeddable":true,"href":"https:\/\/elouedshop.com\/index.php?rest_route=%2Fwp%2Fv2%2Fproduct_cat&post=3726"},{"taxonomy":"product_tag","embeddable":true,"href":"https:\/\/elouedshop.com\/index.php?rest_route=%2Fwp%2Fv2%2Fproduct_tag&post=3726"}],"curies":[{"name":"wp","href":"https:\/\/api.w.org\/{rel}","templated":true}]}}