{"id":3464,"date":"2023-09-11T22:58:55","date_gmt":"2023-09-11T22:58:55","guid":{"rendered":"https:\/\/elouedshop.com\/?post_type=product&#038;p=3464"},"modified":"2023-09-11T22:58:55","modified_gmt":"2023-09-11T22:58:55","slug":"la-femme-savante-a-lepoque-du-prophete","status":"publish","type":"product","link":"https:\/\/elouedshop.com\/?product=la-femme-savante-a-lepoque-du-prophete","title":{"rendered":"La Femme Savante \u00e0 l&rsquo;\u00e9poque du proph\u00e8te"},"content":{"rendered":"","protected":false},"excerpt":{"rendered":"<p>En islam, la femme jouit d\u2019un rang \u00e9lev\u00e9. Elle est m\u00e8re, \u00e9pouse, soeur, fille, tante\u2026 mais pas uniquement. Elle est \u00e9galement ex\u00e9g\u00e8te, jurisconsulte, traditionniste et savante.A l\u2019\u00e9poque du Proph\u00e8te PBSL, la femme s\u2019est particuli\u00e8rement distingu\u00e9e dans le domaine du savoir, du fiqh et de la fatwa,bien au-del\u00e0 du clich\u00e9 de femme vertueuse parce qu\u2019\u00e9pouse tendre et affectueuse qui s\u2019occupe de son foyer et de sa petite famille.Cet ouvrage se propose de montrer une dimension de la femme trop peu connue et mise en \u00e9vidence : celle de la femme qui s\u2019investit dans la soci\u00e9t\u00e9 en tant qu\u2019actrice engag\u00e9e et mod\u00e8le pour les autres,la femme qui enseigne, \u00e9crit et influence, elle engendre la nation,la forme et la fa\u00e7onne \u00e9galement !<\/p>\n<p>C\u2019est ce mod\u00e8le que nous souhaitons pour la femme d\u2019aujourd\u2019hui, celui qui existait autrefois et que l\u2019on ne rencontre que rarement de nos jours. L\u2019homme n\u2019avait pas le monopole du savoir hier et ne l\u2019a pas non plus aujourd\u2019hui,faut-il encore que notre communaut\u00e9 s\u2019en rende compte et oeuvre \u00e0 ce que ce ne soit pas le cas.<\/p>\n","protected":false},"featured_media":3465,"template":"","meta":[],"product_brand":[],"product_cat":[25,21],"product_tag":[],"class_list":{"0":"post-3464","1":"product","2":"type-product","3":"status-publish","4":"has-post-thumbnail","6":"product_cat-femmes","7":"product_cat-livre","8":"description-off","10":"first","11":"instock","12":"shipping-taxable","13":"purchasable","14":"product-type-simple"},"jetpack_sharing_enabled":true,"_links":{"self":[{"href":"https:\/\/elouedshop.com\/index.php?rest_route=\/wp\/v2\/product\/3464","targetHints":{"allow":["GET"]}}],"collection":[{"href":"https:\/\/elouedshop.com\/index.php?rest_route=\/wp\/v2\/product"}],"about":[{"href":"https:\/\/elouedshop.com\/index.php?rest_route=\/wp\/v2\/types\/product"}],"wp:featuredmedia":[{"embeddable":true,"href":"https:\/\/elouedshop.com\/index.php?rest_route=\/wp\/v2\/media\/3465"}],"wp:attachment":[{"href":"https:\/\/elouedshop.com\/index.php?rest_route=%2Fwp%2Fv2%2Fmedia&parent=3464"}],"wp:term":[{"taxonomy":"product_brand","embeddable":true,"href":"https:\/\/elouedshop.com\/index.php?rest_route=%2Fwp%2Fv2%2Fproduct_brand&post=3464"},{"taxonomy":"product_cat","embeddable":true,"href":"https:\/\/elouedshop.com\/index.php?rest_route=%2Fwp%2Fv2%2Fproduct_cat&post=3464"},{"taxonomy":"product_tag","embeddable":true,"href":"https:\/\/elouedshop.com\/index.php?rest_route=%2Fwp%2Fv2%2Fproduct_tag&post=3464"}],"curies":[{"name":"wp","href":"https:\/\/api.w.org\/{rel}","templated":true}]}}