{"id":16551,"date":"2025-02-05T18:26:43","date_gmt":"2025-02-05T18:26:43","guid":{"rendered":"https:\/\/elouedshop.com\/?post_type=product&#038;p=16551"},"modified":"2025-02-05T18:27:21","modified_gmt":"2025-02-05T18:27:21","slug":"poupee-musulmane-chifa-parlante-version-de-luxe-rose","status":"publish","type":"product","link":"https:\/\/elouedshop.com\/?product=poupee-musulmane-chifa-parlante-version-de-luxe-rose","title":{"rendered":"Poup\u00e9e musulmane \u00ab\u00a0Chifa\u00a0\u00bb parlante (version de luxe) Rose"},"content":{"rendered":"<table border=\"0\" width=\"100%\" cellspacing=\"0\" cellpadding=\"0\">\n<tbody>\n<tr>\n<td align=\"left\"><b>Type de produit :<\/b>\u00a0Jeu \/ jouet<\/td>\n<\/tr>\n<tr>\n<td align=\"left\"><b>Mod\u00e8le \u2013 Format :<\/b> Hauteur de la poup\u00e9e : 34 cm \u2013 Boite 10 x 19 x 39 cm<\/td>\n<\/tr>\n<tr>\n<td align=\"left\"><b>Editeur :<\/b>\u00a0Orientica<\/td>\n<\/tr>\n<tr>\n<td align=\"left\"><b>Langue :<\/b>\u00a0fran\u00e7ais \u2013 arabe<\/td>\n<\/tr>\n<tr>\n<td align=\"left\"><b>EAN :<\/b>\u00a05430000273121 3760090457326<\/td>\n<\/tr>\n<\/tbody>\n<\/table>\n","protected":false},"excerpt":{"rendered":"<p class=\"cvGsUA direction-ltr align-center para-style-body\"><span class=\"OYPEnA text-decoration-none text-strikethrough-none\">Entrez dans l&rsquo;univers charmeur de la poup\u00e9e \u00ab\u00a0Chifa\u00a0\u00bb, la nouvelle version de luxe qui parle en fran\u00e7ais et en arabe ! Avec des r\u00e9glages de volume et une qualit\u00e9 sonore impeccable, cette poup\u00e9e splendide ne vous d\u00e9cevra pas&#8230;<\/span><\/p>\n<p class=\"cvGsUA direction-ltr align-center para-style-body\"><span class=\"OYPEnA text-decoration-none text-strikethrough-none\">Assal\u00e2mou \u2018alaykoum ! Je suis la poup\u00e9e \u201cChifa\u201d. Je suis l\u00e0 pour t&rsquo;enseigner l&rsquo;attestation de foi, les sourates Al-F\u00e2tiha, Al-Ikhlass et les deux sourates protectrices (Al-Falaq et An-N\u00e2s), ainsi que le verset du Tr\u00f4ne (Ayat Al-Kours\u00ee)&#8230;<\/span><\/p>\n<p class=\"cvGsUA direction-ltr align-center para-style-body\"><span class=\"OYPEnA text-decoration-none text-strikethrough-none\">Sais-tu ce que signifie Chif\u00e2 en arabe? C\u2019est la \u00ab\u00a0gu\u00e9rison\u00a0\u00bb.<\/span><\/p>\n<p class=\"cvGsUA direction-ltr align-center para-style-body\"><span class=\"OYPEnA text-decoration-none text-strikethrough-none\">Avec ses v\u00eatements magnifiques, votre enfant aimera cette nouvelle amie de tout son c\u0153ur inchAllah !<\/span><\/p>\n<p class=\"cvGsUA direction-ltr align-center para-style-body\"><span class=\"OYPEnA text-decoration-none text-strikethrough-none\">En pressant ou en serrant la poup\u00e9e contre vous, elle se mettra \u00e0 parler. Vous pouvez changer la piste audio ou arr\u00eater la lecture en appuyant simplement sur un bouton. La poup\u00e9e lit pendant environ 5 minutes (Saint Coran et invocations).<\/span><\/p>\n<p class=\"cvGsUA direction-ltr align-center para-style-body\"><span class=\"OYPEnA text-decoration-none text-strikethrough-none\">La poup\u00e9e Chifa vous aidera \u00e0 apprendre et \u00e0 r\u00e9viser :<\/span><\/p>\n<p class=\"cvGsUA direction-ltr align-center para-style-body\"><span class=\"OYPEnA text-decoration-none text-strikethrough-none\">Les sourates importantes et indispensables du Saint Coran.<\/span><\/p>\n<p class=\"cvGsUA direction-ltr align-center para-style-body\"><span class=\"OYPEnA text-decoration-none text-strikethrough-none\">Les invocations \u00e0 dire avant de dormir, quand on se r\u00e9veille, pour se prot\u00e9ger contre tout mal, pour gu\u00e9rir lorsqu\u2019on tombe malade, etc.<\/span><\/p>\n<p class=\"cvGsUA direction-ltr align-center para-style-body\"><span class=\"OYPEnA text-decoration-none text-strikethrough-none\">Note: La poup\u00e9e fonctionne avec trois petites piles fournies et facilement rempla\u00e7ables.<\/span><\/p>\n<p class=\"cvGsUA direction-ltr align-center para-style-body\"><span class=\"OYPEnA text-decoration-none text-strikethrough-none\">Cette nouvelle poup\u00e9e est tr\u00e8s solide et ne s&rsquo;ab\u00eeme pas facilement&#8230;<\/span><\/p>\n","protected":false},"featured_media":7630,"template":"","meta":[],"product_brand":[],"product_cat":[226,38,26,225],"product_tag":[],"class_list":{"0":"post-16551","1":"product","2":"type-product","3":"status-publish","4":"has-post-thumbnail","6":"product_cat-cadeau-naissance","7":"product_cat-idees-de-cadeaux","8":"product_cat-jouets-educatifs","9":"product_cat-ramadan","10":"description-off","12":"first","13":"instock","14":"shipping-taxable","15":"purchasable","16":"product-type-simple"},"jetpack_sharing_enabled":true,"_links":{"self":[{"href":"https:\/\/elouedshop.com\/index.php?rest_route=\/wp\/v2\/product\/16551","targetHints":{"allow":["GET"]}}],"collection":[{"href":"https:\/\/elouedshop.com\/index.php?rest_route=\/wp\/v2\/product"}],"about":[{"href":"https:\/\/elouedshop.com\/index.php?rest_route=\/wp\/v2\/types\/product"}],"wp:featuredmedia":[{"embeddable":true,"href":"https:\/\/elouedshop.com\/index.php?rest_route=\/wp\/v2\/media\/7630"}],"wp:attachment":[{"href":"https:\/\/elouedshop.com\/index.php?rest_route=%2Fwp%2Fv2%2Fmedia&parent=16551"}],"wp:term":[{"taxonomy":"product_brand","embeddable":true,"href":"https:\/\/elouedshop.com\/index.php?rest_route=%2Fwp%2Fv2%2Fproduct_brand&post=16551"},{"taxonomy":"product_cat","embeddable":true,"href":"https:\/\/elouedshop.com\/index.php?rest_route=%2Fwp%2Fv2%2Fproduct_cat&post=16551"},{"taxonomy":"product_tag","embeddable":true,"href":"https:\/\/elouedshop.com\/index.php?rest_route=%2Fwp%2Fv2%2Fproduct_tag&post=16551"}],"curies":[{"name":"wp","href":"https:\/\/api.w.org\/{rel}","templated":true}]}}