{"id":12464,"date":"2025-01-09T17:45:26","date_gmt":"2025-01-09T17:45:26","guid":{"rendered":"https:\/\/elouedshop.com\/?post_type=product&#038;p=12464"},"modified":"2025-01-09T17:46:19","modified_gmt":"2025-01-09T17:46:19","slug":"allah-sait-quand-jai-peur","status":"publish","type":"product","link":"https:\/\/elouedshop.com\/?product=allah-sait-quand-jai-peur","title":{"rendered":"Allah sait quand j\u2019ai peur ."},"content":{"rendered":"<table class=\"ce-product-features\">\n<tbody>\n<tr class=\"ce-product-features__row\">\n<th class=\"ce-product-features__label\">Ann\u00e9e<\/th>\n<td class=\"ce-product-features__value\">2014<\/td>\n<\/tr>\n<tr class=\"ce-product-features__row\">\n<th class=\"ce-product-features__label\">Couverture<\/th>\n<td class=\"ce-product-features__value\">Rigide<\/td>\n<\/tr>\n<tr class=\"ce-product-features__row\">\n<th class=\"ce-product-features__label\">Dimensions<\/th>\n<td class=\"ce-product-features__value\">2 \u00d7 16.5 \u00d7 17 CM<\/td>\n<\/tr>\n<tr class=\"ce-product-features__row\">\n<th class=\"ce-product-features__label\">ISBN<\/th>\n<td class=\"ce-product-features__value\">9782848623146<\/td>\n<\/tr>\n<tr class=\"ce-product-features__row\">\n<th class=\"ce-product-features__label\">Nb. Pages<\/th>\n<td class=\"ce-product-features__value\">22<\/td>\n<\/tr>\n<tr class=\"ce-product-features__row\">\n<th class=\"ce-product-features__label\">Auteur<\/th>\n<td class=\"ce-product-features__value\">Siham Andalouci<\/td>\n<\/tr>\n<\/tbody>\n<\/table>\n","protected":false},"excerpt":{"rendered":"<p>\u00ab\u00a0Allah sait quand\u2026\u00a0\u00bb est une collection qui a pour but d\u2019apprendre \u00e0 votre enfant comment g\u00e9rer et ma\u00eetriser des \u00e9motions per\u00e7ues comme n\u00e9gatives.\u00a0 Tout enfant peut \u00eatre en proie \u00e0 la col\u00e8re. \u00c0 travers des situations concr\u00e8tes, ce petit ouvrage explique qu\u2019il est naturel d\u2019\u00e9prouver parfois ce sentiment, aussi bien lorsqu\u2019on est enfant que lorsqu\u2019on est adulte. Puis il montre comment ne pas y c\u00e9der, \u00e0 travers la ma\u00eetrise mais aussi et surtout par le rapport \u00e0 Allah. En conclusion, une petite pri\u00e8re est enseign\u00e9e afin de chasser la col\u00e8re et de se rappeler qu\u2019Allah nous appelle sans cesse au bien.<\/p>\n","protected":false},"featured_media":9276,"template":"","meta":[],"product_brand":[],"product_cat":[39,181,24,21],"product_tag":[],"class_list":{"0":"post-12464","1":"product","2":"type-product","3":"status-publish","4":"has-post-thumbnail","6":"product_cat-bebe-3ans","7":"product_cat-education-religieuse","8":"product_cat-enfants","9":"product_cat-livre","10":"description-off","12":"first","13":"instock","14":"shipping-taxable","15":"purchasable","16":"product-type-simple"},"jetpack_sharing_enabled":true,"_links":{"self":[{"href":"https:\/\/elouedshop.com\/index.php?rest_route=\/wp\/v2\/product\/12464","targetHints":{"allow":["GET"]}}],"collection":[{"href":"https:\/\/elouedshop.com\/index.php?rest_route=\/wp\/v2\/product"}],"about":[{"href":"https:\/\/elouedshop.com\/index.php?rest_route=\/wp\/v2\/types\/product"}],"wp:featuredmedia":[{"embeddable":true,"href":"https:\/\/elouedshop.com\/index.php?rest_route=\/wp\/v2\/media\/9276"}],"wp:attachment":[{"href":"https:\/\/elouedshop.com\/index.php?rest_route=%2Fwp%2Fv2%2Fmedia&parent=12464"}],"wp:term":[{"taxonomy":"product_brand","embeddable":true,"href":"https:\/\/elouedshop.com\/index.php?rest_route=%2Fwp%2Fv2%2Fproduct_brand&post=12464"},{"taxonomy":"product_cat","embeddable":true,"href":"https:\/\/elouedshop.com\/index.php?rest_route=%2Fwp%2Fv2%2Fproduct_cat&post=12464"},{"taxonomy":"product_tag","embeddable":true,"href":"https:\/\/elouedshop.com\/index.php?rest_route=%2Fwp%2Fv2%2Fproduct_tag&post=12464"}],"curies":[{"name":"wp","href":"https:\/\/api.w.org\/{rel}","templated":true}]}}