{"id":12448,"date":"2025-01-09T17:36:53","date_gmt":"2025-01-09T17:36:53","guid":{"rendered":"https:\/\/elouedshop.com\/?post_type=product&#038;p=12448"},"modified":"2025-01-09T17:38:13","modified_gmt":"2025-01-09T17:38:13","slug":"comment-faire-les-ablutions-version-garcon","status":"publish","type":"product","link":"https:\/\/elouedshop.com\/?product=comment-faire-les-ablutions-version-garcon","title":{"rendered":"Comment faire les ablutions (version gar\u00e7on)."},"content":{"rendered":"","protected":false},"excerpt":{"rendered":"<p>D&rsquo;apres Othman Ibn Affan (qu&rsquo;Allah l&rsquo;agr\u00e9e), Le Proph\u00e8te (paix et salut sur lui) a dit: \u00ab Celui qui accomplit parfaitement ses ablutions, ses p\u00e9ch\u00e9s sortent de son corps au point o\u00f9 ils sortent de sous ses ongles \u00bb (Rapport\u00e9 par Mouslim)<\/p>\n<p>Ce livre illustr\u00e9 est mis a la disposition des enfants, afin de leur apprendre a faire les ablutions conform\u00e9ment aux enseignements du Proph\u00e8te Mohammed (paix et salut sur lui).<\/p>\n","protected":false},"featured_media":9396,"template":"","meta":[],"product_brand":[],"product_cat":[24,21,48],"product_tag":[],"class_list":{"0":"post-12448","1":"product","2":"type-product","3":"status-publish","4":"has-post-thumbnail","6":"product_cat-enfants","7":"product_cat-livre","8":"product_cat-pratique-religieuse","9":"description-off","11":"first","12":"instock","13":"shipping-taxable","14":"purchasable","15":"product-type-simple"},"jetpack_sharing_enabled":true,"_links":{"self":[{"href":"https:\/\/elouedshop.com\/index.php?rest_route=\/wp\/v2\/product\/12448","targetHints":{"allow":["GET"]}}],"collection":[{"href":"https:\/\/elouedshop.com\/index.php?rest_route=\/wp\/v2\/product"}],"about":[{"href":"https:\/\/elouedshop.com\/index.php?rest_route=\/wp\/v2\/types\/product"}],"wp:featuredmedia":[{"embeddable":true,"href":"https:\/\/elouedshop.com\/index.php?rest_route=\/wp\/v2\/media\/9396"}],"wp:attachment":[{"href":"https:\/\/elouedshop.com\/index.php?rest_route=%2Fwp%2Fv2%2Fmedia&parent=12448"}],"wp:term":[{"taxonomy":"product_brand","embeddable":true,"href":"https:\/\/elouedshop.com\/index.php?rest_route=%2Fwp%2Fv2%2Fproduct_brand&post=12448"},{"taxonomy":"product_cat","embeddable":true,"href":"https:\/\/elouedshop.com\/index.php?rest_route=%2Fwp%2Fv2%2Fproduct_cat&post=12448"},{"taxonomy":"product_tag","embeddable":true,"href":"https:\/\/elouedshop.com\/index.php?rest_route=%2Fwp%2Fv2%2Fproduct_tag&post=12448"}],"curies":[{"name":"wp","href":"https:\/\/api.w.org\/{rel}","templated":true}]}}