{"id":12123,"date":"2024-12-27T02:45:41","date_gmt":"2024-12-27T02:45:41","guid":{"rendered":"https:\/\/elouedshop.com\/?post_type=product&#038;p=12123"},"modified":"2024-12-27T02:46:30","modified_gmt":"2024-12-27T02:46:30","slug":"larche-de-nouh","status":"publish","type":"product","link":"https:\/\/elouedshop.com\/?product=larche-de-nouh","title":{"rendered":"L&rsquo;arche de No\u00fbh"},"content":{"rendered":"<p>Ce livre cartonn\u00e9 richement illustr\u00e9 introduit aux enfants l&rsquo;histoire inspirante du Proph\u00e8te No\u00fbh (&lsquo;alayhi essalam).<\/p>\n<p>Ce livre a des pages cartonn\u00e9es, il est adapt\u00e9 aux enfants \u00e0 partir de 2 ans.<\/p>\n","protected":false},"excerpt":{"rendered":"<p>Ce livre cartonn\u00e9 richement illustr\u00e9 introduit aux enfants l&rsquo;histoire inspirante du Proph\u00e8te No\u00fbh (&lsquo;alayhi essalam). Ce livre a des pages cartonn\u00e9es, il est adapt\u00e9 aux enfants \u00e0 partir de 2 ans.<\/p>\n","protected":false},"featured_media":3004,"template":"","meta":[],"product_brand":[],"product_cat":[39,24,175,59,21],"product_tag":[],"class_list":{"0":"post-12123","1":"product","2":"type-product","3":"status-publish","4":"has-post-thumbnail","6":"product_cat-bebe-3ans","7":"product_cat-enfants","8":"product_cat-histoires-du-coran","9":"product_cat-les-recits-des-prophetes","10":"product_cat-livre","11":"description-off","13":"first","14":"instock","15":"shipping-taxable","16":"purchasable","17":"product-type-simple"},"jetpack_sharing_enabled":true,"_links":{"self":[{"href":"https:\/\/elouedshop.com\/index.php?rest_route=\/wp\/v2\/product\/12123","targetHints":{"allow":["GET"]}}],"collection":[{"href":"https:\/\/elouedshop.com\/index.php?rest_route=\/wp\/v2\/product"}],"about":[{"href":"https:\/\/elouedshop.com\/index.php?rest_route=\/wp\/v2\/types\/product"}],"wp:featuredmedia":[{"embeddable":true,"href":"https:\/\/elouedshop.com\/index.php?rest_route=\/wp\/v2\/media\/3004"}],"wp:attachment":[{"href":"https:\/\/elouedshop.com\/index.php?rest_route=%2Fwp%2Fv2%2Fmedia&parent=12123"}],"wp:term":[{"taxonomy":"product_brand","embeddable":true,"href":"https:\/\/elouedshop.com\/index.php?rest_route=%2Fwp%2Fv2%2Fproduct_brand&post=12123"},{"taxonomy":"product_cat","embeddable":true,"href":"https:\/\/elouedshop.com\/index.php?rest_route=%2Fwp%2Fv2%2Fproduct_cat&post=12123"},{"taxonomy":"product_tag","embeddable":true,"href":"https:\/\/elouedshop.com\/index.php?rest_route=%2Fwp%2Fv2%2Fproduct_tag&post=12123"}],"curies":[{"name":"wp","href":"https:\/\/api.w.org\/{rel}","templated":true}]}}