{"id":12012,"date":"2024-12-24T13:56:37","date_gmt":"2024-12-24T13:56:37","guid":{"rendered":"https:\/\/elouedshop.com\/?post_type=product&#038;p=12012"},"modified":"2025-01-02T22:21:17","modified_gmt":"2025-01-02T22:21:17","slug":"pack-pour-toi-soeur-musulmane-12-livres","status":"publish","type":"product","link":"https:\/\/elouedshop.com\/?product=pack-pour-toi-soeur-musulmane-12-livres","title":{"rendered":"PACK : POUR TOI, SOEUR MUSULMANE (12 LIVRES)"},"content":{"rendered":"","protected":false},"excerpt":{"rendered":"<p>La femme a v\u00e9cu, \u00e0 travers une longue p\u00e9riode de l\u2019histoire, une situation humiliante et m\u00e9prisable, car ses droits et son honneur \u00e9taient bafou\u00e9s. Elle occupait dans la soci\u00e9t\u00e9 une place d\u00e9cadente, \u00e0 tel point qu\u2019elle \u00e9tait consid\u00e9r\u00e9e moins que du mobilier. Puis, vint la lumi\u00e8re de l\u2019Islam pour vaincre les t\u00e9n\u00e8bres, installer le bien et la justice et mettre fin \u00e0 l\u2019injustice.<\/p>\n","protected":false},"featured_media":9560,"template":"","meta":[],"product_brand":[],"product_cat":[25,21,177],"product_tag":[],"class_list":{"0":"post-12012","1":"product","2":"type-product","3":"status-publish","4":"has-post-thumbnail","6":"product_cat-femmes","7":"product_cat-livre","8":"product_cat-pack-cadeaux","9":"description-off","11":"first","12":"instock","13":"sale","14":"shipping-taxable","15":"purchasable","16":"product-type-simple"},"jetpack_sharing_enabled":true,"_links":{"self":[{"href":"https:\/\/elouedshop.com\/index.php?rest_route=\/wp\/v2\/product\/12012","targetHints":{"allow":["GET"]}}],"collection":[{"href":"https:\/\/elouedshop.com\/index.php?rest_route=\/wp\/v2\/product"}],"about":[{"href":"https:\/\/elouedshop.com\/index.php?rest_route=\/wp\/v2\/types\/product"}],"wp:featuredmedia":[{"embeddable":true,"href":"https:\/\/elouedshop.com\/index.php?rest_route=\/wp\/v2\/media\/9560"}],"wp:attachment":[{"href":"https:\/\/elouedshop.com\/index.php?rest_route=%2Fwp%2Fv2%2Fmedia&parent=12012"}],"wp:term":[{"taxonomy":"product_brand","embeddable":true,"href":"https:\/\/elouedshop.com\/index.php?rest_route=%2Fwp%2Fv2%2Fproduct_brand&post=12012"},{"taxonomy":"product_cat","embeddable":true,"href":"https:\/\/elouedshop.com\/index.php?rest_route=%2Fwp%2Fv2%2Fproduct_cat&post=12012"},{"taxonomy":"product_tag","embeddable":true,"href":"https:\/\/elouedshop.com\/index.php?rest_route=%2Fwp%2Fv2%2Fproduct_tag&post=12012"}],"curies":[{"name":"wp","href":"https:\/\/api.w.org\/{rel}","templated":true}]}}