{"id":11932,"date":"2024-12-22T22:48:36","date_gmt":"2024-12-22T22:48:36","guid":{"rendered":"https:\/\/elouedshop.com\/?post_type=product&#038;p=11932"},"modified":"2024-12-22T22:48:36","modified_gmt":"2024-12-22T22:48:36","slug":"crains-allah-ou-que-tu-sois","status":"publish","type":"product","link":"https:\/\/elouedshop.com\/?product=crains-allah-ou-que-tu-sois","title":{"rendered":"Crains Allah o\u00f9 que tu sois"},"content":{"rendered":"<p class=\"h6\">Fiche technique<\/p>\n<dl class=\"data-sheet\">\n<dt class=\"name\">Ann\u00e9e<\/dt>\n<dd class=\"value\">2023<\/dd>\n<dt class=\"name\">Langue<\/dt>\n<dd class=\"value\">fran\u00e7aise<\/dd>\n<\/dl>\n","protected":false},"excerpt":{"rendered":"<p>On sait tous en tant que parent, \u00e0 quel point il est difficile d&rsquo;inculquer des valeurs importantes de notre religion, de bonnes moralit\u00e9s et un comportement exemplaire \u00e0 nos enfants.<\/p>\n<p>Dans cette jolie histoire accompagn\u00e9e d&rsquo;Ayoub et Assya, les parents qui d\u00e9sirent transmettre le bien \u00e0 leurs enfants ont d\u00e9sormais ce qu&rsquo;il faut entre les mains pour les aider.<\/p>\n<p>Une histoire captivante dans laquelle vos enfants pourront se projeter : \u00ab Crains Allah o\u00f9 que tu sois \u00bb un sujet des plus importants \u00e0 enseigner \u00e0 nos enfants.<\/p>\n","protected":false},"featured_media":11933,"template":"","meta":[],"product_brand":[],"product_cat":[152,24,21],"product_tag":[],"class_list":{"0":"post-11932","1":"product","2":"type-product","3":"status-publish","4":"has-post-thumbnail","6":"product_cat-connaitre-dieu","7":"product_cat-enfants","8":"product_cat-livre","9":"description-off","11":"first","12":"instock","13":"shipping-taxable","14":"purchasable","15":"product-type-simple"},"jetpack_sharing_enabled":true,"_links":{"self":[{"href":"https:\/\/elouedshop.com\/index.php?rest_route=\/wp\/v2\/product\/11932","targetHints":{"allow":["GET"]}}],"collection":[{"href":"https:\/\/elouedshop.com\/index.php?rest_route=\/wp\/v2\/product"}],"about":[{"href":"https:\/\/elouedshop.com\/index.php?rest_route=\/wp\/v2\/types\/product"}],"wp:featuredmedia":[{"embeddable":true,"href":"https:\/\/elouedshop.com\/index.php?rest_route=\/wp\/v2\/media\/11933"}],"wp:attachment":[{"href":"https:\/\/elouedshop.com\/index.php?rest_route=%2Fwp%2Fv2%2Fmedia&parent=11932"}],"wp:term":[{"taxonomy":"product_brand","embeddable":true,"href":"https:\/\/elouedshop.com\/index.php?rest_route=%2Fwp%2Fv2%2Fproduct_brand&post=11932"},{"taxonomy":"product_cat","embeddable":true,"href":"https:\/\/elouedshop.com\/index.php?rest_route=%2Fwp%2Fv2%2Fproduct_cat&post=11932"},{"taxonomy":"product_tag","embeddable":true,"href":"https:\/\/elouedshop.com\/index.php?rest_route=%2Fwp%2Fv2%2Fproduct_tag&post=11932"}],"curies":[{"name":"wp","href":"https:\/\/api.w.org\/{rel}","templated":true}]}}