{"id":11930,"date":"2024-12-22T22:45:06","date_gmt":"2024-12-22T22:45:06","guid":{"rendered":"https:\/\/elouedshop.com\/?post_type=product&#038;p=11930"},"modified":"2024-12-22T22:45:06","modified_gmt":"2024-12-22T22:45:06","slug":"le-repentir-de-kaab-ibn-malik","status":"publish","type":"product","link":"https:\/\/elouedshop.com\/?product=le-repentir-de-kaab-ibn-malik","title":{"rendered":"Le repentir de Ka&rsquo;ab Ibn Malik"},"content":{"rendered":"<p class=\"h6\">Fiche technique<\/p>\n<dl class=\"data-sheet\">\n<dt class=\"name\">Langue<\/dt>\n<dd class=\"value\">fran\u00e7aise<\/dd>\n<\/dl>\n","protected":false},"excerpt":{"rendered":"<p>Au temps du Messager d&rsquo;Allah (paix et salut sur lui) vivait un compagnon nomm\u00e9 Ka&rsquo;b Ibn Malik.<\/p>\n<p>Ce nom ne te dit peut \u00eatre rien et pourtant il fut un compagnon exemplaire et v\u00e9cu une \u00e9preuve tr\u00e8s difficile au temps du Proph\u00e8te.<\/p>\n<p>Cet \u00e9mouvant r\u00e9cit est riche en le\u00e7on et en enseignements. Une magnifique histoire d&rsquo;un noble compagnon racont\u00e9 par son fils Abdullah.<\/p>\n","protected":false},"featured_media":11931,"template":"","meta":[],"product_brand":[],"product_cat":[24,21,154],"product_tag":[],"class_list":{"0":"post-11930","1":"product","2":"type-product","3":"status-publish","4":"has-post-thumbnail","6":"product_cat-enfants","7":"product_cat-livre","8":"product_cat-repentir","9":"description-off","11":"first","12":"instock","13":"shipping-taxable","14":"purchasable","15":"product-type-simple"},"jetpack_sharing_enabled":true,"_links":{"self":[{"href":"https:\/\/elouedshop.com\/index.php?rest_route=\/wp\/v2\/product\/11930","targetHints":{"allow":["GET"]}}],"collection":[{"href":"https:\/\/elouedshop.com\/index.php?rest_route=\/wp\/v2\/product"}],"about":[{"href":"https:\/\/elouedshop.com\/index.php?rest_route=\/wp\/v2\/types\/product"}],"wp:featuredmedia":[{"embeddable":true,"href":"https:\/\/elouedshop.com\/index.php?rest_route=\/wp\/v2\/media\/11931"}],"wp:attachment":[{"href":"https:\/\/elouedshop.com\/index.php?rest_route=%2Fwp%2Fv2%2Fmedia&parent=11930"}],"wp:term":[{"taxonomy":"product_brand","embeddable":true,"href":"https:\/\/elouedshop.com\/index.php?rest_route=%2Fwp%2Fv2%2Fproduct_brand&post=11930"},{"taxonomy":"product_cat","embeddable":true,"href":"https:\/\/elouedshop.com\/index.php?rest_route=%2Fwp%2Fv2%2Fproduct_cat&post=11930"},{"taxonomy":"product_tag","embeddable":true,"href":"https:\/\/elouedshop.com\/index.php?rest_route=%2Fwp%2Fv2%2Fproduct_tag&post=11930"}],"curies":[{"name":"wp","href":"https:\/\/api.w.org\/{rel}","templated":true}]}}