{"id":11928,"date":"2024-12-22T22:35:04","date_gmt":"2024-12-22T22:35:04","guid":{"rendered":"https:\/\/elouedshop.com\/?post_type=product&#038;p=11928"},"modified":"2024-12-22T22:35:04","modified_gmt":"2024-12-22T22:35:04","slug":"mes-premieres-histoires-volume-1-2","status":"publish","type":"product","link":"https:\/\/elouedshop.com\/?product=mes-premieres-histoires-volume-1-2","title":{"rendered":"Mes premi\u00e8res histoires &#8211; Volume 1"},"content":{"rendered":"<p>A travers ce merveilleux livre, d\u00e9couvrez 3 magnifiques histoires aux illustrations captivantes, accompagn\u00e9es de textes adapt\u00e9s \u00e0 l&rsquo;\u00e2ge de l&rsquo;enfant.<\/p>\n<p>\u00ab Comment atteindre le Paradis \u00bb,<\/p>\n<p>\u00ab Mon Proph\u00e8te, mon exemple \u00bb<\/p>\n<p>\u00ab Allah m&rsquo;a donn\u00e9 tout ce que je poss\u00e8de \u00bb.<\/p>\n<p>Ces petites histoires faciliteront l&rsquo;apprentissage et la compr\u00e9hension des tous petits. Un livre de soixante pages avec une couverture cartonn\u00e9e pleine de richesse !<\/p>\n<p>Les personnages sont sans visage afin de d\u00e9velopper l&rsquo;imagination et la cr\u00e9ativit\u00e9 des enfants \u00e0 l&rsquo;infini.<\/p>\n","protected":false},"excerpt":{"rendered":"<p class=\"h6\">Fiche technique<\/p>\n<dl class=\"data-sheet\">\n<dt class=\"name\">ISBN<\/dt>\n<dd class=\"value\">9782493483201<\/dd>\n<\/dl>\n","protected":false},"featured_media":11929,"template":"","meta":[],"product_brand":[],"product_cat":[216,215,181,24,21],"product_tag":[],"class_list":{"0":"post-11928","1":"product","2":"type-product","3":"status-publish","4":"has-post-thumbnail","6":"product_cat-adoration-ibadat","7":"product_cat-autres-pays","8":"product_cat-education-religieuse","9":"product_cat-enfants","10":"product_cat-livre","11":"description-off","13":"first","14":"instock","15":"shipping-taxable","16":"purchasable","17":"product-type-simple"},"jetpack_sharing_enabled":true,"_links":{"self":[{"href":"https:\/\/elouedshop.com\/index.php?rest_route=\/wp\/v2\/product\/11928","targetHints":{"allow":["GET"]}}],"collection":[{"href":"https:\/\/elouedshop.com\/index.php?rest_route=\/wp\/v2\/product"}],"about":[{"href":"https:\/\/elouedshop.com\/index.php?rest_route=\/wp\/v2\/types\/product"}],"wp:featuredmedia":[{"embeddable":true,"href":"https:\/\/elouedshop.com\/index.php?rest_route=\/wp\/v2\/media\/11929"}],"wp:attachment":[{"href":"https:\/\/elouedshop.com\/index.php?rest_route=%2Fwp%2Fv2%2Fmedia&parent=11928"}],"wp:term":[{"taxonomy":"product_brand","embeddable":true,"href":"https:\/\/elouedshop.com\/index.php?rest_route=%2Fwp%2Fv2%2Fproduct_brand&post=11928"},{"taxonomy":"product_cat","embeddable":true,"href":"https:\/\/elouedshop.com\/index.php?rest_route=%2Fwp%2Fv2%2Fproduct_cat&post=11928"},{"taxonomy":"product_tag","embeddable":true,"href":"https:\/\/elouedshop.com\/index.php?rest_route=%2Fwp%2Fv2%2Fproduct_tag&post=11928"}],"curies":[{"name":"wp","href":"https:\/\/api.w.org\/{rel}","templated":true}]}}