{"id":11907,"date":"2024-12-22T19:57:13","date_gmt":"2024-12-22T19:57:13","guid":{"rendered":"https:\/\/elouedshop.com\/?post_type=product&#038;p=11907"},"modified":"2024-12-22T20:01:42","modified_gmt":"2024-12-22T20:01:42","slug":"raconte-moi-une-histoire-zaineb-et-le-tresor","status":"publish","type":"product","link":"https:\/\/elouedshop.com\/?product=raconte-moi-une-histoire-zaineb-et-le-tresor","title":{"rendered":"Raconte Moi une Histoire : Zaineb et le Tr\u00e9sor"},"content":{"rendered":"","protected":false},"excerpt":{"rendered":"<p>D\u00e9couvrez le\u00a0quatri\u00e8me \u00a0num\u00e9ro\u00a0de la longue s\u00e9rie de livres : \u00ab\u00a0Raconte-moi une histoire\u00a0\u00bb.<\/p>\n<p>Avec ce num\u00e9ro, venez d\u00e9couvrir ce que cache le tr\u00e9sor de Zaineb, et cela a travers une magnifique histoire de Mohammed et Zainab.<\/p>\n<p>Comme d&rsquo;habitude, le livre est rempli d&rsquo;illustrations captivantes, accompagn\u00e9es de textes adapt\u00e9s \u00e0 l&rsquo;\u00e2ge de l&rsquo;enfant.<\/p>\n","protected":false},"featured_media":5420,"template":"","meta":[],"product_brand":[],"product_cat":[167,24,21],"product_tag":[],"class_list":{"0":"post-11907","1":"product","2":"type-product","3":"status-publish","4":"has-post-thumbnail","6":"product_cat-contes-educatifs","7":"product_cat-enfants","8":"product_cat-livre","9":"description-off","11":"first","12":"instock","13":"shipping-taxable","14":"purchasable","15":"product-type-simple"},"jetpack_sharing_enabled":true,"_links":{"self":[{"href":"https:\/\/elouedshop.com\/index.php?rest_route=\/wp\/v2\/product\/11907","targetHints":{"allow":["GET"]}}],"collection":[{"href":"https:\/\/elouedshop.com\/index.php?rest_route=\/wp\/v2\/product"}],"about":[{"href":"https:\/\/elouedshop.com\/index.php?rest_route=\/wp\/v2\/types\/product"}],"wp:featuredmedia":[{"embeddable":true,"href":"https:\/\/elouedshop.com\/index.php?rest_route=\/wp\/v2\/media\/5420"}],"wp:attachment":[{"href":"https:\/\/elouedshop.com\/index.php?rest_route=%2Fwp%2Fv2%2Fmedia&parent=11907"}],"wp:term":[{"taxonomy":"product_brand","embeddable":true,"href":"https:\/\/elouedshop.com\/index.php?rest_route=%2Fwp%2Fv2%2Fproduct_brand&post=11907"},{"taxonomy":"product_cat","embeddable":true,"href":"https:\/\/elouedshop.com\/index.php?rest_route=%2Fwp%2Fv2%2Fproduct_cat&post=11907"},{"taxonomy":"product_tag","embeddable":true,"href":"https:\/\/elouedshop.com\/index.php?rest_route=%2Fwp%2Fv2%2Fproduct_tag&post=11907"}],"curies":[{"name":"wp","href":"https:\/\/api.w.org\/{rel}","templated":true}]}}