{"id":11903,"date":"2024-12-22T19:49:08","date_gmt":"2024-12-22T19:49:08","guid":{"rendered":"https:\/\/elouedshop.com\/?post_type=product&#038;p=11903"},"modified":"2024-12-22T19:51:19","modified_gmt":"2024-12-22T19:51:19","slug":"questions-reponses-sur-la-croyance-3-6-ans","status":"publish","type":"product","link":"https:\/\/elouedshop.com\/?product=questions-reponses-sur-la-croyance-3-6-ans","title":{"rendered":"Questions-r\u00e9ponses sur la croyance &#8211; 3-6 ans"},"content":{"rendered":"<p class=\"h6\">Fiche technique<\/p>\n<dl class=\"data-sheet\">\n<dt class=\"name\">Ann\u00e9e<\/dt>\n<dd class=\"value\">2022<\/dd>\n<dt class=\"name\">EAN-13<\/dt>\n<dd class=\"value\">9782493483041<\/dd>\n<dt class=\"name\">Langue<\/dt>\n<dd class=\"value\">fran\u00e7aise<\/dd>\n<\/dl>\n","protected":false},"excerpt":{"rendered":"<p>D\u00e9couvrez une s\u00e9lection d&rsquo;illustrations captivantes, accompagn\u00e9e de textes adapt\u00e9s \u00e0 l&rsquo;\u00e2ge de l&rsquo;enfant. Ce livre a \u00e9t\u00e9 sp\u00e9cialement \u00e9dit\u00e9 pour faciliter l&rsquo;autonomie et l&rsquo;apprentissage des petits. Un livre de soixante pages, avec une couverture cartonn\u00e9e, qui explique de mani\u00e8re ludique et tr\u00e8s simplifi\u00e9e plusieurs questions ayant trait \u00e0 notre croyance. Intitul\u00e9 : Questions \/ R\u00e9ponses sur la Croyance, ce livre est le troisi\u00e8me num\u00e9ro d&rsquo;une s\u00e9rie de cinq livres sur la Aqueedah expliqu\u00e9 \u00e0 nos enfants.<\/p>\n","protected":false},"featured_media":5331,"template":"","meta":[],"product_brand":[],"product_cat":[47,24,21],"product_tag":[],"class_list":{"0":"post-11903","1":"product","2":"type-product","3":"status-publish","4":"has-post-thumbnail","6":"product_cat-comprendre-lislam","7":"product_cat-enfants","8":"product_cat-livre","9":"description-off","11":"first","12":"instock","13":"shipping-taxable","14":"purchasable","15":"product-type-simple"},"jetpack_sharing_enabled":true,"_links":{"self":[{"href":"https:\/\/elouedshop.com\/index.php?rest_route=\/wp\/v2\/product\/11903","targetHints":{"allow":["GET"]}}],"collection":[{"href":"https:\/\/elouedshop.com\/index.php?rest_route=\/wp\/v2\/product"}],"about":[{"href":"https:\/\/elouedshop.com\/index.php?rest_route=\/wp\/v2\/types\/product"}],"wp:featuredmedia":[{"embeddable":true,"href":"https:\/\/elouedshop.com\/index.php?rest_route=\/wp\/v2\/media\/5331"}],"wp:attachment":[{"href":"https:\/\/elouedshop.com\/index.php?rest_route=%2Fwp%2Fv2%2Fmedia&parent=11903"}],"wp:term":[{"taxonomy":"product_brand","embeddable":true,"href":"https:\/\/elouedshop.com\/index.php?rest_route=%2Fwp%2Fv2%2Fproduct_brand&post=11903"},{"taxonomy":"product_cat","embeddable":true,"href":"https:\/\/elouedshop.com\/index.php?rest_route=%2Fwp%2Fv2%2Fproduct_cat&post=11903"},{"taxonomy":"product_tag","embeddable":true,"href":"https:\/\/elouedshop.com\/index.php?rest_route=%2Fwp%2Fv2%2Fproduct_tag&post=11903"}],"curies":[{"name":"wp","href":"https:\/\/api.w.org\/{rel}","templated":true}]}}