{"id":11885,"date":"2024-12-22T18:43:35","date_gmt":"2024-12-22T18:43:35","guid":{"rendered":"https:\/\/elouedshop.com\/?post_type=product&#038;p=11885"},"modified":"2024-12-22T18:49:31","modified_gmt":"2024-12-22T18:49:31","slug":"lhistoire-de-ali-ibn-abu-talib-3-6-ans","status":"publish","type":"product","link":"https:\/\/elouedshop.com\/?product=lhistoire-de-ali-ibn-abu-talib-3-6-ans","title":{"rendered":"L&rsquo;histoire de Ali ibn Abu T\u00e2lib 3\/6 ans"},"content":{"rendered":"<p class=\"h6\">Fiche technique<\/p>\n<dl class=\"data-sheet\">\n<dt class=\"name\">Langue<\/dt>\n<dd class=\"value\">fran\u00e7aise<\/dd>\n<\/dl>\n","protected":false},"excerpt":{"rendered":"<p>D\u00e9couvrez une s\u00e9lection d&rsquo;illustrations captivantes, accompagn\u00e9e d&rsquo;une histoire simplifi\u00e9e. Ce livre a \u00e9t\u00e9 sp\u00e9cialement \u00e9dit\u00e9 pour faciliter l&rsquo;autonomie et l&rsquo;apprentissage des petits. Un joli livre avec une couverture cartonn\u00e9e qui raconte la fabuleuse histoire de notre Calife Ali. Aux premiers temps de cette r\u00e9v\u00e9lation b\u00e9nie, Allah a guid\u00e9 par l&rsquo;appel de son Proph\u00e8te Mohamed \ufdfa les plus nobles de ses serviteurs \u00ab\u00a0les Sahabas\u00a0\u00bb.<\/p>\n","protected":false},"featured_media":5318,"template":"","meta":[],"product_brand":[],"product_cat":[24,21],"product_tag":[],"class_list":{"0":"post-11885","1":"product","2":"type-product","3":"status-publish","4":"has-post-thumbnail","6":"product_cat-enfants","7":"product_cat-livre","8":"description-off","10":"first","11":"instock","12":"shipping-taxable","13":"purchasable","14":"product-type-simple"},"jetpack_sharing_enabled":true,"_links":{"self":[{"href":"https:\/\/elouedshop.com\/index.php?rest_route=\/wp\/v2\/product\/11885","targetHints":{"allow":["GET"]}}],"collection":[{"href":"https:\/\/elouedshop.com\/index.php?rest_route=\/wp\/v2\/product"}],"about":[{"href":"https:\/\/elouedshop.com\/index.php?rest_route=\/wp\/v2\/types\/product"}],"wp:featuredmedia":[{"embeddable":true,"href":"https:\/\/elouedshop.com\/index.php?rest_route=\/wp\/v2\/media\/5318"}],"wp:attachment":[{"href":"https:\/\/elouedshop.com\/index.php?rest_route=%2Fwp%2Fv2%2Fmedia&parent=11885"}],"wp:term":[{"taxonomy":"product_brand","embeddable":true,"href":"https:\/\/elouedshop.com\/index.php?rest_route=%2Fwp%2Fv2%2Fproduct_brand&post=11885"},{"taxonomy":"product_cat","embeddable":true,"href":"https:\/\/elouedshop.com\/index.php?rest_route=%2Fwp%2Fv2%2Fproduct_cat&post=11885"},{"taxonomy":"product_tag","embeddable":true,"href":"https:\/\/elouedshop.com\/index.php?rest_route=%2Fwp%2Fv2%2Fproduct_tag&post=11885"}],"curies":[{"name":"wp","href":"https:\/\/api.w.org\/{rel}","templated":true}]}}