{"id":11860,"date":"2024-12-22T15:26:40","date_gmt":"2024-12-22T15:26:40","guid":{"rendered":"https:\/\/elouedshop.com\/?post_type=product&#038;p=11860"},"modified":"2024-12-22T18:11:08","modified_gmt":"2024-12-22T18:11:08","slug":"khadija-lepouse-du-prophete-muhammad-saw","status":"publish","type":"product","link":"https:\/\/elouedshop.com\/?product=khadija-lepouse-du-prophete-muhammad-saw","title":{"rendered":"Khad\u00eeja &#8211; L&rsquo;\u00e9pouse du Proph\u00e8te Muhammad (SAW)"},"content":{"rendered":"<p>Un jour, le Proph\u00e8te Muhammad (SAAW) d\u00e9crivait ainsi la vertu de Hazrat Khadija : il a montr\u00e9 du doigt le ciel et la terre et a d\u00e9clar\u00e9 : \u00ab Marie, m\u00e8re de J\u00e9sus, est la meilleure des femmes dans les cieux, et la femme la plus digne vivant encore sur cette terre est Khadija, la fille de Khuwaylid. \u00bb<\/p>\n<div>\n<div>\n<p>La vie de Khadija est une grande source d\u2019inspiration pour les croyants, en particulier les femmes. Elle est un excellent exemple de la fa\u00e7on dont on peut donner, \u00e0 la cause de l\u2019Islam, son temps, son \u00e9nergie, sa richesse et sa vie.Son histoire est un rappel aux croyants de vivre une vie pleine de sens et nous devons, dans nos pri\u00e8res, nous rappeler Khadija et toute la famille du Proph\u00e8te pour leur sacrifice et leur d\u00e9vouement. C\u2019est pr\u00e9cis\u00e9ment leur sacrifice, leur d\u00e9vouement et leur travail acharn\u00e9 qui ont permis \u00e0 l\u2019Islam d\u2019atteindre les quatre coins du monde et au Coran d\u2019avoir \u00e9t\u00e9 pr\u00e9serv\u00e9 dans sa forme originale.<\/p>\n<\/div>\n<p>Qu\u2019Allah soit satisfait d\u2019eux tous.<\/p>\n<p>&nbsp;<\/p>\n<div>Cet ouvrage est r\u00e9partie en 11 parties:<\/div>\n<div>\n<ul>\n<li>D\u00e9but de la vie Khadija.<\/li>\n<li>Khadija embauche le Proph\u00e8te Muhammad.<\/li>\n<li>L&rsquo;entreprise syrienne.<\/li>\n<li>Proposition de mariage.<\/li>\n<li>La vie avec Khadija.<\/li>\n<li>Khadija et la premi\u00e8re r\u00e9v\u00e9lation du Coran.<\/li>\n<li>Les premiers musulmans.<\/li>\n<li>L&rsquo;appel \u00e0 l&rsquo;islam.<\/li>\n<li>Le boycottage.<\/li>\n<li>Fin du boycott.<\/li>\n<li>L&rsquo;ann\u00e9e de la douleur.<\/li>\n<\/ul>\n<\/div>\n<\/div>\n","protected":false},"excerpt":{"rendered":"<table border=\"0\" width=\"100%\" cellspacing=\"0\" cellpadding=\"0\">\n<tbody>\n<tr>\n<td align=\"left\"><span style=\"font-family: Verdana, Arial; font-size: small;\"><b>Auteur :<\/b>\u00a0Saniyasnain Khan<br \/>\n<\/span><\/td>\n<\/tr>\n<tr>\n<td align=\"left\"><span style=\"font-family: Verdana, Arial; font-size: small;\"><b>Type de produit :<\/b>\u00a0Livre<br \/>\n<\/span><\/td>\n<\/tr>\n<tr>\n<td align=\"left\"><span style=\"font-family: Verdana, Arial; font-size: small;\"><b>Nombre de pages :<\/b>\u00a064<br \/>\n<\/span><\/td>\n<\/tr>\n<tr>\n<td align=\"left\"><span style=\"font-family: Verdana, Arial; font-size: small;\"><b>Mod\u00e8le &#8211; Format :<\/b>\u00a018,5 x 23,5 cm &#8211; Couverture Cartonn\u00e9e<br \/>\n<\/span><\/td>\n<\/tr>\n<tr>\n<td align=\"left\"><span style=\"font-family: Verdana, Arial; font-size: small;\"><b>Editeur :<\/b>\u00a0Orientica\u00a0&#8211;\u00a0Goodword books<br \/>\n<\/span><\/td>\n<\/tr>\n<tr>\n<td align=\"left\"><span style=\"font-family: Verdana, Arial; font-size: small;\"><b>Langue :<\/b>\u00a0fran\u00e7ais<br \/>\n<\/span><\/td>\n<\/tr>\n<tr>\n<td align=\"left\"><span style=\"font-family: Verdana, Arial; font-size: small;\"><b>ISBN\/EAN :<\/b>\u00a09788178988702<\/span><\/td>\n<\/tr>\n<\/tbody>\n<\/table>\n","protected":false},"featured_media":6738,"template":"","meta":[],"product_brand":[],"product_cat":[179,24,21,70],"product_tag":[],"class_list":{"0":"post-11860","1":"product","2":"type-product","3":"status-publish","4":"has-post-thumbnail","6":"product_cat-biographie","7":"product_cat-enfants","8":"product_cat-livre","9":"product_cat-vie-du-prophete-saw","10":"description-off","12":"first","13":"instock","14":"shipping-taxable","15":"purchasable","16":"product-type-simple"},"jetpack_sharing_enabled":true,"_links":{"self":[{"href":"https:\/\/elouedshop.com\/index.php?rest_route=\/wp\/v2\/product\/11860","targetHints":{"allow":["GET"]}}],"collection":[{"href":"https:\/\/elouedshop.com\/index.php?rest_route=\/wp\/v2\/product"}],"about":[{"href":"https:\/\/elouedshop.com\/index.php?rest_route=\/wp\/v2\/types\/product"}],"wp:featuredmedia":[{"embeddable":true,"href":"https:\/\/elouedshop.com\/index.php?rest_route=\/wp\/v2\/media\/6738"}],"wp:attachment":[{"href":"https:\/\/elouedshop.com\/index.php?rest_route=%2Fwp%2Fv2%2Fmedia&parent=11860"}],"wp:term":[{"taxonomy":"product_brand","embeddable":true,"href":"https:\/\/elouedshop.com\/index.php?rest_route=%2Fwp%2Fv2%2Fproduct_brand&post=11860"},{"taxonomy":"product_cat","embeddable":true,"href":"https:\/\/elouedshop.com\/index.php?rest_route=%2Fwp%2Fv2%2Fproduct_cat&post=11860"},{"taxonomy":"product_tag","embeddable":true,"href":"https:\/\/elouedshop.com\/index.php?rest_route=%2Fwp%2Fv2%2Fproduct_tag&post=11860"}],"curies":[{"name":"wp","href":"https:\/\/api.w.org\/{rel}","templated":true}]}}