{"id":11851,"date":"2024-12-22T15:24:16","date_gmt":"2024-12-22T15:24:16","guid":{"rendered":"https:\/\/elouedshop.com\/?post_type=product&#038;p=11851"},"modified":"2024-12-22T17:51:47","modified_gmt":"2024-12-22T17:51:47","slug":"les-prieres-des-pieux-omar-suleiman","status":"publish","type":"product","link":"https:\/\/elouedshop.com\/?product=les-prieres-des-pieux-omar-suleiman","title":{"rendered":"Les pri\u00e8res des pieux &#8211; Omar Suleiman"},"content":{"rendered":"","protected":false},"excerpt":{"rendered":"<p>Cette collection inspirante de sublimes pri\u00e8res, de pr\u00e9cieuses sagesses, de joyaux spirituels et de conseils pratiques est le compagnon id\u00e9al pour tous ceux qui souhaitent se connecter \u00e0 All\u00e2h, s\u2019inspirer de la mani\u00e8re dont nos pieux pr\u00e9d\u00e9cesseurs communiquaient avec Lui et cultiver leur amour pour l\u2019Unique.<\/p>\n<p>Dans cet ouvrage, Omar Suleiman nous propose une s\u00e9lection de trente courtes invocations tir\u00e9es des enseignements du Proph\u00e8te Muhammad, de ses Compagnons et des premi\u00e8res g\u00e9n\u00e9rations de musulmans, chacune accompagn\u00e9e d\u2019un bref rappel visant \u00e0 approfondir l\u2019impact de ces\u00a0du\u2019\u00e2s\u00a0dans nos \u00e2mes et dans nos vies.<\/p>\n<p>Enfin, le livre s\u2019ach\u00e8ve\u00a0par un journal de pri\u00e8re pour les lecteurs souhaitant composer et formuler leurs propres invocations\u00a0sur le mod\u00e8le des meilleurs des hommes !<\/p>\n","protected":false},"featured_media":5611,"template":"","meta":[],"product_brand":[],"product_cat":[21,225,79],"product_tag":[],"class_list":{"0":"post-11851","1":"product","2":"type-product","3":"status-publish","4":"has-post-thumbnail","6":"product_cat-livre","7":"product_cat-ramadan","8":"product_cat-spiritualite","9":"description-off","11":"first","12":"instock","13":"shipping-taxable","14":"purchasable","15":"product-type-simple"},"jetpack_sharing_enabled":true,"_links":{"self":[{"href":"https:\/\/elouedshop.com\/index.php?rest_route=\/wp\/v2\/product\/11851","targetHints":{"allow":["GET"]}}],"collection":[{"href":"https:\/\/elouedshop.com\/index.php?rest_route=\/wp\/v2\/product"}],"about":[{"href":"https:\/\/elouedshop.com\/index.php?rest_route=\/wp\/v2\/types\/product"}],"wp:featuredmedia":[{"embeddable":true,"href":"https:\/\/elouedshop.com\/index.php?rest_route=\/wp\/v2\/media\/5611"}],"wp:attachment":[{"href":"https:\/\/elouedshop.com\/index.php?rest_route=%2Fwp%2Fv2%2Fmedia&parent=11851"}],"wp:term":[{"taxonomy":"product_brand","embeddable":true,"href":"https:\/\/elouedshop.com\/index.php?rest_route=%2Fwp%2Fv2%2Fproduct_brand&post=11851"},{"taxonomy":"product_cat","embeddable":true,"href":"https:\/\/elouedshop.com\/index.php?rest_route=%2Fwp%2Fv2%2Fproduct_cat&post=11851"},{"taxonomy":"product_tag","embeddable":true,"href":"https:\/\/elouedshop.com\/index.php?rest_route=%2Fwp%2Fv2%2Fproduct_tag&post=11851"}],"curies":[{"name":"wp","href":"https:\/\/api.w.org\/{rel}","templated":true}]}}