{"id":11769,"date":"2024-12-21T14:02:33","date_gmt":"2024-12-21T14:02:33","guid":{"rendered":"https:\/\/elouedshop.com\/?post_type=product&#038;p=11769"},"modified":"2024-12-21T14:04:36","modified_gmt":"2024-12-21T14:04:36","slug":"11769","status":"publish","type":"product","link":"https:\/\/elouedshop.com\/?product=11769","title":{"rendered":"Invoque Allah du matin au soir"},"content":{"rendered":"<p class=\"h6\">Fiche technique<\/p>\n<dl class=\"data-sheet\">\n<dt class=\"name\">Ann\u00e9e<\/dt>\n<dd class=\"value\">2024<\/dd>\n<dt class=\"name\">Couverture<\/dt>\n<dd class=\"value\">Rigide<\/dd>\n<dt class=\"name\">Dimensions<\/dt>\n<dd class=\"value\">17x17cm<\/dd>\n<dt class=\"name\">Nb. Pages<\/dt>\n<dd class=\"value\">28<\/dd>\n<\/dl>\n","protected":false},"excerpt":{"rendered":"<p>Une histoire captivante pour enfants qui les emm\u00e8ne dans une journ\u00e9e avec Adam et A\u00efcha rythm\u00e9e par des invocations. De leurs premiers pas au r\u00e9veil jusqu&rsquo;aux moments de partage en famille, chaque instant est une occasion d&rsquo;apprendre !<\/p>\n<p>\u00c0 travers des illustrations color\u00e9es et des mots simples, les petits lecteurs d\u00e9couvriront l&rsquo;importance des invocations dons la vie de tous les jours. Ce livre est une belle introduction aux invocations quotidiennes et indispensable dans la vie d&rsquo;un musulman.<\/p>\n","protected":false},"featured_media":11770,"template":"","meta":[],"product_brand":[],"product_cat":[216,181,24,45,75,21],"product_tag":[],"class_list":{"0":"post-11769","1":"product","2":"type-product","3":"status-publish","4":"has-post-thumbnail","6":"product_cat-adoration-ibadat","7":"product_cat-education-religieuse","8":"product_cat-enfants","9":"product_cat-invocations-et-rappel","10":"product_cat-invocations-et-rappels","11":"product_cat-livre","12":"description-off","14":"first","15":"instock","16":"shipping-taxable","17":"purchasable","18":"product-type-simple"},"jetpack_sharing_enabled":true,"_links":{"self":[{"href":"https:\/\/elouedshop.com\/index.php?rest_route=\/wp\/v2\/product\/11769","targetHints":{"allow":["GET"]}}],"collection":[{"href":"https:\/\/elouedshop.com\/index.php?rest_route=\/wp\/v2\/product"}],"about":[{"href":"https:\/\/elouedshop.com\/index.php?rest_route=\/wp\/v2\/types\/product"}],"wp:featuredmedia":[{"embeddable":true,"href":"https:\/\/elouedshop.com\/index.php?rest_route=\/wp\/v2\/media\/11770"}],"wp:attachment":[{"href":"https:\/\/elouedshop.com\/index.php?rest_route=%2Fwp%2Fv2%2Fmedia&parent=11769"}],"wp:term":[{"taxonomy":"product_brand","embeddable":true,"href":"https:\/\/elouedshop.com\/index.php?rest_route=%2Fwp%2Fv2%2Fproduct_brand&post=11769"},{"taxonomy":"product_cat","embeddable":true,"href":"https:\/\/elouedshop.com\/index.php?rest_route=%2Fwp%2Fv2%2Fproduct_cat&post=11769"},{"taxonomy":"product_tag","embeddable":true,"href":"https:\/\/elouedshop.com\/index.php?rest_route=%2Fwp%2Fv2%2Fproduct_tag&post=11769"}],"curies":[{"name":"wp","href":"https:\/\/api.w.org\/{rel}","templated":true}]}}