{"id":1146,"date":"2023-06-29T10:04:04","date_gmt":"2023-06-29T10:04:04","guid":{"rendered":"https:\/\/elouedshop.com\/?post_type=product&#038;p=1146"},"modified":"2023-10-08T20:19:15","modified_gmt":"2023-10-08T20:19:15","slug":"talbis-iblis-les-ruses-de-satan","status":"publish","type":"product","link":"https:\/\/elouedshop.com\/?product=talbis-iblis-les-ruses-de-satan","title":{"rendered":"Talbis Iblis &#8211; Les ruses de Satan"},"content":{"rendered":"<p><strong>Nouvelle traduction<\/strong><\/p>\n<p>Bien qu\u2019ils soient avertis, l\u2019ensemble des mortels, y compris certains croyants, tombent dans les pi\u00e8ges de Satan, parfois par m\u00e9garde, en raison de la subtilit\u00e9 de certaines de ses ruses, parfois par insouciance, et souvent par ignorance de la Loi religieuse, ce qui n\u2019a pas \u00e9chapp\u00e9 aux savants et aux protecteurs de la religion.<\/p>\n<p>Afin de prot\u00e9ger les croyants des ruses de Satan, l\u2019imam Ibn Al-Jawz\u00ee (qu\u2019Allah le couvre de Sa Mis\u00e9ricorde) s\u2019est efforc\u00e9 de passer en revue une grande partie des croyances, id\u00e9ologies, cr\u00e9dos, doctrines et courants religieux qui sont apparus depuis la cr\u00e9ation de l\u2019humanit\u00e9. Il a alors \u00e9labor\u00e9 ce livre, \u00abLes Ruses de Satan\u00bb (Talb\u00ees Ibl\u00ees), qui est d\u2019une valeur inestimable, pour mettre en \u00e9vidence l\u2019inimiti\u00e9 que porte Satan le damn\u00e9 envers l\u2019humain, ainsi que ses diff\u00e9rents artifices, stratag\u00e8mes et ruses qu\u2019il utilise contre l\u2019ensemble des communaut\u00e9s et sectes musulmanes, notamment les soufis, afin d\u2019embrouiller leur religion.<\/p>\n<p>L\u2019auteur a \u00e9voqu\u00e9 tous les aspects possibles de la mystification du Diable et surtout, il a clarifi\u00e9 la nature de chacun d\u2019eux et a donn\u00e9 le meilleur moyen pour y rem\u00e9dier en se r\u00e9f\u00e9rant au Livre et \u00e0 la Sunna et en se basant sur la raison et la critique constructive.<\/p>\n","protected":false},"excerpt":{"rendered":"<p>Nouvelle traduction Bien qu\u2019ils soient avertis, l\u2019ensemble des mortels, y compris certains croyants, tombent dans les pi\u00e8ges de Satan, parfois par m\u00e9garde, en raison de la subtilit\u00e9 de certaines de ses ruses, parfois par insouciance, et souvent par ignorance de la Loi religieuse, ce qui n\u2019a pas \u00e9chapp\u00e9 aux savants et aux protecteurs de la&hellip;<\/p>\n","protected":false},"featured_media":1147,"template":"","meta":[],"product_brand":[],"product_cat":[159,80,151,153,21,145],"product_tag":[],"class_list":{"0":"post-1146","1":"product","2":"type-product","3":"status-publish","4":"has-post-thumbnail","6":"product_cat-credo-doctrine","7":"product_cat-dogme","8":"product_cat-education-spiritualite","9":"product_cat-foi-coeur","10":"product_cat-livre","11":"product_cat-monde-invisible","12":"description-off","14":"first","15":"instock","16":"shipping-taxable","17":"purchasable","18":"product-type-simple"},"jetpack_sharing_enabled":true,"_links":{"self":[{"href":"https:\/\/elouedshop.com\/index.php?rest_route=\/wp\/v2\/product\/1146","targetHints":{"allow":["GET"]}}],"collection":[{"href":"https:\/\/elouedshop.com\/index.php?rest_route=\/wp\/v2\/product"}],"about":[{"href":"https:\/\/elouedshop.com\/index.php?rest_route=\/wp\/v2\/types\/product"}],"wp:featuredmedia":[{"embeddable":true,"href":"https:\/\/elouedshop.com\/index.php?rest_route=\/wp\/v2\/media\/1147"}],"wp:attachment":[{"href":"https:\/\/elouedshop.com\/index.php?rest_route=%2Fwp%2Fv2%2Fmedia&parent=1146"}],"wp:term":[{"taxonomy":"product_brand","embeddable":true,"href":"https:\/\/elouedshop.com\/index.php?rest_route=%2Fwp%2Fv2%2Fproduct_brand&post=1146"},{"taxonomy":"product_cat","embeddable":true,"href":"https:\/\/elouedshop.com\/index.php?rest_route=%2Fwp%2Fv2%2Fproduct_cat&post=1146"},{"taxonomy":"product_tag","embeddable":true,"href":"https:\/\/elouedshop.com\/index.php?rest_route=%2Fwp%2Fv2%2Fproduct_tag&post=1146"}],"curies":[{"name":"wp","href":"https:\/\/api.w.org\/{rel}","templated":true}]}}