{"id":11384,"date":"2024-10-08T21:32:56","date_gmt":"2024-10-08T21:32:56","guid":{"rendered":"https:\/\/elouedshop.com\/?post_type=product&#038;p=11384"},"modified":"2025-01-02T16:27:45","modified_gmt":"2025-01-02T16:27:45","slug":"le-jeu-des-7-familles-la-purification-2","status":"publish","type":"product","link":"https:\/\/elouedshop.com\/?product=le-jeu-des-7-familles-la-purification-2","title":{"rendered":"Le jeu des 7 familles : la purification"},"content":{"rendered":"<table class=\"ce-product-features\">\n<tbody>\n<tr class=\"ce-product-features__row\">\n<th class=\"ce-product-features__label\">Ann\u00e9e<\/th>\n<td class=\"ce-product-features__value\">2023<\/td>\n<\/tr>\n<tr class=\"ce-product-features__row\">\n<th class=\"ce-product-features__label\">Langue<\/th>\n<td class=\"ce-product-features__value\">fran\u00e7aise<\/td>\n<\/tr>\n<\/tbody>\n<\/table>\n","protected":false},"excerpt":{"rendered":"<p>Apprendre les r\u00e8gles de la purification en s\u2019amusant avec notre jeu de cartes des 7 familles ludique et enrichissant<\/p>\n<p>Quelles sont les r\u00e8gles de biens\u00e9ance lorsque l\u2019on fait ses besoins ? Quelles sont les obligations des ablutions ? Quels sont les annulatifs des ablutions ? Quelles sont les r\u00e8gles li\u00e9es au ghousl (grand lavage) et au tayyamoum (ablutions s\u00e8ches) ? Autant de questions auxquelles votre enfant trouvera des r\u00e9ponses dans ce jeu.<\/p>\n<p>Ce jeu est compos\u00e9 de 50 cartes maxi format 12cm*8cm<\/p>\n","protected":false},"featured_media":10434,"template":"","meta":[],"product_brand":[],"product_cat":[26],"product_tag":[],"class_list":{"0":"post-11384","1":"product","2":"type-product","3":"status-publish","4":"has-post-thumbnail","6":"product_cat-jouets-educatifs","7":"description-off","9":"first","10":"instock","11":"shipping-taxable","12":"purchasable","13":"product-type-simple"},"jetpack_sharing_enabled":true,"_links":{"self":[{"href":"https:\/\/elouedshop.com\/index.php?rest_route=\/wp\/v2\/product\/11384","targetHints":{"allow":["GET"]}}],"collection":[{"href":"https:\/\/elouedshop.com\/index.php?rest_route=\/wp\/v2\/product"}],"about":[{"href":"https:\/\/elouedshop.com\/index.php?rest_route=\/wp\/v2\/types\/product"}],"wp:featuredmedia":[{"embeddable":true,"href":"https:\/\/elouedshop.com\/index.php?rest_route=\/wp\/v2\/media\/10434"}],"wp:attachment":[{"href":"https:\/\/elouedshop.com\/index.php?rest_route=%2Fwp%2Fv2%2Fmedia&parent=11384"}],"wp:term":[{"taxonomy":"product_brand","embeddable":true,"href":"https:\/\/elouedshop.com\/index.php?rest_route=%2Fwp%2Fv2%2Fproduct_brand&post=11384"},{"taxonomy":"product_cat","embeddable":true,"href":"https:\/\/elouedshop.com\/index.php?rest_route=%2Fwp%2Fv2%2Fproduct_cat&post=11384"},{"taxonomy":"product_tag","embeddable":true,"href":"https:\/\/elouedshop.com\/index.php?rest_route=%2Fwp%2Fv2%2Fproduct_tag&post=11384"}],"curies":[{"name":"wp","href":"https:\/\/api.w.org\/{rel}","templated":true}]}}