{"id":10525,"date":"2024-03-21T16:46:22","date_gmt":"2024-03-21T16:46:22","guid":{"rendered":"https:\/\/elouedshop.com\/?post_type=product&#038;p=10525"},"modified":"2025-01-04T15:03:29","modified_gmt":"2025-01-04T15:03:29","slug":"le-jeu-des-7-familles-les-piliers-de-la-foi","status":"publish","type":"product","link":"https:\/\/elouedshop.com\/?product=le-jeu-des-7-familles-les-piliers-de-la-foi","title":{"rendered":"Le jeu des 7 familles : les piliers de la foi"},"content":{"rendered":"<table class=\"ce-product-features\">\n<tbody>\n<tr class=\"ce-product-features__row\">\n<th class=\"ce-product-features__label\">Ann\u00e9e<\/th>\n<td class=\"ce-product-features__value\">2023<\/td>\n<\/tr>\n<tr class=\"ce-product-features__row\">\n<th class=\"ce-product-features__label\">Langue<\/th>\n<td class=\"ce-product-features__value\">fran\u00e7aise<\/td>\n<\/tr>\n<\/tbody>\n<\/table>\n","protected":false},"excerpt":{"rendered":"<p>Apprendre et comprendre les piliers de la Foi en s\u2019amusant avec notre jeu de cartes des 7 familles ludique et enrichissant<\/p>\n<p>Quelles sont les 6 piliers de la Foi ? Qu signifie croire en Allah ? Qui sont les principaux Anges ainsi que leurs fonctions ? Quels sont les Livres r\u00e9v\u00e9l\u00e9s cit\u00e9s dans le Coran ? Quelles sont les principales \u00e9tapes du Jour Dernier ? Que signifie et qu\u2019est ce qu\u2019implique de croire au Destin ?<\/p>\n<p>Autant de questions auxquelles votre enfant trouvera des r\u00e9ponses dans ce jeu.<\/p>\n<p>Ce jeu est compos\u00e9 de 50 cartes maxi format 12cm*8cm<\/p>\n","protected":false},"featured_media":10431,"template":"","meta":[],"product_brand":[],"product_cat":[26],"product_tag":[],"class_list":{"0":"post-10525","1":"product","2":"type-product","3":"status-publish","4":"has-post-thumbnail","6":"product_cat-jouets-educatifs","7":"description-off","9":"first","10":"outofstock","11":"shipping-taxable","12":"purchasable","13":"product-type-simple"},"jetpack_sharing_enabled":true,"_links":{"self":[{"href":"https:\/\/elouedshop.com\/index.php?rest_route=\/wp\/v2\/product\/10525","targetHints":{"allow":["GET"]}}],"collection":[{"href":"https:\/\/elouedshop.com\/index.php?rest_route=\/wp\/v2\/product"}],"about":[{"href":"https:\/\/elouedshop.com\/index.php?rest_route=\/wp\/v2\/types\/product"}],"wp:featuredmedia":[{"embeddable":true,"href":"https:\/\/elouedshop.com\/index.php?rest_route=\/wp\/v2\/media\/10431"}],"wp:attachment":[{"href":"https:\/\/elouedshop.com\/index.php?rest_route=%2Fwp%2Fv2%2Fmedia&parent=10525"}],"wp:term":[{"taxonomy":"product_brand","embeddable":true,"href":"https:\/\/elouedshop.com\/index.php?rest_route=%2Fwp%2Fv2%2Fproduct_brand&post=10525"},{"taxonomy":"product_cat","embeddable":true,"href":"https:\/\/elouedshop.com\/index.php?rest_route=%2Fwp%2Fv2%2Fproduct_cat&post=10525"},{"taxonomy":"product_tag","embeddable":true,"href":"https:\/\/elouedshop.com\/index.php?rest_route=%2Fwp%2Fv2%2Fproduct_tag&post=10525"}],"curies":[{"name":"wp","href":"https:\/\/api.w.org\/{rel}","templated":true}]}}