{"id":10234,"date":"2024-03-07T17:38:23","date_gmt":"2024-03-07T17:38:23","guid":{"rendered":"https:\/\/elouedshop.com\/?post_type=product&#038;p=10234"},"modified":"2025-01-10T12:03:51","modified_gmt":"2025-01-10T12:03:51","slug":"les-50-premiers-mots-arabes-francais-arabe-phonetique","status":"publish","type":"product","link":"https:\/\/elouedshop.com\/?product=les-50-premiers-mots-arabes-francais-arabe-phonetique","title":{"rendered":"Les 50 premiers mots arabes (fran\u00e7ais\/arabe\/phon\u00e9tique)"},"content":{"rendered":"<table border=\"0\" width=\"100%\" cellspacing=\"0\" cellpadding=\"0\">\n<tbody>\n<tr>\n<td align=\"left\"><span style=\"font-family: Verdana, Arial;font-size: small\"><b>Type de produit :<\/b>\u00a0Jeu \/ jouet<br \/>\n<\/span><\/td>\n<\/tr>\n<tr>\n<td align=\"left\"><span style=\"font-family: Verdana, Arial;font-size: small\"><b>Mod\u00e8le &#8211; Format :<\/b>\u00a019 x 13 x 3 cm<br \/>\n<\/span><\/td>\n<\/tr>\n<tr>\n<td align=\"left\"><span style=\"font-family: Verdana, Arial;font-size: small\"><b>Editeur :<\/b>\u00a0Orientica\u00a0&#8211;\u00a0Goodword<br \/>\n<\/span><\/td>\n<\/tr>\n<tr>\n<td align=\"left\"><span style=\"font-family: Verdana, Arial;font-size: small\"><b>Langue :<\/b>\u00a0arabe &#8211; fran\u00e7ais &#8211; phon\u00e9tique<br \/>\n<\/span><\/td>\n<\/tr>\n<tr>\n<td align=\"left\"><span style=\"font-family: Verdana, Arial;font-size: small\"><b>EAN :<\/b>\u00a09789351791645 \/ 978-93-5179-164-5<\/span><\/td>\n<\/tr>\n<\/tbody>\n<\/table>\n","protected":false},"excerpt":{"rendered":"<p class=\"cvGsUA direction-ltr align-center para-style-body\"><span class=\"OYPEnA text-decoration-none text-strikethrough-none\">D\u00e9couvrez l&#8217;arabe en vous amusant !<\/span><\/p>\n<p class=\"cvGsUA direction-ltr align-center para-style-body\"><span class=\"OYPEnA text-decoration-none text-strikethrough-none\">50 mots \u00e0 apprendre, 10 jeux \u00e9ducatifs, une bo\u00eete pleine de surprises ! Gr\u00e2ce \u00e0 ses 50 cartes color\u00e9es et g\u00e9antes de 17 x 11 cm, vous pourrez apprendre les bases de cette belle langue. Et pour pimenter le tout, le mode d&#8217;emploi en fran\u00e7ais vous d\u00e9taille 10 fa\u00e7ons de jouer. M\u00eame les petits d\u00e8s 3 ans pourront s&#8217;amuser !<\/span><\/p>\n","protected":false},"featured_media":8338,"template":"","meta":[],"product_brand":[],"product_cat":[26],"product_tag":[],"class_list":{"0":"post-10234","1":"product","2":"type-product","3":"status-publish","4":"has-post-thumbnail","6":"product_cat-jouets-educatifs","7":"description-off","9":"first","10":"outofstock","11":"shipping-taxable","12":"purchasable","13":"product-type-simple"},"jetpack_sharing_enabled":true,"_links":{"self":[{"href":"https:\/\/elouedshop.com\/index.php?rest_route=\/wp\/v2\/product\/10234","targetHints":{"allow":["GET"]}}],"collection":[{"href":"https:\/\/elouedshop.com\/index.php?rest_route=\/wp\/v2\/product"}],"about":[{"href":"https:\/\/elouedshop.com\/index.php?rest_route=\/wp\/v2\/types\/product"}],"wp:featuredmedia":[{"embeddable":true,"href":"https:\/\/elouedshop.com\/index.php?rest_route=\/wp\/v2\/media\/8338"}],"wp:attachment":[{"href":"https:\/\/elouedshop.com\/index.php?rest_route=%2Fwp%2Fv2%2Fmedia&parent=10234"}],"wp:term":[{"taxonomy":"product_brand","embeddable":true,"href":"https:\/\/elouedshop.com\/index.php?rest_route=%2Fwp%2Fv2%2Fproduct_brand&post=10234"},{"taxonomy":"product_cat","embeddable":true,"href":"https:\/\/elouedshop.com\/index.php?rest_route=%2Fwp%2Fv2%2Fproduct_cat&post=10234"},{"taxonomy":"product_tag","embeddable":true,"href":"https:\/\/elouedshop.com\/index.php?rest_route=%2Fwp%2Fv2%2Fproduct_tag&post=10234"}],"curies":[{"name":"wp","href":"https:\/\/api.w.org\/{rel}","templated":true}]}}