{"id":14,"date":"2023-06-16T13:01:55","date_gmt":"2023-06-16T13:01:55","guid":{"rendered":"https:\/\/elouedshop.com\/?page_id=14"},"modified":"2023-06-16T13:10:13","modified_gmt":"2023-06-16T13:10:13","slug":"remboursements_retours","status":"publish","type":"page","link":"https:\/\/elouedshop.com\/?page_id=14","title":{"rendered":"Conditions g\u00e9n\u00e9rales de vente"},"content":{"rendered":"\t\t<div data-elementor-type=\"wp-page\" data-elementor-id=\"14\" class=\"elementor elementor-14\" data-elementor-post-type=\"page\">\n\t\t\t\t\t\t<section class=\"elementor-section elementor-top-section elementor-element elementor-element-2445861 elementor-section-full_width elementor-section-stretched elementor-section-height-default elementor-section-height-default\" data-id=\"2445861\" data-element_type=\"section\" data-e-type=\"section\" data-settings=\"{&quot;stretch_section&quot;:&quot;section-stretched&quot;,&quot;background_background&quot;:&quot;classic&quot;}\">\n\t\t\t\t\t\t<div class=\"elementor-container elementor-column-gap-no\">\n\t\t\t\t\t<div class=\"elementor-column elementor-col-100 elementor-top-column elementor-element elementor-element-5b37e60\" data-id=\"5b37e60\" data-element_type=\"column\" data-e-type=\"column\">\n\t\t\t<div class=\"elementor-widget-wrap elementor-element-populated\">\n\t\t\t\t\t\t<div class=\"elementor-element elementor-element-82ce1f0 animated-slow elementor-invisible elementor-widget elementor-widget-text-editor\" data-id=\"82ce1f0\" data-element_type=\"widget\" data-e-type=\"widget\" data-settings=\"{&quot;_animation&quot;:&quot;fadeIn&quot;}\" data-widget_type=\"text-editor.default\">\n\t\t\t\t<div class=\"elementor-widget-container\">\n\t\t\t\t\t\t\t\t\t<p><\/p><h2 class=\"wp-block-heading\">Conditions G\u00e9n\u00e9rales de Vente<\/h2><p><\/p>\t\t\t\t\t\t\t\t<\/div>\n\t\t\t\t<\/div>\n\t\t\t\t\t<\/div>\n\t\t<\/div>\n\t\t\t\t\t<\/div>\n\t\t<\/section>\n\t\t\t\t<section class=\"elementor-section elementor-top-section elementor-element elementor-element-ac40d2a elementor-section-boxed elementor-section-height-default elementor-section-height-default\" data-id=\"ac40d2a\" data-element_type=\"section\" data-e-type=\"section\" data-settings=\"{&quot;background_background&quot;:&quot;classic&quot;}\">\n\t\t\t\t\t\t<div class=\"elementor-container elementor-column-gap-default\">\n\t\t\t\t\t<div class=\"elementor-column elementor-col-100 elementor-top-column elementor-element elementor-element-f3fac5f\" data-id=\"f3fac5f\" data-element_type=\"column\" data-e-type=\"column\">\n\t\t\t<div class=\"elementor-widget-wrap elementor-element-populated\">\n\t\t\t\t\t\t<div class=\"elementor-element elementor-element-6cd6059 animated-slow elementor-invisible elementor-widget elementor-widget-text-editor\" data-id=\"6cd6059\" data-element_type=\"widget\" data-e-type=\"widget\" data-settings=\"{&quot;_animation&quot;:&quot;fadeIn&quot;}\" data-widget_type=\"text-editor.default\">\n\t\t\t\t<div class=\"elementor-widget-container\">\n\t\t\t\t\t\t\t\t\t<p><strong>Les pr\u00e9sentes Conditions G\u00e9n\u00e9rales de Vente s\u2019appliquent, sans restriction ni r\u00e9serve \u00e0 l\u2019ensemble des ventes conclues par Eloued shop aupr\u00e8s de clients, d\u00e9sirant acqu\u00e9rir les produits propos\u00e9s \u00e0 la vente par Eloued shop sur le site Internet www.elouedshop.com<\/strong><\/p><p><strong>GENERALITES<\/strong><\/p><p>Ces Conditions G\u00e9n\u00e9rales de Vente s\u2019appliquent quand vous client passez une commande aupr\u00e8s de <strong>ELOUED Shop<\/strong>\u00a0sur\u00a0<strong style=\"color: var( --e-global-color-astglobalcolor0 );\">www.elouedshop.com<\/strong><\/p><p>En acceptant ces Conditions G\u00e9n\u00e9rales de Vente, vous confirmez \u00e9galement que vous avez bien lu les informations concernant les donn\u00e9es personnelles et les cookies et que vous approuvez l\u2019utilisation de ces donn\u00e9es conform\u00e9ment \u00e0 la politique de confidentialit\u00e9.<\/p><p>Nous vendons des produits dans diff\u00e9rents pays, aussi ces Conditions G\u00e9n\u00e9rales de Vente sont pr\u00e9vues pour s\u2019appliquer dans le monde entier. Il est toutefois possible que des lois suppl\u00e9mentaires s\u2019appliquent selon le pays o\u00f9 vous vivez. Nous respectons ces lois applicables, et aucune disposition de ces Conditions G\u00e9n\u00e9rales de Vente ne saurait \u00eatre per\u00e7ue comme une limitation de vos droits, si les lois concern\u00e9es vous offrent des droits plus importants que ceux indiqu\u00e9s dans les conditions pr\u00e9sent\u00e9es ici.<\/p><p><strong>COMMANDES<\/strong><\/p><p>Lorsque vous recevez une confirmation de commande de notre part, cela signifie que votre commande a \u00e9t\u00e9 accept\u00e9e et qu\u2019un contrat d\u2019achat a \u00e9t\u00e9 r\u00e9alis\u00e9. Nous vous recommandons de conserver la confirmation de commande pour tout contact \u00e0 venir avec nous. Nous pouvons rejeter une commande pour diverses raisons, par exemple si vous fournissez des donn\u00e9es personnelles incorrectes ou si vous avez un passif de non-paiement de dettes.<\/p><p>Nous pouvons annuler une commande en cas de rupture de stock concernant les produits command\u00e9s. Nous remboursons alors tout montant pay\u00e9 et vous informons de l\u2019existence de produits \u00e9quivalents si ces derniers sont disponibles.<\/p><p>Les produits command\u00e9s demeurent notre propri\u00e9t\u00e9 jusqu\u2019\u00e0 ce que nous ayons re\u00e7u le paiement complet correspondant \u00e0 leur vente.<\/p><p><strong>INFORMATIONS CLIENTS<\/strong><\/p><p>Vous \u00eates responsable de l\u2019exactitude des donn\u00e9es personnelles que vous nous fournissez.<\/p><p><strong>TARIFICATIONS<\/strong><\/p><p>Les prix indiqu\u00e9s sur le site Web s\u2019appliquent aux commandes pass\u00e9es sur le site Web. Tous les prix sont exprim\u00e9s dans la devise indiqu\u00e9e sur le site Web et incluent la TVA lorsque cela est pr\u00e9cis\u00e9 (n\u00e9anmoins, selon votre pays de r\u00e9sidence, la TVA peut ne pas s\u2019appliquer \u00e0 votre achat). Sauf indication contraire sur le site Web, les prix ne comprennent pas les frais de paiement ou d\u2019envoi, qui sont indiqu\u00e9s s\u00e9par\u00e9ment. Notez \u00e9galement que des frais locaux (comme les frais de conversion de devises, les frais de cartes de paiement ou de cr\u00e9dit, les taxes de vente, les droits de douane, etc.) peuvent s\u2019appliquer, en fonction des r\u00e9glementations locales de votre pays de r\u00e9sidence. Ces frais sont \u00e0 votre charge et ne feront pas l\u2019objet d\u2019un remboursement de notre part.<\/p><p><strong>OFFRES SPECIALES<\/strong><\/p><p>Nous sommes susceptibles d\u2019offrir ponctuellement, pour des produits sp\u00e9cifiques, des conditions plus favorables que celles indiqu\u00e9es par les Conditions G\u00e9n\u00e9rales de Vente, par exemple, pour ce qui concerne le droit de r\u00e9tractation ou les retours gratuits. Ces conditions plus favorables sont valides uniquement pour un temps limit\u00e9, jusqu\u2019\u00e0 la rupture de stock des produits concern\u00e9s, et peuvent \u00eatre annul\u00e9es \u00e0 tout moment. En cas de r\u00e9tractation, les Conditions G\u00e9n\u00e9rales de Vente s\u2019appliqueront \u00e0 nouveau dans leur int\u00e9gralit\u00e9.<\/p><p><strong>ENVOIS ET LIVRAISONS<\/strong><\/p><p>Les produits en stock sont g\u00e9n\u00e9ralement fournis dans les d\u00e9lais indiqu\u00e9s sur le site Web.\u00a0Le d\u00e9lai de livraison estim\u00e9 d\u2019une commande est indiqu\u00e9 dans la confirmation de commande.<\/p><p>En cas de non r\u00e9clamation du colis dans le d\u00e9lai imparti (d\u00e9p\u00f4t chez un commer\u00e7ant, bureau de poste \u2026.) ou dans le cas d\u2019une erreur sur l\u2019adresse de livraison indiqu\u00e9e par le client : <strong>ELOUED Shop<\/strong>\u00a0se r\u00e9serve le droit de facturer \u00e0 son client la r\u00e9exp\u00e9dition du colis.\u00a0<\/p><p><strong>ELOUED Shop<\/strong> n\u2019est pas tenue responsable des retards , des pertes ou des vols de colis commis par la Poste, Mondial Relay ou Chronopost.\u00a0<\/p><p><strong>RETOURS<\/strong><\/p><p>Nous n&rsquo;acceptons pas les retours ni les remboursements.\u00a0<\/p><p><strong>DROITS DE PROPRIET\u00c9S INTELLECTUELLE<\/strong><\/p><p>Le site Web et son contenu nous appartiennent ou appartiennent \u00e0 nos donneurs de licences et sont prot\u00e9g\u00e9s par les lois relatives \u00e0 la propri\u00e9t\u00e9 intellectuelle et au marketing. Cela signifie que les marques, les noms d\u2019entreprises, les noms de produits, les images et les graphismes, la conception du site, sa mise en page et les informations sur les produits, services et d\u2019autres contenus ne doivent pas \u00eatre copi\u00e9s ou utilis\u00e9s sans notre autorisation \u00e9crite pr\u00e9alable.<\/p>\t\t\t\t\t\t\t\t<\/div>\n\t\t\t\t<\/div>\n\t\t\t\t\t<\/div>\n\t\t<\/div>\n\t\t\t\t\t<\/div>\n\t\t<\/section>\n\t\t\t\t<section class=\"elementor-section elementor-top-section elementor-element elementor-element-3c4d588 elementor-section-boxed elementor-section-height-default elementor-section-height-default\" data-id=\"3c4d588\" data-element_type=\"section\" data-e-type=\"section\">\n\t\t\t\t\t\t<div class=\"elementor-container elementor-column-gap-default\">\n\t\t\t\t\t<div class=\"elementor-column elementor-col-100 elementor-top-column elementor-element elementor-element-4341ca0\" data-id=\"4341ca0\" data-element_type=\"column\" data-e-type=\"column\">\n\t\t\t<div class=\"elementor-widget-wrap elementor-element-populated\">\n\t\t\t\t\t\t<div class=\"elementor-element elementor-element-3cbd650 elementor-align-center elementor-widget elementor-widget-button\" data-id=\"3cbd650\" data-element_type=\"widget\" data-e-type=\"widget\" data-widget_type=\"button.default\">\n\t\t\t\t<div class=\"elementor-widget-container\">\n\t\t\t\t\t\t\t\t\t<div class=\"elementor-button-wrapper\">\n\t\t\t\t\t<a class=\"elementor-button elementor-button-link elementor-size-sm elementor-animation-pulse-grow\" href=\"http:\/\/www.elouedshop.com\">\n\t\t\t\t\t\t<span class=\"elementor-button-content-wrapper\">\n\t\t\t\t\t\t\t\t\t<span class=\"elementor-button-text\">Retour \u00e0 l'accueil<\/span>\n\t\t\t\t\t<\/span>\n\t\t\t\t\t<\/a>\n\t\t\t\t<\/div>\n\t\t\t\t\t\t\t\t<\/div>\n\t\t\t\t<\/div>\n\t\t\t\t\t<\/div>\n\t\t<\/div>\n\t\t\t\t\t<\/div>\n\t\t<\/section>\n\t\t\t\t<\/div>\n\t\t","protected":false},"excerpt":{"rendered":"<p>Conditions G\u00e9n\u00e9rales de Vente Les pr\u00e9sentes Conditions G\u00e9n\u00e9rales de Vente s\u2019appliquent, sans restriction ni r\u00e9serve \u00e0 l\u2019ensemble des ventes conclues par Eloued shop aupr\u00e8s de clients, d\u00e9sirant acqu\u00e9rir les produits propos\u00e9s \u00e0 la vente par Eloued shop sur le site Internet www.elouedshop.com GENERALITES Ces Conditions G\u00e9n\u00e9rales de Vente s\u2019appliquent quand vous client passez une commande&hellip;<\/p>\n","protected":false},"author":1,"featured_media":0,"parent":0,"menu_order":0,"comment_status":"closed","ping_status":"closed","template":"","meta":{"footnotes":""},"class_list":["post-14","page","type-page","status-publish","hentry"],"jetpack_sharing_enabled":true,"_links":{"self":[{"href":"https:\/\/elouedshop.com\/index.php?rest_route=\/wp\/v2\/pages\/14","targetHints":{"allow":["GET"]}}],"collection":[{"href":"https:\/\/elouedshop.com\/index.php?rest_route=\/wp\/v2\/pages"}],"about":[{"href":"https:\/\/elouedshop.com\/index.php?rest_route=\/wp\/v2\/types\/page"}],"author":[{"embeddable":true,"href":"https:\/\/elouedshop.com\/index.php?rest_route=\/wp\/v2\/users\/1"}],"replies":[{"embeddable":true,"href":"https:\/\/elouedshop.com\/index.php?rest_route=%2Fwp%2Fv2%2Fcomments&post=14"}],"version-history":[{"count":7,"href":"https:\/\/elouedshop.com\/index.php?rest_route=\/wp\/v2\/pages\/14\/revisions"}],"predecessor-version":[{"id":163,"href":"https:\/\/elouedshop.com\/index.php?rest_route=\/wp\/v2\/pages\/14\/revisions\/163"}],"wp:attachment":[{"href":"https:\/\/elouedshop.com\/index.php?rest_route=%2Fwp%2Fv2%2Fmedia&parent=14"}],"curies":[{"name":"wp","href":"https:\/\/api.w.org\/{rel}","templated":true}]}}